{"id":40747,"date":"2026-09-06T10:55:38","date_gmt":"2026-09-06T10:55:38","guid":{"rendered":"https:\/\/contemporary-arts.de\/?post_type=galerie&#038;p=40747"},"modified":"2026-09-06T12:34:27","modified_gmt":"2026-09-06T12:34:27","slug":"galerie-schlichtenmaier-2","status":"publish","type":"galerie","link":"https:\/\/contemporary-arts.de\/index.php\/galerie\/galerie-schlichtenmaier-2\/","title":{"rendered":"Galerie Schlichtenmaier"},"content":{"rendered":"<p>Die Galerie Galerie Schlichtenmaier sitzt in Stuttgart. Zum Programm geh\u00f6ren 9 K\u00fcnstlerinnen und K\u00fcnstler.<\/p>\n","protected":false},"excerpt":{"rendered":"<p>Die Galerie Galerie Schlichtenmaier sitzt in Stuttgart. Zum Programm geh\u00f6ren 9 K\u00fcnstlerinnen und K\u00fcnstler.<\/p>\n","protected":false},"author":1,"featured_media":0,"template":"","meta":{"_acf_changed":false,"galerie_place_id":"ChIJoxXo0DXbmUcRG05T_aK0wao","galerie_address":"Kleiner Schlo\u00dfplatz 11","galerie_city":"Stuttgart","galerie_zip":"70173","galerie_country":"DE","galerie_latitude":"48.7784143","galerie_longitude":"9.1766864","galerie_phone":"+497111204151","galerie_url":"https:\/\/www.schlichtenmaier.de\/","galerie_domain":"www.schlichtenmaier.de","galerie_rating_value":"4.4","galerie_rating_count":"12","galerie_galerist":"","galerie_gruendung":"","galerie_artists_url":"https:\/\/www.schlichtenmaier.de\/kuenstler","galerie_about_url":"https:\/\/www.schlichtenmaier.de\/galerie","galerie_quelle_stadt":"Stuttgart","galerie_werk_typ":"","galerie_online_shop":"","galerie_werk_signale":"","galerie_ranking_score":"0","galerie_ranking_rang":"7776","galerie_claimed_by":""},"kuenstler":[11414,31379,31375,31378,31377,31376,9767],"galerie_stadt":[199],"galerie_typ":[],"galerie_land":[49],"class_list":["post-40747","galerie","type-galerie","status-publish","hentry","kuenstler-eckart-hahn","kuenstler-kunst-der-moderne","kuenstler-kuenstler-kunst-der-moderne","kuenstler-schloss-daetzingen","kuenstler-schoene-gruesse","kuenstler-visionaere-der-moderne","kuenstler-zeitgenoessische-kunst","galerie_stadt-stuttgart","galerie_land-de"],"acf":[],"_links":{"self":[{"href":"https:\/\/contemporary-arts.de\/index.php\/wp-json\/wp\/v2\/galerie\/40747","targetHints":{"allow":["GET"]}}],"collection":[{"href":"https:\/\/contemporary-arts.de\/index.php\/wp-json\/wp\/v2\/galerie"}],"about":[{"href":"https:\/\/contemporary-arts.de\/index.php\/wp-json\/wp\/v2\/types\/galerie"}],"author":[{"embeddable":true,"href":"https:\/\/contemporary-arts.de\/index.php\/wp-json\/wp\/v2\/users\/1"}],"wp:attachment":[{"href":"https:\/\/contemporary-arts.de\/index.php\/wp-json\/wp\/v2\/media?parent=40747"}],"wp:term":[{"taxonomy":"kuenstler","embeddable":true,"href":"https:\/\/contemporary-arts.de\/index.php\/wp-json\/wp\/v2\/kuenstler?post=40747"},{"taxonomy":"galerie_stadt","embeddable":true,"href":"https:\/\/contemporary-arts.de\/index.php\/wp-json\/wp\/v2\/galerie_stadt?post=40747"},{"taxonomy":"galerie_typ","embeddable":true,"href":"https:\/\/contemporary-arts.de\/index.php\/wp-json\/wp\/v2\/galerie_typ?post=40747"},{"taxonomy":"galerie_land","embeddable":true,"href":"https:\/\/contemporary-arts.de\/index.php\/wp-json\/wp\/v2\/galerie_land?post=40747"}],"curies":[{"name":"wp","href":"https:\/\/api.w.org\/{rel}","templated":true}]}}

<p>Die Galerie Galerie Schlichtenmaier sitzt in Stuttgart. Zum Programm gehören 9 Künstlerinnen und Künstler.</p>

Kleiner Schloßplatz 11
