{"id":40727,"date":"2026-09-06T10:55:40","date_gmt":"2026-09-06T10:55:40","guid":{"rendered":"https:\/\/contemporary-arts.de\/?post_type=galerie&#038;p=40727"},"modified":"2026-09-06T12:35:11","modified_gmt":"2026-09-06T12:35:11","slug":"galerie-die-treppe","status":"publish","type":"galerie","link":"https:\/\/contemporary-arts.de\/index.php\/galerie\/galerie-die-treppe\/","title":{"rendered":"Galerie &#8222;Die Treppe&#8220;"},"content":{"rendered":"<p>Die Galerie Galerie &#8222;Die Treppe&#8220; sitzt in N\u00fcrtingen. Das Programm umfasst 16 Positionen.<\/p>\n","protected":false},"excerpt":{"rendered":"<p>Die Galerie Galerie &#8222;Die Treppe&#8220; sitzt in N\u00fcrtingen. Das Programm umfasst 16 Positionen.<\/p>\n","protected":false},"author":1,"featured_media":0,"template":"","meta":{"_acf_changed":false,"galerie_place_id":"ChIJPaFt6giVmUcRBJhavilcVA8","galerie_address":"Breit\u00e4ckerstra\u00dfe 6","galerie_city":"N\u00fcrtingen","galerie_zip":"72622","galerie_country":"DE","galerie_latitude":"48.6298382","galerie_longitude":"9.3860759","galerie_phone":"+49702231277","galerie_url":"https:\/\/www.galeriedietreppe.com\/","galerie_domain":"www.galeriedietreppe.com","galerie_rating_value":"4.7","galerie_rating_count":"3","galerie_galerist":"","galerie_gruendung":"","galerie_artists_url":"https:\/\/www.galeriedietreppe.com\/knstler","galerie_about_url":"https:\/\/www.galeriedietreppe.com\/die-galerie","galerie_quelle_stadt":"Stuttgart","galerie_werk_typ":"","galerie_online_shop":"","galerie_werk_signale":"","galerie_ranking_score":"0","galerie_ranking_rang":"7808","galerie_claimed_by":""},"kuenstler":[31736,9162,14851,8033,31733,31732,10881,31735,2466,3519,31734,15771,1612,16651,1497,3130],"galerie_stadt":[205],"galerie_typ":[],"galerie_land":[49],"class_list":["post-40727","galerie","type-galerie","status-publish","hentry","kuenstler-amletto-dalla-costa","kuenstler-armin-mueller-stahl","kuenstler-bruno-bruni","kuenstler-die-galerie","kuenstler-die-galeristin","kuenstler-die-treppe","kuenstler-friedensreich-hundertwasser","kuenstler-guenter-necker","kuenstler-hap-grieshaber","kuenstler-james-rizzi","kuenstler-juan-miro","kuenstler-leslie-g-hunt","kuenstler-marc-chagall","kuenstler-max-ackermann","kuenstler-pablo-picasso","kuenstler-salvador-dali","galerie_stadt-nuertingen","galerie_land-de"],"acf":[],"_links":{"self":[{"href":"https:\/\/contemporary-arts.de\/index.php\/wp-json\/wp\/v2\/galerie\/40727","targetHints":{"allow":["GET"]}}],"collection":[{"href":"https:\/\/contemporary-arts.de\/index.php\/wp-json\/wp\/v2\/galerie"}],"about":[{"href":"https:\/\/contemporary-arts.de\/index.php\/wp-json\/wp\/v2\/types\/galerie"}],"author":[{"embeddable":true,"href":"https:\/\/contemporary-arts.de\/index.php\/wp-json\/wp\/v2\/users\/1"}],"wp:attachment":[{"href":"https:\/\/contemporary-arts.de\/index.php\/wp-json\/wp\/v2\/media?parent=40727"}],"wp:term":[{"taxonomy":"kuenstler","embeddable":true,"href":"https:\/\/contemporary-arts.de\/index.php\/wp-json\/wp\/v2\/kuenstler?post=40727"},{"taxonomy":"galerie_stadt","embeddable":true,"href":"https:\/\/contemporary-arts.de\/index.php\/wp-json\/wp\/v2\/galerie_stadt?post=40727"},{"taxonomy":"galerie_typ","embeddable":true,"href":"https:\/\/contemporary-arts.de\/index.php\/wp-json\/wp\/v2\/galerie_typ?post=40727"},{"taxonomy":"galerie_land","embeddable":true,"href":"https:\/\/contemporary-arts.de\/index.php\/wp-json\/wp\/v2\/galerie_land?post=40727"}],"curies":[{"name":"wp","href":"https:\/\/api.w.org\/{rel}","templated":true}]}}

<p>Die Galerie Galerie &#8222;Die Treppe&#8220; sitzt in Nürtingen. Das Programm umfasst 16 Positionen.</p>

Breitäckerstraße 6

Nürtingen
