{"id":40696,"date":"2026-09-06T10:55:42","date_gmt":"2026-09-06T10:55:42","guid":{"rendered":"https:\/\/contemporary-arts.de\/?post_type=galerie&#038;p=40696"},"modified":"2026-09-06T12:35:16","modified_gmt":"2026-09-06T12:35:16","slug":"jacky-strenz","status":"publish","type":"galerie","link":"https:\/\/contemporary-arts.de\/index.php\/galerie\/jacky-strenz\/","title":{"rendered":"Jacky Strenz"},"content":{"rendered":"<p>Jacky Strenz arbeitet als Galerie in Frankfurt am Main. Zum Programm geh\u00f6ren 11 K\u00fcnstlerinnen und K\u00fcnstler. Neben Messebeteiligungen bleibt der Schwerpunkt bei j\u00fcngeren Positionen, die noch nicht am Markt etabliert sind.<\/p>\n","protected":false},"excerpt":{"rendered":"<p>Jacky Strenz arbeitet als Galerie in Frankfurt am Main. Zum Programm geh\u00f6ren 11 K\u00fcnstlerinnen und K\u00fcnstler. Neben Messebeteiligungen bleibt der Schwerpunkt bei j\u00fcngeren Positionen, die noch nicht am Markt etabliert sind.<\/p>\n","protected":false},"author":1,"featured_media":0,"template":"","meta":{"_acf_changed":false,"galerie_place_id":"ChIJYZmMRqEOvUcRQ9LMUiCKxXs","galerie_address":"Kurt-Schumacher-Stra\u00dfe 2","galerie_city":"Frankfurt am Main","galerie_zip":"60311","galerie_country":"DE","galerie_latitude":"50.1102073","galerie_longitude":"8.6881849","galerie_phone":"+496921999870","galerie_url":"http:\/\/jackystrenz.com\/","galerie_domain":"jackystrenz.com","galerie_rating_value":"5","galerie_rating_count":"3","galerie_galerist":"","galerie_gruendung":"","galerie_artists_url":"https:\/\/jackystrenz.com\/artists\/","galerie_about_url":"https:\/\/jackystrenz.com\/contact\/","galerie_quelle_stadt":"Frankfurt am Main","galerie_werk_typ":"","galerie_online_shop":"","galerie_werk_signale":"","galerie_ranking_score":"0","galerie_ranking_rang":"7864","galerie_claimed_by":""},"kuenstler":[31988,31987,31986,31990,31985,31983,31984,31989,31982,21593,28810],"galerie_stadt":[156],"galerie_typ":[],"galerie_land":[49],"class_list":["post-40696","galerie","type-galerie","status-publish","hentry","kuenstler-alexandra-tretter","kuenstler-arne-schmitt","kuenstler-emanuel-seitz","kuenstler-lea-von-wintzingerode","kuenstler-lin-may-saeed","kuenstler-lynne-cohen","kuenstler-markus-ebner","kuenstler-martina-vacheva","kuenstler-max-brand","kuenstler-raimer-jochims","kuenstler-sebastian-dacey","galerie_stadt-frankfurt-am-main","galerie_land-de"],"acf":[],"_links":{"self":[{"href":"https:\/\/contemporary-arts.de\/index.php\/wp-json\/wp\/v2\/galerie\/40696","targetHints":{"allow":["GET"]}}],"collection":[{"href":"https:\/\/contemporary-arts.de\/index.php\/wp-json\/wp\/v2\/galerie"}],"about":[{"href":"https:\/\/contemporary-arts.de\/index.php\/wp-json\/wp\/v2\/types\/galerie"}],"author":[{"embeddable":true,"href":"https:\/\/contemporary-arts.de\/index.php\/wp-json\/wp\/v2\/users\/1"}],"wp:attachment":[{"href":"https:\/\/contemporary-arts.de\/index.php\/wp-json\/wp\/v2\/media?parent=40696"}],"wp:term":[{"taxonomy":"kuenstler","embeddable":true,"href":"https:\/\/contemporary-arts.de\/index.php\/wp-json\/wp\/v2\/kuenstler?post=40696"},{"taxonomy":"galerie_stadt","embeddable":true,"href":"https:\/\/contemporary-arts.de\/index.php\/wp-json\/wp\/v2\/galerie_stadt?post=40696"},{"taxonomy":"galerie_typ","embeddable":true,"href":"https:\/\/contemporary-arts.de\/index.php\/wp-json\/wp\/v2\/galerie_typ?post=40696"},{"taxonomy":"galerie_land","embeddable":true,"href":"https:\/\/contemporary-arts.de\/index.php\/wp-json\/wp\/v2\/galerie_land?post=40696"}],"curies":[{"name":"wp","href":"https:\/\/api.w.org\/{rel}","templated":true}]}}

<p>Jacky Strenz arbeitet als Galerie in Frankfurt am Main. Zum Programm gehören 11 Künstlerinnen und Künstler. Neben Messebeteiligungen bleibt der Schwerpunkt bei jüngeren Positionen, die noch nicht am Markt etabliert sind.</p>

Kurt-Schumacher-Straße 2
