{"id":40667,"date":"2026-09-06T10:55:41","date_gmt":"2026-09-06T10:55:41","guid":{"rendered":"https:\/\/contemporary-arts.de\/?post_type=galerie&#038;p=40667"},"modified":"2026-09-06T12:32:54","modified_gmt":"2026-09-06T12:32:54","slug":"fotografie-forum-frankfurt","status":"publish","type":"galerie","link":"https:\/\/contemporary-arts.de\/index.php\/galerie\/fotografie-forum-frankfurt\/","title":{"rendered":"Fotografie Forum Frankfurt"},"content":{"rendered":"<p>In Frankfurt am Main zeigt Fotografie Forum Frankfurt \u00fcberwiegend Fotografie. Zum Programm geh\u00f6ren 12 K\u00fcnstlerinnen und K\u00fcnstler.<\/p>\n","protected":false},"excerpt":{"rendered":"<p>In Frankfurt am Main zeigt Fotografie Forum Frankfurt \u00fcberwiegend Fotografie. Zum Programm geh\u00f6ren 12 K\u00fcnstlerinnen und K\u00fcnstler.<\/p>\n","protected":false},"author":1,"featured_media":0,"template":"","meta":{"_acf_changed":false,"galerie_place_id":"ChIJiT8-lKYOvUcRpetyP53rfWE","galerie_address":"Braubachstra\u00dfe 30\u201332","galerie_city":"Frankfurt am Main","galerie_zip":"60311","galerie_country":"DE","galerie_latitude":"50.1111903","galerie_longitude":"8.6825141","galerie_phone":"+4969291726","galerie_url":"https:\/\/www.fffrankfurt.org\/","galerie_domain":"www.fffrankfurt.org","galerie_rating_value":"4.5","galerie_rating_count":"186","galerie_galerist":"","galerie_gruendung":"","galerie_artists_url":"https:\/\/www.fffrankfurt.org\/programm\/","galerie_about_url":"https:\/\/www.fffrankfurt.org\/ueber_uns\/","galerie_quelle_stadt":"Frankfurt am Main","galerie_werk_typ":"","galerie_online_shop":"","galerie_werk_signale":"","galerie_ranking_score":"0","galerie_ranking_rang":"7835","galerie_claimed_by":""},"kuenstler":[31939,31940,31943,31944,31942,31946,31947,31945,31938,31941,1413,18270],"galerie_stadt":[156],"galerie_typ":[],"galerie_land":[49],"class_list":["post-40667","galerie","type-galerie","status-publish","hentry","kuenstler-e-mail-an-fff","kuenstler-fff-akademie","kuenstler-fff-auf-facebook-folgen","kuenstler-fff-auf-instagram-folgen","kuenstler-fff-junior","kuenstler-fff-mitglied-werden","kuenstler-fff-unterstuetzen","kuenstler-fff-youtube-channel","kuenstler-fuer-besucher","kuenstler-photograhphy-players","kuenstler-ueber-uns","kuenstler-zum-kalender","galerie_stadt-frankfurt-am-main","galerie_land-de"],"acf":[],"_links":{"self":[{"href":"https:\/\/contemporary-arts.de\/index.php\/wp-json\/wp\/v2\/galerie\/40667","targetHints":{"allow":["GET"]}}],"collection":[{"href":"https:\/\/contemporary-arts.de\/index.php\/wp-json\/wp\/v2\/galerie"}],"about":[{"href":"https:\/\/contemporary-arts.de\/index.php\/wp-json\/wp\/v2\/types\/galerie"}],"author":[{"embeddable":true,"href":"https:\/\/contemporary-arts.de\/index.php\/wp-json\/wp\/v2\/users\/1"}],"wp:attachment":[{"href":"https:\/\/contemporary-arts.de\/index.php\/wp-json\/wp\/v2\/media?parent=40667"}],"wp:term":[{"taxonomy":"kuenstler","embeddable":true,"href":"https:\/\/contemporary-arts.de\/index.php\/wp-json\/wp\/v2\/kuenstler?post=40667"},{"taxonomy":"galerie_stadt","embeddable":true,"href":"https:\/\/contemporary-arts.de\/index.php\/wp-json\/wp\/v2\/galerie_stadt?post=40667"},{"taxonomy":"galerie_typ","embeddable":true,"href":"https:\/\/contemporary-arts.de\/index.php\/wp-json\/wp\/v2\/galerie_typ?post=40667"},{"taxonomy":"galerie_land","embeddable":true,"href":"https:\/\/contemporary-arts.de\/index.php\/wp-json\/wp\/v2\/galerie_land?post=40667"}],"curies":[{"name":"wp","href":"https:\/\/api.w.org\/{rel}","templated":true}]}}

<p>In Frankfurt am Main zeigt Fotografie Forum Frankfurt überwiegend Fotografie. Zum Programm gehören 12 Künstlerinnen und Künstler.</p>

Braubachstraße 30–32
