{"id":40635,"date":"2026-09-06T10:55:44","date_gmt":"2026-09-06T10:55:44","guid":{"rendered":"https:\/\/contemporary-arts.de\/?post_type=galerie&#038;p=40635"},"modified":"2026-09-06T12:37:07","modified_gmt":"2026-09-06T12:37:07","slug":"galerie-maurer","status":"publish","type":"galerie","link":"https:\/\/contemporary-arts.de\/index.php\/galerie\/galerie-maurer\/","title":{"rendered":"Galerie Maurer"},"content":{"rendered":"<p>In Frankfurt am Main zeigt Galerie Maurer \u00fcberwiegend Malerei, Fotografie und Zeichnung. Zum Programm geh\u00f6ren 36 K\u00fcnstlerinnen und K\u00fcnstler.<\/p>\n","protected":false},"excerpt":{"rendered":"<p>In Frankfurt am Main zeigt Galerie Maurer \u00fcberwiegend Malerei, Fotografie und Zeichnung. Zum Programm geh\u00f6ren 36 K\u00fcnstlerinnen und K\u00fcnstler.<\/p>\n","protected":false},"author":1,"featured_media":0,"template":"","meta":{"_acf_changed":false,"galerie_place_id":"ChIJmQKNTKEOvUcRgsTF_L86Gk8","galerie_address":"Fahrgasse 5","galerie_city":"Frankfurt am Main","galerie_zip":"60311","galerie_country":"DE","galerie_latitude":"50.1100711","galerie_longitude":"8.6872212","galerie_phone":"+496990025640","galerie_url":"https:\/\/www.galerie-maurer.com\/","galerie_domain":"www.galerie-maurer.com","galerie_rating_value":"4.8","galerie_rating_count":"8","galerie_galerist":"","galerie_gruendung":"","galerie_artists_url":"https:\/\/www.galerie-maurer.com\/tatiana-urban-und-dr-ruth-fuehner-im-kuenstlergespraech\/","galerie_about_url":"https:\/\/www.galerie-maurer.com\/galerie\/","galerie_quelle_stadt":"Frankfurt am Main","galerie_werk_typ":"","galerie_online_shop":"","galerie_werk_signale":"","galerie_ranking_score":"0","galerie_ranking_rang":"7923","galerie_claimed_by":""},"kuenstler":[32053,22869,32054,8699,25440,21505,21500,29780,19786,32045,32046,32057,32043,32049,15634,32055,16477,32042,24766,18053,9139,23090,15453,14433,32051,32044,25674,32052,9508,19841,32050,32047,32048,32056,31879,20409],"galerie_stadt":[156],"galerie_typ":[],"galerie_land":[49],"class_list":["post-40635","galerie","type-galerie","status-publish","hentry","kuenstler-ae-hee-lee","kuenstler-aja-von-loeper","kuenstler-alexander-lis","kuenstler-alexandra-deutsch","kuenstler-alke-reeh","kuenstler-andreas-kocks","kuenstler-angela-glajcar","kuenstler-birgitta-weimer","kuenstler-carolin-israel","kuenstler-charlotte-mcgowan-griffin","kuenstler-christian-roesner","kuenstler-die-virtuelle-galerie-maurer","kuenstler-dorthe-goeden","kuenstler-e-m-c-collard","kuenstler-hannelore-weitbrecht","kuenstler-irene-maria-messing","kuenstler-jan-davidoff","kuenstler-jeongmoon-choi","kuenstler-joanna-jesse","kuenstler-joseph-stephan-wurmer","kuenstler-justine-otto","kuenstler-malgosia-jankowska","kuenstler-marina-sailer","kuenstler-neueste-beitraege","kuenstler-nicola-hanke","kuenstler-olrik-kohlhoff","kuenstler-philipp-hennevogl","kuenstler-sabine-jacobs","kuenstler-sigrid-von-lintig","kuenstler-silke-schoener","kuenstler-simone-distler","kuenstler-tatiana-urban","kuenstler-tilmann-zahn","kuenstler-translucent-scenery","kuenstler-verena-freyschmidt","kuenstler-zipora-rafaelov","galerie_stadt-frankfurt-am-main","galerie_land-de"],"acf":[],"_links":{"self":[{"href":"https:\/\/contemporary-arts.de\/index.php\/wp-json\/wp\/v2\/galerie\/40635","targetHints":{"allow":["GET"]}}],"collection":[{"href":"https:\/\/contemporary-arts.de\/index.php\/wp-json\/wp\/v2\/galerie"}],"about":[{"href":"https:\/\/contemporary-arts.de\/index.php\/wp-json\/wp\/v2\/types\/galerie"}],"author":[{"embeddable":true,"href":"https:\/\/contemporary-arts.de\/index.php\/wp-json\/wp\/v2\/users\/1"}],"wp:attachment":[{"href":"https:\/\/contemporary-arts.de\/index.php\/wp-json\/wp\/v2\/media?parent=40635"}],"wp:term":[{"taxonomy":"kuenstler","embeddable":true,"href":"https:\/\/contemporary-arts.de\/index.php\/wp-json\/wp\/v2\/kuenstler?post=40635"},{"taxonomy":"galerie_stadt","embeddable":true,"href":"https:\/\/contemporary-arts.de\/index.php\/wp-json\/wp\/v2\/galerie_stadt?post=40635"},{"taxonomy":"galerie_typ","embeddable":true,"href":"https:\/\/contemporary-arts.de\/index.php\/wp-json\/wp\/v2\/galerie_typ?post=40635"},{"taxonomy":"galerie_land","embeddable":true,"href":"https:\/\/contemporary-arts.de\/index.php\/wp-json\/wp\/v2\/galerie_land?post=40635"}],"curies":[{"name":"wp","href":"https:\/\/api.w.org\/{rel}","templated":true}]}}

<p>In Frankfurt am Main zeigt Galerie Maurer überwiegend Malerei, Fotografie und Zeichnung. Zum Programm gehören 36 Künstlerinnen und Künstler.</p>
