{"id":40523,"date":"2026-09-06T10:55:56","date_gmt":"2026-09-06T10:55:56","guid":{"rendered":"https:\/\/contemporary-arts.de\/?post_type=galerie&#038;p=40523"},"modified":"2026-09-06T12:34:05","modified_gmt":"2026-09-06T12:34:05","slug":"art-group-kunst-und-rahmen","status":"publish","type":"galerie","link":"https:\/\/contemporary-arts.de\/index.php\/galerie\/art-group-kunst-und-rahmen\/","title":{"rendered":"ART GROUP Kunst und Rahmen"},"content":{"rendered":"<p>In Frankfurt am Main zeigt ART GROUP Kunst und Rahmen \u00fcberwiegend Malerei und Skulptur. Zum Programm geh\u00f6ren 33 K\u00fcnstlerinnen und K\u00fcnstler.<\/p>\n","protected":false},"excerpt":{"rendered":"<p>In Frankfurt am Main zeigt ART GROUP Kunst und Rahmen \u00fcberwiegend Malerei und Skulptur. Zum Programm geh\u00f6ren 33 K\u00fcnstlerinnen und K\u00fcnstler.<\/p>\n","protected":false},"author":1,"featured_media":0,"template":"","meta":{"_acf_changed":false,"galerie_place_id":"ChIJo0_nFZYOvUcRAM9KVLIuYuM","galerie_address":"Sandweg 50","galerie_city":"Frankfurt am Main","galerie_zip":"60316","galerie_country":"DE","galerie_latitude":"50.1191997","galerie_longitude":"8.6981591","galerie_phone":"+4969439107","galerie_url":"http:\/\/artgroup-frankfurt.com\/","galerie_domain":"artgroup-frankfurt.com","galerie_rating_value":"4.3","galerie_rating_count":"29","galerie_galerist":"","galerie_gruendung":"","galerie_artists_url":"https:\/\/artgroup-frankfurt.com\/kunstler\/","galerie_about_url":"","galerie_quelle_stadt":"Frankfurt am Main","galerie_werk_typ":"","galerie_online_shop":"","galerie_werk_signale":"","galerie_ranking_score":"0","galerie_ranking_rang":"8043","galerie_claimed_by":""},"kuenstler":[32632,32644,32651,32654,32638,32642,32634,32656,32636,32643,9164,32657,14478,32633,32635,32652,32646,32655,32645,32639,32236,16614,18414,32650,14987,31504,32637,32640,32647,32649,32648,32653,32641],"galerie_stadt":[156],"galerie_typ":[],"galerie_land":[49],"class_list":["post-40523","galerie","type-galerie","status-publish","hentry","kuenstler-adolf-aleksejev","kuenstler-alexander-rukawischnikov","kuenstler-alexander-taratynov","kuenstler-andre-weber","kuenstler-andrej-dmitriewski","kuenstler-andrej-medwedew","kuenstler-arkadie-bagdasrjan","kuenstler-bilderrahmen-aus-unserer-werkstatt","kuenstler-dario-bartzsch","kuenstler-dmitry-nayda","kuenstler-elvira-bach","kuenstler-ewa-pietrzak","kuenstler-frank-kunert","kuenstler-gerhard-amelang","kuenstler-irina-balandina","kuenstler-j-tjalkes","kuenstler-joanna-rutkowska","kuenstler-joerg-winter","kuenstler-julian-rukawischnikov","kuenstler-ludmila-karaeva","kuenstler-max-weinberg","kuenstler-michele-di-sarno","kuenstler-moritz-goetze","kuenstler-nadezda-streltsova","kuenstler-paul-wunderlich","kuenstler-per-e-mail","kuenstler-peter-diem","kuenstler-peter-keil","kuenstler-ruediger-schlack","kuenstler-s-sponnheimer","kuenstler-swetlana-shumilina","kuenstler-vassily-vlassow","kuenstler-verena-lettmayer","galerie_stadt-frankfurt-am-main","galerie_land-de"],"acf":[],"_links":{"self":[{"href":"https:\/\/contemporary-arts.de\/index.php\/wp-json\/wp\/v2\/galerie\/40523","targetHints":{"allow":["GET"]}}],"collection":[{"href":"https:\/\/contemporary-arts.de\/index.php\/wp-json\/wp\/v2\/galerie"}],"about":[{"href":"https:\/\/contemporary-arts.de\/index.php\/wp-json\/wp\/v2\/types\/galerie"}],"author":[{"embeddable":true,"href":"https:\/\/contemporary-arts.de\/index.php\/wp-json\/wp\/v2\/users\/1"}],"wp:attachment":[{"href":"https:\/\/contemporary-arts.de\/index.php\/wp-json\/wp\/v2\/media?parent=40523"}],"wp:term":[{"taxonomy":"kuenstler","embeddable":true,"href":"https:\/\/contemporary-arts.de\/index.php\/wp-json\/wp\/v2\/kuenstler?post=40523"},{"taxonomy":"galerie_stadt","embeddable":true,"href":"https:\/\/contemporary-arts.de\/index.php\/wp-json\/wp\/v2\/galerie_stadt?post=40523"},{"taxonomy":"galerie_typ","embeddable":true,"href":"https:\/\/contemporary-arts.de\/index.php\/wp-json\/wp\/v2\/galerie_typ?post=40523"},{"taxonomy":"galerie_land","embeddable":true,"href":"https:\/\/contemporary-arts.de\/index.php\/wp-json\/wp\/v2\/galerie_land?post=40523"}],"curies":[{"name":"wp","href":"https:\/\/api.w.org\/{rel}","templated":true}]}}

<p>In Frankfurt am Main zeigt ART GROUP Kunst und Rahmen überwiegend Malerei und Skulptur. Zum Programm gehören 33 Künstlerinnen und Künstler.</p>
