{"id":40507,"date":"2026-09-06T10:55:55","date_gmt":"2026-09-06T10:55:55","guid":{"rendered":"https:\/\/contemporary-arts.de\/?post_type=galerie&#038;p=40507"},"modified":"2026-09-06T12:37:30","modified_gmt":"2026-09-06T12:37:30","slug":"bode-galerie-popup","status":"publish","type":"galerie","link":"https:\/\/contemporary-arts.de\/index.php\/galerie\/bode-galerie-popup\/","title":{"rendered":"Bode Galerie PopUp"},"content":{"rendered":"<p>In Frankfurt am Main zeigt Bode Galerie PopUp \u00fcberwiegend Editionen. Zum Programm geh\u00f6ren 76 K\u00fcnstlerinnen und K\u00fcnstler.<\/p>\n","protected":false},"excerpt":{"rendered":"<p>In Frankfurt am Main zeigt Bode Galerie PopUp \u00fcberwiegend Editionen. Zum Programm geh\u00f6ren 76 K\u00fcnstlerinnen und K\u00fcnstler.<\/p>\n","protected":false},"author":1,"featured_media":0,"template":"","meta":{"_acf_changed":false,"galerie_place_id":"ChIJu7WPUFsPvUcRML4hsAxk6tk","galerie_address":"Kaiserstra\u00dfe 30","galerie_city":"Frankfurt am Main","galerie_zip":"60311","galerie_country":"DE","galerie_latitude":"50.1100747","galerie_longitude":"8.6732901","galerie_phone":"+496971169200","galerie_url":"https:\/\/bode-galerie.de\/","galerie_domain":"bode-galerie.de","galerie_rating_value":"4.7","galerie_rating_count":"3","galerie_galerist":"","galerie_gruendung":"","galerie_artists_url":"https:\/\/bode-galerie.de\/artists\/","galerie_about_url":"","galerie_quelle_stadt":"Frankfurt am Main","galerie_werk_typ":"","galerie_online_shop":"","galerie_werk_signale":"","galerie_ranking_score":"0","galerie_ranking_rang":"8027","galerie_claimed_by":""},"kuenstler":[20449,32694,32709,16163,23208,13689,32713,32715,16124,32699,7822,5489,13670,32692,9164,32707,10199,4928,32717,32691,5172,3982,17935,17849,9495,2770,21140,1730,32696,32706,19881,7447,32712,32698,32702,25096,8914,1612,6206,32704,32708,16651,4918,1658,32716,32710,7821,15843,17337,32703,5602,32695,15445,13671,30332,14737,32700,32697,32705,20396,19651,32718,5608,3498,19377,32714,22725,17827,8187,21047,2054,32711,16164,32693,21924,32701],"galerie_stadt":[156],"galerie_typ":[],"galerie_land":[49],"class_list":["post-40507","galerie","type-galerie","status-publish","hentry","kuenstler-adolf-hoelzel","kuenstler-alain-clement","kuenstler-benjamin-katz","kuenstler-bernd-schwarting","kuenstler-bernd-schwarzer","kuenstler-bernd-zimmer","kuenstler-bona-koo","kuenstler-caspar-walter-rauh","kuenstler-christiane-erdmann","kuenstler-cony-theis","kuenstler-dienste-verwalten","kuenstler-dieter-roth","kuenstler-dietrich-klinge","kuenstler-donata-benker","kuenstler-elvira-bach","kuenstler-emmi-heckel","kuenstler-erich-heckel","kuenstler-ernst-ludwig-kirchner","kuenstler-ernst-weil","kuenstler-fineart-service","kuenstler-frantisek-drtikol","kuenstler-georg-baselitz","kuenstler-gisela-hoffmann","kuenstler-harry-meyer","kuenstler-helge-leiberg","kuenstler-henri-matisse","kuenstler-herbert-maier","kuenstler-herbert-mehler","kuenstler-hoon-kwak","kuenstler-hyeon-uk-cha","kuenstler-ida-kerkovius","kuenstler-imi-knoebel","kuenstler-ja-hyun-koo","kuenstler-jochen-pankrath","kuenstler-jong-taek-woo","kuenstler-karl-hagedorn","kuenstler-klaus-fussmann","kuenstler-marc-chagall","kuenstler-markus-luepertz","kuenstler-martin-assig","kuenstler-masami-hirohata","kuenstler-max-ackermann","kuenstler-max-beckmann","kuenstler-mel-ramos","kuenstler-michael-vogt","kuenstler-mun-ho-kim","kuenstler-optionen-verwalten","kuenstler-ottmar-hoerl","kuenstler-otto-dix","kuenstler-peter-angermann","kuenstler-peter-hermann","kuenstler-philipp-emanuel-eyrich","kuenstler-ralf-klement","kuenstler-richard-lindner","kuenstler-robert-lebeck","kuenstler-roland-schauls","kuenstler-rubica-von-streng","kuenstler-silke-mathe","kuenstler-simone-bresele","kuenstler-sonja-edle-von-hoessle","kuenstler-stefan-szczesny","kuenstler-su-ji-yoon","kuenstler-thomas-bayrle","kuenstler-thomas-struth","kuenstler-tillmann-damrau","kuenstler-tilmann-krieg","kuenstler-udo-kaller","kuenstler-ulrich-brauchle","kuenstler-vertrag-widerrufen","kuenstler-voreinstellungen-anzeigen","kuenstler-weitere-kuenstler","kuenstler-werner-knaupp","kuenstler-willi-siber","kuenstler-wolfgang-g-buehler","kuenstler-wolfgang-zelmer","kuenstler-wulf-winckelmann","galerie_stadt-frankfurt-am-main","galerie_land-de"],"acf":[],"_links":{"self":[{"href":"https:\/\/contemporary-arts.de\/index.php\/wp-json\/wp\/v2\/galerie\/40507","targetHints":{"allow":["GET"]}}],"collection":[{"href":"https:\/\/contemporary-arts.de\/index.php\/wp-json\/wp\/v2\/galerie"}],"about":[{"href":"https:\/\/contemporary-arts.de\/index.php\/wp-json\/wp\/v2\/types\/galerie"}],"author":[{"embeddable":true,"href":"https:\/\/contemporary-arts.de\/index.php\/wp-json\/wp\/v2\/users\/1"}],"wp:attachment":[{"href":"https:\/\/contemporary-arts.de\/index.php\/wp-json\/wp\/v2\/media?parent=40507"}],"wp:term":[{"taxonomy":"kuenstler","embeddable":true,"href":"https:\/\/contemporary-arts.de\/index.php\/wp-json\/wp\/v2\/kuenstler?post=40507"},{"taxonomy":"galerie_stadt","embeddable":true,"href":"https:\/\/contemporary-arts.de\/index.php\/wp-json\/wp\/v2\/galerie_stadt?post=40507"},{"taxonomy":"galerie_typ","embeddable":true,"href":"https:\/\/contemporary-arts.de\/index.php\/wp-json\/wp\/v2\/galerie_typ?post=40507"},{"taxonomy":"galerie_land","embeddable":true,"href":"https:\/\/contemporary-arts.de\/index.php\/wp-json\/wp\/v2\/galerie_land?post=40507"}],"curies":[{"name":"wp","href":"https:\/\/api.w.org\/{rel}","templated":true}]}}

<p>In Frankfurt am Main zeigt Bode Galerie PopUp überwiegend Editionen. Zum Programm gehören 76 Künstlerinnen und Künstler.</p>

Kaiserstraße 30
