{"id":40490,"date":"2026-09-06T10:55:54","date_gmt":"2026-09-06T10:55:54","guid":{"rendered":"https:\/\/contemporary-arts.de\/?post_type=galerie&#038;p=40490"},"modified":"2026-09-06T12:36:01","modified_gmt":"2026-09-06T12:36:01","slug":"kunstraum-dreieich","status":"publish","type":"galerie","link":"https:\/\/contemporary-arts.de\/index.php\/galerie\/kunstraum-dreieich\/","title":{"rendered":"Kunstraum-Dreieich"},"content":{"rendered":"<p>Kunstraum-Dreieich ist eine Galerie in Dreieich. Zum Programm geh\u00f6ren 14 K\u00fcnstlerinnen und K\u00fcnstler.<\/p>\n","protected":false},"excerpt":{"rendered":"<p>Kunstraum-Dreieich ist eine Galerie in Dreieich. Zum Programm geh\u00f6ren 14 K\u00fcnstlerinnen und K\u00fcnstler.<\/p>\n","protected":false},"author":1,"featured_media":0,"template":"","meta":{"_acf_changed":false,"galerie_place_id":"ChIJF3rQ0d5yvUcRc87Dk8PGe9I","galerie_address":"Robert-Bosch-Stra\u00dfe 18","galerie_city":"Dreieich","galerie_zip":"63303","galerie_country":"DE","galerie_latitude":"50.0335044","galerie_longitude":"8.7010845","galerie_phone":"+491719883330","galerie_url":"http:\/\/www.kunstraum-dreieich.de\/","galerie_domain":"www.kunstraum-dreieich.de","galerie_rating_value":"5","galerie_rating_count":"1","galerie_galerist":"","galerie_gruendung":"","galerie_artists_url":"https:\/\/www.kunstraum-dreieich.de\/art-for-sale-artist\/","galerie_about_url":"https:\/\/www.kunstraum-dreieich.de\/\u00fcber-uns\/","galerie_quelle_stadt":"Frankfurt am Main","galerie_werk_typ":"","galerie_online_shop":"","galerie_werk_signale":"","galerie_ranking_score":"0","galerie_ranking_rang":"8010","galerie_claimed_by":""},"kuenstler":[4008,32792,4016,31392,32660,1909,2395,6206,32793,31394,9774,6377,3987,1413],"galerie_stadt":[171],"galerie_typ":[],"galerie_land":[49],"class_list":["post-40490","galerie","type-galerie","status-publish","hentry","kuenstler-a-r-penck","kuenstler-anna-goschin","kuenstler-bernar-venet","kuenstler-eric-decastro","kuenstler-frank-freytag","kuenstler-guenther-uecker","kuenstler-hier-finden-sie-uns","kuenstler-markus-luepertz","kuenstler-rozalia-janus","kuenstler-sador-weinsclucker","kuenstler-seite-bearbeiten","kuenstler-stephan-balkenhol","kuenstler-tony-cragg","kuenstler-ueber-uns","galerie_stadt-dreieich","galerie_land-de"],"acf":[],"_links":{"self":[{"href":"https:\/\/contemporary-arts.de\/index.php\/wp-json\/wp\/v2\/galerie\/40490","targetHints":{"allow":["GET"]}}],"collection":[{"href":"https:\/\/contemporary-arts.de\/index.php\/wp-json\/wp\/v2\/galerie"}],"about":[{"href":"https:\/\/contemporary-arts.de\/index.php\/wp-json\/wp\/v2\/types\/galerie"}],"author":[{"embeddable":true,"href":"https:\/\/contemporary-arts.de\/index.php\/wp-json\/wp\/v2\/users\/1"}],"wp:attachment":[{"href":"https:\/\/contemporary-arts.de\/index.php\/wp-json\/wp\/v2\/media?parent=40490"}],"wp:term":[{"taxonomy":"kuenstler","embeddable":true,"href":"https:\/\/contemporary-arts.de\/index.php\/wp-json\/wp\/v2\/kuenstler?post=40490"},{"taxonomy":"galerie_stadt","embeddable":true,"href":"https:\/\/contemporary-arts.de\/index.php\/wp-json\/wp\/v2\/galerie_stadt?post=40490"},{"taxonomy":"galerie_typ","embeddable":true,"href":"https:\/\/contemporary-arts.de\/index.php\/wp-json\/wp\/v2\/galerie_typ?post=40490"},{"taxonomy":"galerie_land","embeddable":true,"href":"https:\/\/contemporary-arts.de\/index.php\/wp-json\/wp\/v2\/galerie_land?post=40490"}],"curies":[{"name":"wp","href":"https:\/\/api.w.org\/{rel}","templated":true}]}}

<p>Kunstraum-Dreieich ist eine Galerie in Dreieich. Zum Programm gehören 14 Künstlerinnen und Künstler.</p>

Robert-Bosch-Straße 18

https://www.kunstraum-dreieich.de/über-uns/
