{"id":40473,"date":"2026-09-06T10:55:57","date_gmt":"2026-09-06T10:55:57","guid":{"rendered":"https:\/\/contemporary-arts.de\/?post_type=galerie&#038;p=40473"},"modified":"2026-09-06T12:34:59","modified_gmt":"2026-09-06T12:34:59","slug":"galerie-peter-sillem","status":"publish","type":"galerie","link":"https:\/\/contemporary-arts.de\/index.php\/galerie\/galerie-peter-sillem\/","title":{"rendered":"Galerie Peter Sillem"},"content":{"rendered":"<p>Der Schwerpunkt von Galerie Peter Sillem in Frankfurt am Main liegt auf Fotografie. Zum Programm geh\u00f6ren 17 K\u00fcnstlerinnen und K\u00fcnstler. Neben dem Programm vor Ort ist das Haus auf Kunstmessen vertreten.<\/p>\n","protected":false},"excerpt":{"rendered":"<p>Der Schwerpunkt von Galerie Peter Sillem in Frankfurt am Main liegt auf Fotografie. Zum Programm geh\u00f6ren 17 K\u00fcnstlerinnen und K\u00fcnstler. Neben dem Programm vor Ort ist das Haus auf Kunstmessen vertreten.<\/p>\n","protected":false},"author":1,"featured_media":0,"template":"","meta":{"_acf_changed":false,"galerie_place_id":"ChIJkXCfGaAOvUcR_hxInwxexME","galerie_address":"Dreieichstra\u00dfe 2","galerie_city":"","galerie_zip":"60594","galerie_country":"DE","galerie_latitude":"50.1064724","galerie_longitude":"8.692152","galerie_phone":"+496961995550","galerie_url":"http:\/\/www.galerie-peter-sillem.com\/de\/kontakt-impressum","galerie_domain":"www.galerie-peter-sillem.com","galerie_rating_value":"5","galerie_rating_count":"5","galerie_galerist":"","galerie_gruendung":"","galerie_artists_url":"http:\/\/www.galerie-peter-sillem.com\/de\/artists","galerie_about_url":"http:\/\/www.galerie-peter-sillem.com\/de\/galerie","galerie_quelle_stadt":"Frankfurt am Main","galerie_werk_typ":"","galerie_online_shop":"","galerie_werk_signale":"","galerie_ranking_score":"0","galerie_ranking_rang":"8107","galerie_claimed_by":""},"kuenstler":[32823,32835,32828,32836,32826,32830,10663,32832,32829,32834,32827,32824,32831,32837,32833,15052,32825],"galerie_stadt":[156],"galerie_typ":[],"galerie_land":[49],"class_list":["post-40473","galerie","type-galerie","status-publish","hentry","kuenstler-alia-ali","kuenstler-anastasia-samoylova","kuenstler-barbara-klemm","kuenstler-christoph-sillem","kuenstler-denis-dailleux","kuenstler-frank-maedler","kuenstler-jitka-hanzlova","kuenstler-laura-j-padgett","kuenstler-liu-xia","kuenstler-malte-saenger","kuenstler-melanie-issaka","kuenstler-peter-bialobrzeski","kuenstler-peter-nadas","kuenstler-robert-voit","kuenstler-satijn-panyigay","kuenstler-walter-schels","kuenstler-wolf-boewig","galerie_stadt-frankfurt-am-main","galerie_land-de"],"acf":[],"_links":{"self":[{"href":"https:\/\/contemporary-arts.de\/index.php\/wp-json\/wp\/v2\/galerie\/40473","targetHints":{"allow":["GET"]}}],"collection":[{"href":"https:\/\/contemporary-arts.de\/index.php\/wp-json\/wp\/v2\/galerie"}],"about":[{"href":"https:\/\/contemporary-arts.de\/index.php\/wp-json\/wp\/v2\/types\/galerie"}],"author":[{"embeddable":true,"href":"https:\/\/contemporary-arts.de\/index.php\/wp-json\/wp\/v2\/users\/1"}],"wp:attachment":[{"href":"https:\/\/contemporary-arts.de\/index.php\/wp-json\/wp\/v2\/media?parent=40473"}],"wp:term":[{"taxonomy":"kuenstler","embeddable":true,"href":"https:\/\/contemporary-arts.de\/index.php\/wp-json\/wp\/v2\/kuenstler?post=40473"},{"taxonomy":"galerie_stadt","embeddable":true,"href":"https:\/\/contemporary-arts.de\/index.php\/wp-json\/wp\/v2\/galerie_stadt?post=40473"},{"taxonomy":"galerie_typ","embeddable":true,"href":"https:\/\/contemporary-arts.de\/index.php\/wp-json\/wp\/v2\/galerie_typ?post=40473"},{"taxonomy":"galerie_land","embeddable":true,"href":"https:\/\/contemporary-arts.de\/index.php\/wp-json\/wp\/v2\/galerie_land?post=40473"}],"curies":[{"name":"wp","href":"https:\/\/api.w.org\/{rel}","templated":true}]}}

<p>Der Schwerpunkt von Galerie Peter Sillem in Frankfurt am Main liegt auf Fotografie. Zum Programm gehören 17 Künstlerinnen und Künstler. Neben dem Programm vor Ort ist das Haus auf Kunstmessen vertreten.</p>

Dreieichstraße 2
