{"id":40467,"date":"2026-09-06T10:55:57","date_gmt":"2026-09-06T10:55:57","guid":{"rendered":"https:\/\/contemporary-arts.de\/?post_type=galerie&#038;p=40467"},"modified":"2026-09-06T12:34:23","modified_gmt":"2026-09-06T12:34:23","slug":"sveta-art-gallery","status":"publish","type":"galerie","link":"https:\/\/contemporary-arts.de\/index.php\/galerie\/sveta-art-gallery\/","title":{"rendered":"Sveta Art Gallery"},"content":{"rendered":"<p>In Frankfurt am Main zeigt Sveta Art Gallery \u00fcberwiegend Malerei, Fotografie und Installation. Vertreten werden 6 K\u00fcnstlerinnen und K\u00fcnstler.<\/p>\n","protected":false},"excerpt":{"rendered":"<p>In Frankfurt am Main zeigt Sveta Art Gallery \u00fcberwiegend Malerei, Fotografie und Installation. Vertreten werden 6 K\u00fcnstlerinnen und K\u00fcnstler.<\/p>\n","protected":false},"author":1,"featured_media":0,"template":"","meta":{"_acf_changed":false,"galerie_place_id":"ChIJ74Dgl2IOvUcR2uJyayZlBb4","galerie_address":"Hanauer Landstra\u00dfe 192","galerie_city":"Frankfurt am Main","galerie_zip":"60314","galerie_country":"DE","galerie_latitude":"50.1143715","galerie_longitude":"8.7236827","galerie_phone":"+491717080527","galerie_url":"https:\/\/sveta-gallery.com\/","galerie_domain":"sveta-gallery.com","galerie_rating_value":"4.8","galerie_rating_count":"14","galerie_galerist":"","galerie_gruendung":"","galerie_artists_url":"https:\/\/sveta-gallery.com\/kuenstler\/","galerie_about_url":"","galerie_quelle_stadt":"Frankfurt am Main","galerie_werk_typ":"","galerie_online_shop":"","galerie_werk_signale":"","galerie_ranking_score":"0","galerie_ranking_rang":"8101","galerie_claimed_by":""},"kuenstler":[32892,16642,32891,32894,11685,32893],"galerie_stadt":[156],"galerie_typ":[],"galerie_land":[49],"class_list":["post-40467","galerie","type-galerie","status-publish","hentry","kuenstler-ali-zuelfikar","kuenstler-christine-mueller","kuenstler-hagen-vogel","kuenstler-mike-kuhlmann","kuenstler-petra-von-kazinyan","kuenstler-stefan-groepper","galerie_stadt-frankfurt-am-main","galerie_land-de"],"acf":[],"_links":{"self":[{"href":"https:\/\/contemporary-arts.de\/index.php\/wp-json\/wp\/v2\/galerie\/40467","targetHints":{"allow":["GET"]}}],"collection":[{"href":"https:\/\/contemporary-arts.de\/index.php\/wp-json\/wp\/v2\/galerie"}],"about":[{"href":"https:\/\/contemporary-arts.de\/index.php\/wp-json\/wp\/v2\/types\/galerie"}],"author":[{"embeddable":true,"href":"https:\/\/contemporary-arts.de\/index.php\/wp-json\/wp\/v2\/users\/1"}],"wp:attachment":[{"href":"https:\/\/contemporary-arts.de\/index.php\/wp-json\/wp\/v2\/media?parent=40467"}],"wp:term":[{"taxonomy":"kuenstler","embeddable":true,"href":"https:\/\/contemporary-arts.de\/index.php\/wp-json\/wp\/v2\/kuenstler?post=40467"},{"taxonomy":"galerie_stadt","embeddable":true,"href":"https:\/\/contemporary-arts.de\/index.php\/wp-json\/wp\/v2\/galerie_stadt?post=40467"},{"taxonomy":"galerie_typ","embeddable":true,"href":"https:\/\/contemporary-arts.de\/index.php\/wp-json\/wp\/v2\/galerie_typ?post=40467"},{"taxonomy":"galerie_land","embeddable":true,"href":"https:\/\/contemporary-arts.de\/index.php\/wp-json\/wp\/v2\/galerie_land?post=40467"}],"curies":[{"name":"wp","href":"https:\/\/api.w.org\/{rel}","templated":true}]}}

<p>In Frankfurt am Main zeigt Sveta Art Gallery überwiegend Malerei, Fotografie und Installation. Vertreten werden 6 Künstlerinnen und Künstler.</p>

Hanauer Landstraße 192
