{"id":40426,"date":"2026-09-06T10:55:58","date_gmt":"2026-09-06T10:55:58","guid":{"rendered":"https:\/\/contemporary-arts.de\/?post_type=galerie&#038;p=40426"},"modified":"2026-09-06T12:32:42","modified_gmt":"2026-09-06T12:32:42","slug":"staedel-museum","status":"publish","type":"galerie","link":"https:\/\/contemporary-arts.de\/index.php\/galerie\/staedel-museum\/","title":{"rendered":"St\u00e4del Museum"},"content":{"rendered":"<p>St\u00e4del Museum arbeitet als Museum in Frankfurt am Main. Zum Programm geh\u00f6ren 53 K\u00fcnstlerinnen und K\u00fcnstler.<\/p>\n","protected":false},"excerpt":{"rendered":"<p>St\u00e4del Museum arbeitet als Museum in Frankfurt am Main. Zum Programm geh\u00f6ren 53 K\u00fcnstlerinnen und K\u00fcnstler.<\/p>\n","protected":false},"author":1,"featured_media":0,"template":"","meta":{"_acf_changed":false,"galerie_place_id":"ChIJ61K7owMMvUcRn_SCURQ0DaE","galerie_address":"Schaumainkai 63","galerie_city":"","galerie_zip":"60596","galerie_country":"DE","galerie_latitude":"50.1030925","galerie_longitude":"8.6740583","galerie_phone":"+4969605098200","galerie_url":"https:\/\/www.staedelmuseum.de\/","galerie_domain":"www.staedelmuseum.de","galerie_rating_value":"4.6","galerie_rating_count":"12654","galerie_galerist":"","galerie_gruendung":"","galerie_artists_url":"https:\/\/www.staedelmuseum.de\/de\/ausstellungen-programm","galerie_about_url":"https:\/\/www.staedelmuseum.de\/de\/programm\/ueberblicksfuehrung-staedel-sammlung\/2026-08-08\/11-00","galerie_quelle_stadt":"Frankfurt am Main","galerie_werk_typ":"","galerie_online_shop":"","galerie_werk_signale":"","galerie_ranking_score":"0","galerie_ranking_rang":"8060","galerie_claimed_by":""},"kuenstler":[32929,32896,32898,32916,32921,32935,32914,10682,32927,32932,32924,32937,32900,13804,32925,25644,32919,22665,32910,32904,32897,10005,32901,32917,15002,8482,32895,32905,32915,32907,10960,8998,32918,32930,32920,32913,32931,32899,32933,32928,32912,32926,32903,32906,32902,32911,32923,32922,32908,15513,32934,32936,32909],"galerie_stadt":[156],"galerie_typ":[],"galerie_land":[49],"class_list":["post-40426","galerie","type-galerie","status-publish","hentry","kuenstler-alle-angebote","kuenstler-alle-informationen","kuenstler-alle-infos-fuer","kuenstler-am-wochenende","kuenstler-artemis-digital","kuenstler-barrierefrei-ins-staedel-museum","kuenstler-basiswissen-kunst","kuenstler-bild-des-monats","kuenstler-cafe-deutschland","kuenstler-cafe-im-staedel-museum","kuenstler-close-up","kuenstler-corporate-events","kuenstler-das-staedel","kuenstler-digitale-angebote","kuenstler-digitale-anwendung","kuenstler-digitale-sammlung","kuenstler-digitales-roederstein-jughenn-archiv","kuenstler-gesamtes-angebot","kuenstler-gesamtes-programm","kuenstler-groesse-umschalten","kuenstler-ich-bin","kuenstler-ihr-besuch","kuenstler-ihr-engagement","kuenstler-jeden-donnerstag","kuenstler-jetzt-entdecken","kuenstler-jetzt-spenden","kuenstler-kommende-veranstaltungen","kuenstler-kontrastmodus-umschalten","kuenstler-kunst-auf-dem-pruefstand","kuenstler-maria-magdalenasin-pray-love","kuenstler-mehr-erfahren","kuenstler-navigation-menu","kuenstler-regelmaessige-termine","kuenstler-rund-ums-museum","kuenstler-staedel-archiv","kuenstler-staedel-atelier-abend","kuenstler-staedel-dach","kuenstler-staedel-endowment","kuenstler-staedel-garten","kuenstler-staedel-highlights-audioguide","kuenstler-staedel-ki-festival","kuenstler-staedel-mixtape","kuenstler-staedel-museum","kuenstler-staedel-museum-staedel-museum","kuenstler-staedel-stories","kuenstler-staedel-sunday-sessions","kuenstler-staedel-universe","kuenstler-studie-und-digitales-angebot","kuenstler-surfaceueber-haut","kuenstler-tickets-kaufen","kuenstler-ueber-das-staedel","kuenstler-unterstuetzen-sieihr-staedel-museum","kuenstler-willkommen-im-paradies","galerie_stadt-frankfurt-am-main","galerie_land-de"],"acf":[],"_links":{"self":[{"href":"https:\/\/contemporary-arts.de\/index.php\/wp-json\/wp\/v2\/galerie\/40426","targetHints":{"allow":["GET"]}}],"collection":[{"href":"https:\/\/contemporary-arts.de\/index.php\/wp-json\/wp\/v2\/galerie"}],"about":[{"href":"https:\/\/contemporary-arts.de\/index.php\/wp-json\/wp\/v2\/types\/galerie"}],"author":[{"embeddable":true,"href":"https:\/\/contemporary-arts.de\/index.php\/wp-json\/wp\/v2\/users\/1"}],"wp:attachment":[{"href":"https:\/\/contemporary-arts.de\/index.php\/wp-json\/wp\/v2\/media?parent=40426"}],"wp:term":[{"taxonomy":"kuenstler","embeddable":true,"href":"https:\/\/contemporary-arts.de\/index.php\/wp-json\/wp\/v2\/kuenstler?post=40426"},{"taxonomy":"galerie_stadt","embeddable":true,"href":"https:\/\/contemporary-arts.de\/index.php\/wp-json\/wp\/v2\/galerie_stadt?post=40426"},{"taxonomy":"galerie_typ","embeddable":true,"href":"https:\/\/contemporary-arts.de\/index.php\/wp-json\/wp\/v2\/galerie_typ?post=40426"},{"taxonomy":"galerie_land","embeddable":true,"href":"https:\/\/contemporary-arts.de\/index.php\/wp-json\/wp\/v2\/galerie_land?post=40426"}],"curies":[{"name":"wp","href":"https:\/\/api.w.org\/{rel}","templated":true}]}}

Städel Museum

<p>Städel Museum arbeitet als Museum in Frankfurt am Main. Zum Programm gehören 53 Künstlerinnen und Künstler.</p>
