{"id":40393,"date":"2026-09-06T10:56:00","date_gmt":"2026-09-06T10:56:00","guid":{"rendered":"https:\/\/contemporary-arts.de\/?post_type=galerie&#038;p=40393"},"modified":"2026-09-06T12:34:23","modified_gmt":"2026-09-06T12:34:23","slug":"art-galerie-7","status":"publish","type":"galerie","link":"https:\/\/contemporary-arts.de\/index.php\/galerie\/art-galerie-7\/","title":{"rendered":"Art Galerie 7"},"content":{"rendered":"<p>Der Schwerpunkt von Art Galerie 7 in Cologne liegt auf Malerei und Skulptur. Zum Programm geh\u00f6ren 29 K\u00fcnstlerinnen und K\u00fcnstler. Neben dem Programm vor Ort ist das Haus auf Kunstmessen vertreten.<\/p>\n","protected":false},"excerpt":{"rendered":"<p>Der Schwerpunkt von Art Galerie 7 in Cologne liegt auf Malerei und Skulptur. Zum Programm geh\u00f6ren 29 K\u00fcnstlerinnen und K\u00fcnstler. Neben dem Programm vor Ort ist das Haus auf Kunstmessen vertreten.<\/p>\n","protected":false},"author":1,"featured_media":0,"template":"","meta":{"_acf_changed":false,"galerie_place_id":"ChIJF9pFzKklv0cRkQSFNqzjIIk","galerie_address":"Sankt-Apern-Stra\u00dfe 7","galerie_city":"Cologne","galerie_zip":"50667","galerie_country":"DE","galerie_latitude":"50.9389708","galerie_longitude":"6.945257","galerie_phone":"+492212774866","galerie_url":"http:\/\/www.artgalerie7.de\/","galerie_domain":"www.artgalerie7.de","galerie_rating_value":"5","galerie_rating_count":"15","galerie_galerist":"","galerie_gruendung":"","galerie_artists_url":"https:\/\/www.artgalerie7.de\/kuenstler","galerie_about_url":"https:\/\/www.artgalerie7.de\/galerie","galerie_quelle_stadt":"K\u00f6ln","galerie_werk_typ":"","galerie_online_shop":"","galerie_werk_signale":"","galerie_ranking_score":"0","galerie_ranking_rang":"8152","galerie_claimed_by":""},"kuenstler":[15455,33045,15450,28368,33048,5907,33049,28417,28363,24766,15437,33014,15460,15453,33047,3217,33044,29162,22139,19893,29351,9508,15456,33046,22831,33043,12007,5903,10683],"galerie_stadt":[130],"galerie_typ":[],"galerie_land":[49],"class_list":["post-40393","galerie","type-galerie","status-publish","hentry","kuenstler-armin-scheid","kuenstler-cora-korte","kuenstler-folkert-rasch","kuenstler-franziska-stuenkel","kuenstler-gastkuenstlerin-ena-rutten","kuenstler-georg-kuettinger","kuenstler-heike-sistig","kuenstler-igor-oleinikov","kuenstler-janos-schaab","kuenstler-joanna-jesse","kuenstler-kirsten-van-den-bogaard","kuenstler-lilli-hill","kuenstler-manuela-tirler","kuenstler-marina-sailer","kuenstler-maxim-probst","kuenstler-maxim-wakultschik","kuenstler-mo-kilders","kuenstler-r-j-kirsch","kuenstler-ren-rong","kuenstler-sabine-christmann","kuenstler-sala-lieber","kuenstler-sigrid-von-lintig","kuenstler-silvia-siemes","kuenstler-suscha-korte","kuenstler-thomas-kobusch","kuenstler-tine-benz","kuenstler-tobias-stutz","kuenstler-verena-guther","kuenstler-virtuelle-galerie","galerie_stadt-cologne","galerie_land-de"],"acf":[],"_links":{"self":[{"href":"https:\/\/contemporary-arts.de\/index.php\/wp-json\/wp\/v2\/galerie\/40393","targetHints":{"allow":["GET"]}}],"collection":[{"href":"https:\/\/contemporary-arts.de\/index.php\/wp-json\/wp\/v2\/galerie"}],"about":[{"href":"https:\/\/contemporary-arts.de\/index.php\/wp-json\/wp\/v2\/types\/galerie"}],"author":[{"embeddable":true,"href":"https:\/\/contemporary-arts.de\/index.php\/wp-json\/wp\/v2\/users\/1"}],"wp:attachment":[{"href":"https:\/\/contemporary-arts.de\/index.php\/wp-json\/wp\/v2\/media?parent=40393"}],"wp:term":[{"taxonomy":"kuenstler","embeddable":true,"href":"https:\/\/contemporary-arts.de\/index.php\/wp-json\/wp\/v2\/kuenstler?post=40393"},{"taxonomy":"galerie_stadt","embeddable":true,"href":"https:\/\/contemporary-arts.de\/index.php\/wp-json\/wp\/v2\/galerie_stadt?post=40393"},{"taxonomy":"galerie_typ","embeddable":true,"href":"https:\/\/contemporary-arts.de\/index.php\/wp-json\/wp\/v2\/galerie_typ?post=40393"},{"taxonomy":"galerie_land","embeddable":true,"href":"https:\/\/contemporary-arts.de\/index.php\/wp-json\/wp\/v2\/galerie_land?post=40393"}],"curies":[{"name":"wp","href":"https:\/\/api.w.org\/{rel}","templated":true}]}}

<p>Der Schwerpunkt von Art Galerie 7 in Cologne liegt auf Malerei und Skulptur. Zum Programm gehören 29 Künstlerinnen und Künstler. Neben dem Programm vor Ort ist das Haus auf Kunstmessen vertreten.</p>

Sankt-Apern-Straße 7

Köln
