{"id":40370,"date":"2026-09-06T10:56:03","date_gmt":"2026-09-06T10:56:03","guid":{"rendered":"https:\/\/contemporary-arts.de\/?post_type=galerie&#038;p=40370"},"modified":"2026-09-06T12:34:27","modified_gmt":"2026-09-06T12:34:27","slug":"galerie-dietrich","status":"publish","type":"galerie","link":"https:\/\/contemporary-arts.de\/index.php\/galerie\/galerie-dietrich\/","title":{"rendered":"Galerie Dietrich"},"content":{"rendered":"<p>Galerie Dietrich ist eine Galerie in K\u00f6ln. Vertreten werden 3 K\u00fcnstlerinnen und K\u00fcnstler.<\/p>\n","protected":false},"excerpt":{"rendered":"<p>Galerie Dietrich ist eine Galerie in K\u00f6ln. Vertreten werden 3 K\u00fcnstlerinnen und K\u00fcnstler.<\/p>\n","protected":false},"author":1,"featured_media":0,"template":"","meta":{"_acf_changed":false,"galerie_place_id":"ChIJocfDb_Mlv0cR-8Xlyji2RH4","galerie_address":"Geisselstra\u00dfe 27","galerie_city":"","galerie_zip":"50823","galerie_country":"DE","galerie_latitude":"50.9463897","galerie_longitude":"6.9201219","galerie_phone":"+4917680533977","galerie_url":"http:\/\/www.art-dietrich.com\/","galerie_domain":"www.art-dietrich.com","galerie_rating_value":"4.9","galerie_rating_count":"11","galerie_galerist":"","galerie_gruendung":"","galerie_artists_url":"http:\/\/www.art-dietrich.com\/.\/malte-van-de-water-artist\/","galerie_about_url":"http:\/\/www.art-dietrich.com\/.\/galerie-dietrich-felipe-dietrich\/","galerie_quelle_stadt":"K\u00f6ln","galerie_werk_typ":"","galerie_online_shop":"","galerie_werk_signale":"","galerie_ranking_score":"0","galerie_ranking_rang":"8212","galerie_claimed_by":""},"kuenstler":[33266,11655,33267],"galerie_stadt":[131],"galerie_typ":[],"galerie_land":[49],"class_list":["post-40370","galerie","type-galerie","status-publish","hentry","kuenstler-lilian-muehlenkamp","kuenstler-malte-van-de-water","kuenstler-marc-klein","galerie_stadt-koeln","galerie_land-de"],"acf":[],"_links":{"self":[{"href":"https:\/\/contemporary-arts.de\/index.php\/wp-json\/wp\/v2\/galerie\/40370","targetHints":{"allow":["GET"]}}],"collection":[{"href":"https:\/\/contemporary-arts.de\/index.php\/wp-json\/wp\/v2\/galerie"}],"about":[{"href":"https:\/\/contemporary-arts.de\/index.php\/wp-json\/wp\/v2\/types\/galerie"}],"author":[{"embeddable":true,"href":"https:\/\/contemporary-arts.de\/index.php\/wp-json\/wp\/v2\/users\/1"}],"wp:attachment":[{"href":"https:\/\/contemporary-arts.de\/index.php\/wp-json\/wp\/v2\/media?parent=40370"}],"wp:term":[{"taxonomy":"kuenstler","embeddable":true,"href":"https:\/\/contemporary-arts.de\/index.php\/wp-json\/wp\/v2\/kuenstler?post=40370"},{"taxonomy":"galerie_stadt","embeddable":true,"href":"https:\/\/contemporary-arts.de\/index.php\/wp-json\/wp\/v2\/galerie_stadt?post=40370"},{"taxonomy":"galerie_typ","embeddable":true,"href":"https:\/\/contemporary-arts.de\/index.php\/wp-json\/wp\/v2\/galerie_typ?post=40370"},{"taxonomy":"galerie_land","embeddable":true,"href":"https:\/\/contemporary-arts.de\/index.php\/wp-json\/wp\/v2\/galerie_land?post=40370"}],"curies":[{"name":"wp","href":"https:\/\/api.w.org\/{rel}","templated":true}]}}

<p>Galerie Dietrich ist eine Galerie in Köln. Vertreten werden 3 Künstlerinnen und Künstler.</p>

Geisselstraße 27

Köln
