{"id":40336,"date":"2026-09-06T10:56:01","date_gmt":"2026-09-06T10:56:01","guid":{"rendered":"https:\/\/contemporary-arts.de\/?post_type=galerie&#038;p=40336"},"modified":"2026-09-06T12:35:07","modified_gmt":"2026-09-06T12:35:07","slug":"galerie-graf-adolf","status":"publish","type":"galerie","link":"https:\/\/contemporary-arts.de\/index.php\/galerie\/galerie-graf-adolf\/","title":{"rendered":"Galerie Graf Adolf"},"content":{"rendered":"<p>Galerie Graf Adolf arbeitet als Galerie in K\u00f6ln. Vertreten werden 3 K\u00fcnstlerinnen und K\u00fcnstler.<\/p>\n","protected":false},"excerpt":{"rendered":"<p>Galerie Graf Adolf arbeitet als Galerie in K\u00f6ln. Vertreten werden 3 K\u00fcnstlerinnen und K\u00fcnstler.<\/p>\n","protected":false},"author":1,"featured_media":0,"template":"","meta":{"_acf_changed":false,"galerie_place_id":"ChIJKeb1Gwkmv0cRzWqbBRfpwmw","galerie_address":"Clevischer Ring 103","galerie_city":"","galerie_zip":"51063","galerie_country":"DE","galerie_latitude":"50.967933","galerie_longitude":"7.0061497","galerie_phone":"+492212591986","galerie_url":"http:\/\/www.galerie-graf-adolf.de\/","galerie_domain":"www.galerie-graf-adolf.de","galerie_rating_value":"3.8","galerie_rating_count":"4","galerie_galerist":"","galerie_gruendung":"","galerie_artists_url":"http:\/\/www.galerie-graf-adolf.de\/index.php\/ausstellung-a-programm","galerie_about_url":"","galerie_quelle_stadt":"K\u00f6ln","galerie_werk_typ":"","galerie_online_shop":"","galerie_werk_signale":"","galerie_ranking_score":"0","galerie_ranking_rang":"8178","galerie_claimed_by":""},"kuenstler":[33144,33143,2517],"galerie_stadt":[131],"galerie_typ":[],"galerie_land":[49],"class_list":["post-40336","galerie","type-galerie","status-publish","hentry","kuenstler-hotels-in-der-naehe","kuenstler-int-disz-kreativtreffen","kuenstler-weitere-informationen","galerie_stadt-koeln","galerie_land-de"],"acf":[],"_links":{"self":[{"href":"https:\/\/contemporary-arts.de\/index.php\/wp-json\/wp\/v2\/galerie\/40336","targetHints":{"allow":["GET"]}}],"collection":[{"href":"https:\/\/contemporary-arts.de\/index.php\/wp-json\/wp\/v2\/galerie"}],"about":[{"href":"https:\/\/contemporary-arts.de\/index.php\/wp-json\/wp\/v2\/types\/galerie"}],"author":[{"embeddable":true,"href":"https:\/\/contemporary-arts.de\/index.php\/wp-json\/wp\/v2\/users\/1"}],"wp:attachment":[{"href":"https:\/\/contemporary-arts.de\/index.php\/wp-json\/wp\/v2\/media?parent=40336"}],"wp:term":[{"taxonomy":"kuenstler","embeddable":true,"href":"https:\/\/contemporary-arts.de\/index.php\/wp-json\/wp\/v2\/kuenstler?post=40336"},{"taxonomy":"galerie_stadt","embeddable":true,"href":"https:\/\/contemporary-arts.de\/index.php\/wp-json\/wp\/v2\/galerie_stadt?post=40336"},{"taxonomy":"galerie_typ","embeddable":true,"href":"https:\/\/contemporary-arts.de\/index.php\/wp-json\/wp\/v2\/galerie_typ?post=40336"},{"taxonomy":"galerie_land","embeddable":true,"href":"https:\/\/contemporary-arts.de\/index.php\/wp-json\/wp\/v2\/galerie_land?post=40336"}],"curies":[{"name":"wp","href":"https:\/\/api.w.org\/{rel}","templated":true}]}}

<p>Galerie Graf Adolf arbeitet als Galerie in Köln. Vertreten werden 3 Künstlerinnen und Künstler.</p>

Köln
