{"id":40335,"date":"2026-09-06T10:56:01","date_gmt":"2026-09-06T10:56:01","guid":{"rendered":"https:\/\/contemporary-arts.de\/?post_type=galerie&#038;p=40335"},"modified":"2026-09-06T12:34:18","modified_gmt":"2026-09-06T12:34:18","slug":"galerie-geissler-bentler-gmbh","status":"publish","type":"galerie","link":"https:\/\/contemporary-arts.de\/index.php\/galerie\/galerie-geissler-bentler-gmbh\/","title":{"rendered":"Galerie Gei\u00dfler Bentler GmbH"},"content":{"rendered":"<p>Galerie Gei\u00dfler Bentler GmbH konzentriert sich in Bonn auf Malerei, Druckgrafik und Skulptur. Gezeigt werden Arbeiten von 29 K\u00fcnstlerinnen und K\u00fcnstlern.<\/p>\n","protected":false},"excerpt":{"rendered":"<p>Galerie Gei\u00dfler Bentler GmbH konzentriert sich in Bonn auf Malerei, Druckgrafik und Skulptur. Gezeigt werden Arbeiten von 29 K\u00fcnstlerinnen und K\u00fcnstlern.<\/p>\n","protected":false},"author":1,"featured_media":0,"template":"","meta":{"_acf_changed":false,"galerie_place_id":"ChIJnXYjRc3Mc0ERS8yoduJeyms","galerie_address":"Friedrichstra\u00dfe 55","galerie_city":"Bonn","galerie_zip":"53111","galerie_country":"DE","galerie_latitude":"50.7370302","galerie_longitude":"7.1033732","galerie_phone":"+49228312380","galerie_url":"http:\/\/www.geissler-bentler.de\/","galerie_domain":"www.geissler-bentler.de","galerie_rating_value":"4.7","galerie_rating_count":"18","galerie_galerist":"","galerie_gruendung":"","galerie_artists_url":"http:\/\/www.geissler-bentler.de\/kuenstler","galerie_about_url":"http:\/\/www.geissler-bentler.de\/galerie\/ueber","galerie_quelle_stadt":"K\u00f6ln","galerie_werk_typ":"","galerie_online_shop":"","galerie_werk_signale":"","galerie_ranking_score":"0","galerie_ranking_rang":"8177","galerie_claimed_by":""},"kuenstler":[6809,22869,16869,8664,18525,21528,16856,33104,33108,33103,1822,1909,1903,5091,33109,33107,6206,27317,11248,16849,1906,30403,2772,6377,33105,17871,16157,18274,33106],"galerie_stadt":[136],"galerie_typ":[],"galerie_land":[49],"class_list":["post-40335","galerie","type-galerie","status-publish","hentry","kuenstler-adolf-luther","kuenstler-aja-von-loeper","kuenstler-andre-schweers","kuenstler-arnulf-rainer","kuenstler-bernard-schultze","kuenstler-bernd-berner","kuenstler-bettina-hachmann","kuenstler-brigitte-matschinsky-denninghoff","kuenstler-freddie-michael-soethout","kuenstler-geissler-bentler","kuenstler-gerhard-richter","kuenstler-guenther-uecker","kuenstler-heinz-mack","kuenstler-katharina-grosse","kuenstler-letzte-beitraege","kuenstler-marius-singer","kuenstler-markus-luepertz","kuenstler-martin-matschinsky","kuenstler-martin-noel","kuenstler-michael-cleff","kuenstler-otto-piene","kuenstler-ruri-matsumoto","kuenstler-sam-francis","kuenstler-stephan-balkenhol","kuenstler-sybille-pattscheck","kuenstler-thomas-baumgaertel","kuenstler-thomas-roethel","kuenstler-ulrika-eller-rueter","kuenstler-violetta-elisa-seliger","galerie_stadt-bonn","galerie_land-de"],"acf":[],"_links":{"self":[{"href":"https:\/\/contemporary-arts.de\/index.php\/wp-json\/wp\/v2\/galerie\/40335","targetHints":{"allow":["GET"]}}],"collection":[{"href":"https:\/\/contemporary-arts.de\/index.php\/wp-json\/wp\/v2\/galerie"}],"about":[{"href":"https:\/\/contemporary-arts.de\/index.php\/wp-json\/wp\/v2\/types\/galerie"}],"author":[{"embeddable":true,"href":"https:\/\/contemporary-arts.de\/index.php\/wp-json\/wp\/v2\/users\/1"}],"wp:attachment":[{"href":"https:\/\/contemporary-arts.de\/index.php\/wp-json\/wp\/v2\/media?parent=40335"}],"wp:term":[{"taxonomy":"kuenstler","embeddable":true,"href":"https:\/\/contemporary-arts.de\/index.php\/wp-json\/wp\/v2\/kuenstler?post=40335"},{"taxonomy":"galerie_stadt","embeddable":true,"href":"https:\/\/contemporary-arts.de\/index.php\/wp-json\/wp\/v2\/galerie_stadt?post=40335"},{"taxonomy":"galerie_typ","embeddable":true,"href":"https:\/\/contemporary-arts.de\/index.php\/wp-json\/wp\/v2\/galerie_typ?post=40335"},{"taxonomy":"galerie_land","embeddable":true,"href":"https:\/\/contemporary-arts.de\/index.php\/wp-json\/wp\/v2\/galerie_land?post=40335"}],"curies":[{"name":"wp","href":"https:\/\/api.w.org\/{rel}","templated":true}]}}

Galerie Geißler Bentler GmbH

<p>Galerie Geißler Bentler GmbH konzentriert sich in Bonn auf Malerei, Druckgrafik und Skulptur. Gezeigt werden Arbeiten von 29 Künstlerinnen und Künstlern.</p>

Friedrichstraße 55

Köln
