{"id":40328,"date":"2026-09-06T10:56:00","date_gmt":"2026-09-06T10:56:00","guid":{"rendered":"https:\/\/contemporary-arts.de\/?post_type=galerie&#038;p=40328"},"modified":"2026-09-06T12:35:55","modified_gmt":"2026-09-06T12:35:55","slug":"ministry-of-walls-street-art-gallery","status":"publish","type":"galerie","link":"https:\/\/contemporary-arts.de\/index.php\/galerie\/ministry-of-walls-street-art-gallery\/","title":{"rendered":"Ministry of Walls Street Art Gallery"},"content":{"rendered":"<p>In K\u00f6ln findet sich mit Ministry of Walls Street Art Gallery eine Galerie. Zum Programm geh\u00f6ren 35 K\u00fcnstlerinnen und K\u00fcnstler. Neben dem Programm vor Ort ist das Haus auf Kunstmessen vertreten.<\/p>\n","protected":false},"excerpt":{"rendered":"<p>In K\u00f6ln findet sich mit Ministry of Walls Street Art Gallery eine Galerie. Zum Programm geh\u00f6ren 35 K\u00fcnstlerinnen und K\u00fcnstler. Neben dem Programm vor Ort ist das Haus auf Kunstmessen vertreten.<\/p>\n","protected":false},"author":1,"featured_media":0,"template":"","meta":{"_acf_changed":false,"galerie_place_id":"ChIJyR9a_iYmv0cRwJlMgHqOnQo","galerie_address":"Wichheimer Str. 317","galerie_city":"","galerie_zip":"51067","galerie_country":"DE","galerie_latitude":"50.9646908","galerie_longitude":"7.0390729","galerie_phone":"+4922197776677","galerie_url":"https:\/\/www.ministryofwalls.com\/","galerie_domain":"www.ministryofwalls.com","galerie_rating_value":"5","galerie_rating_count":"1","galerie_galerist":"","galerie_gruendung":"","galerie_artists_url":"https:\/\/www.ministryofwalls.com\/kuenstler","galerie_about_url":"","galerie_quelle_stadt":"K\u00f6ln","galerie_werk_typ":"","galerie_online_shop":"","galerie_werk_signale":"","galerie_ranking_score":"0","galerie_ranking_rang":"8170","galerie_claimed_by":""},"kuenstler":[33224,4887,33243,28286,33225,33226,33227,33228,16247,33229,33230,7191,33231,1755,33232,33233,33234,1658,4648,7776,33235,33236,33237,2927,10051,33238,33239,33240,3992,33241,33244,33242,33223,33222,2060],"galerie_stadt":[131],"galerie_typ":[],"galerie_land":[49],"class_list":["post-40328","galerie","type-galerie","status-publish","hentry","kuenstler-annahita-hessami","kuenstler-ben-eine","kuenstler-bleibe-auf-dem-laufenden","kuenstler-blek-le-rat","kuenstler-brian-m-viveros","kuenstler-camille-mank","kuenstler-cosmo-sarson","kuenstler-david-uessem","kuenstler-el-bocho","kuenstler-fin-dac","kuenstler-francis-tucker","kuenstler-johann-buesen","kuenstler-josh-keyes","kuenstler-keith-haring","kuenstler-lora-zombie","kuenstler-marco-battaglini","kuenstler-martin-whatson","kuenstler-mel-ramos","kuenstler-mr-brainwash","kuenstler-nach-oben","kuenstler-nick-flatt","kuenstler-nick-walker","kuenstler-otto-schade","kuenstler-page-load-link","kuenstler-pure-evil","kuenstler-rafael-costardi","kuenstler-ron-english","kuenstler-sandra-chevrier","kuenstler-shepard-fairey","kuenstler-slava-ostap","kuenstler-werde-teil-der-community","kuenstler-wolfgang-krell","kuenstler-woocommerce-cart0","kuenstler-woocommerce-my-account","kuenstler-zum-inhalt-springen","galerie_stadt-koeln","galerie_land-de"],"acf":[],"_links":{"self":[{"href":"https:\/\/contemporary-arts.de\/index.php\/wp-json\/wp\/v2\/galerie\/40328","targetHints":{"allow":["GET"]}}],"collection":[{"href":"https:\/\/contemporary-arts.de\/index.php\/wp-json\/wp\/v2\/galerie"}],"about":[{"href":"https:\/\/contemporary-arts.de\/index.php\/wp-json\/wp\/v2\/types\/galerie"}],"author":[{"embeddable":true,"href":"https:\/\/contemporary-arts.de\/index.php\/wp-json\/wp\/v2\/users\/1"}],"wp:attachment":[{"href":"https:\/\/contemporary-arts.de\/index.php\/wp-json\/wp\/v2\/media?parent=40328"}],"wp:term":[{"taxonomy":"kuenstler","embeddable":true,"href":"https:\/\/contemporary-arts.de\/index.php\/wp-json\/wp\/v2\/kuenstler?post=40328"},{"taxonomy":"galerie_stadt","embeddable":true,"href":"https:\/\/contemporary-arts.de\/index.php\/wp-json\/wp\/v2\/galerie_stadt?post=40328"},{"taxonomy":"galerie_typ","embeddable":true,"href":"https:\/\/contemporary-arts.de\/index.php\/wp-json\/wp\/v2\/galerie_typ?post=40328"},{"taxonomy":"galerie_land","embeddable":true,"href":"https:\/\/contemporary-arts.de\/index.php\/wp-json\/wp\/v2\/galerie_land?post=40328"}],"curies":[{"name":"wp","href":"https:\/\/api.w.org\/{rel}","templated":true}]}}

<p>In Köln findet sich mit Ministry of Walls Street Art Gallery eine Galerie. Zum Programm gehören 35 Künstlerinnen und Künstler. Neben dem Programm vor Ort ist das Haus auf Kunstmessen vertreten.</p>

Köln
