{"id":40305,"date":"2026-09-06T10:56:05","date_gmt":"2026-09-06T10:56:05","guid":{"rendered":"https:\/\/contemporary-arts.de\/?post_type=galerie&#038;p=40305"},"modified":"2026-09-06T12:33:54","modified_gmt":"2026-09-06T12:33:54","slug":"galerie-karsten-greve","status":"publish","type":"galerie","link":"https:\/\/contemporary-arts.de\/index.php\/galerie\/galerie-karsten-greve\/","title":{"rendered":"Galerie Karsten Greve"},"content":{"rendered":"<p>Der Schwerpunkt von Galerie Karsten Greve in Cologne liegt auf Fotografie. Vertreten werden 57 K\u00fcnstlerinnen und K\u00fcnstler. Der Blick geht dabei eher auf j\u00fcngere Positionen als auf etablierte Namen.<\/p>\n","protected":false},"excerpt":{"rendered":"<p>Der Schwerpunkt von Galerie Karsten Greve in Cologne liegt auf Fotografie. Vertreten werden 57 K\u00fcnstlerinnen und K\u00fcnstler. Der Blick geht dabei eher auf j\u00fcngere Positionen als auf etablierte Namen.<\/p>\n","protected":false},"author":1,"featured_media":0,"template":"","meta":{"_acf_changed":false,"galerie_place_id":"ChIJL7vADK8lv0cRlvManG5-WWE","galerie_address":"Drususgasse 1-5","galerie_city":"Cologne","galerie_zip":"50667","galerie_country":"DE","galerie_latitude":"50.9398051","galerie_longitude":"6.9537738","galerie_phone":"+492212571012","galerie_url":"http:\/\/www.galerie-karsten-greve.com\/","galerie_domain":"www.galerie-karsten-greve.com","galerie_rating_value":"4.4","galerie_rating_count":"72","galerie_galerist":"","galerie_gruendung":"","galerie_artists_url":"http:\/\/www.galerie-karsten-greve.com\/kuenstler","galerie_about_url":"http:\/\/www.galerie-karsten-greve.com\/ueber-uns","galerie_quelle_stadt":"K\u00f6ln","galerie_werk_typ":"","galerie_online_shop":"","galerie_werk_signale":"","galerie_ranking_score":"0","galerie_ranking_rang":"8270","galerie_claimed_by":""},"kuenstler":[2066,33350,33352,1672,33351,6792,33361,11693,1493,33358,33357,1494,4307,6094,4163,11744,33337,18515,1634,1624,4372,3986,13557,33340,33345,33339,6400,33362,33349,13571,2402,18285,33348,1486,33359,33341,33353,33354,33346,33356,1490,2767,3885,6184,33344,33355,4146,5059,33360,33343,33338,1413,2068,33347,32670,33342,17929],"galerie_stadt":[130],"galerie_typ":[],"galerie_land":[49],"class_list":["post-40305","galerie","type-galerie","status-publish","hentry","kuenstler-alexander-calder","kuenstler-catherine-lee","kuenstler-claire-morgan","kuenstler-cy-twombly","kuenstler-david-malin","kuenstler-david-smith","kuenstler-ding-yi","kuenstler-eugene-atget","kuenstler-fausto-melotti","kuenstler-georgia-russell","kuenstler-gideon-rubin","kuenstler-giorgio-morandi","kuenstler-google-maps","kuenstler-gotthard-graubner","kuenstler-henri-michaux","kuenstler-herbert-list","kuenstler-ilse-bing","kuenstler-james-brown","kuenstler-jannis-kounellis","kuenstler-jean-dubuffet","kuenstler-joel-shapiro","kuenstler-john-chamberlain","kuenstler-josef-albers","kuenstler-joseph-cornell","kuenstler-kathleen-jacobs","kuenstler-lawrence-carroll","kuenstler-leiko-ikemura","kuenstler-logo-galerie-karsten-greve","kuenstler-loic-le-groumellec","kuenstler-louis-soutter","kuenstler-louise-bourgeois","kuenstler-lovis-corinth","kuenstler-lucia-laguna","kuenstler-lucio-fontana","kuenstler-luise-unger","kuenstler-lynn-davis","kuenstler-manish-nai","kuenstler-mario-nigro","kuenstler-mimmo-jodice","kuenstler-norbert-prangenberg","kuenstler-piero-manzoni","kuenstler-pierre-soulages","kuenstler-pierrette-bloch","kuenstler-qiu-shihua","kuenstler-raul-illarramendi","kuenstler-robert-polidori","kuenstler-roger-ballen","kuenstler-sally-mann","kuenstler-sergio-vega","kuenstler-shen-fan","kuenstler-thomas-brummett","kuenstler-ueber-uns","kuenstler-willem-de-kooning","kuenstler-yiorgos-kordakis","kuenstler-young-jae-lee","kuenstler-yuri-dojc","kuenstler-zhou-tiehai","galerie_stadt-cologne","galerie_land-de"],"acf":[],"_links":{"self":[{"href":"https:\/\/contemporary-arts.de\/index.php\/wp-json\/wp\/v2\/galerie\/40305","targetHints":{"allow":["GET"]}}],"collection":[{"href":"https:\/\/contemporary-arts.de\/index.php\/wp-json\/wp\/v2\/galerie"}],"about":[{"href":"https:\/\/contemporary-arts.de\/index.php\/wp-json\/wp\/v2\/types\/galerie"}],"author":[{"embeddable":true,"href":"https:\/\/contemporary-arts.de\/index.php\/wp-json\/wp\/v2\/users\/1"}],"wp:attachment":[{"href":"https:\/\/contemporary-arts.de\/index.php\/wp-json\/wp\/v2\/media?parent=40305"}],"wp:term":[{"taxonomy":"kuenstler","embeddable":true,"href":"https:\/\/contemporary-arts.de\/index.php\/wp-json\/wp\/v2\/kuenstler?post=40305"},{"taxonomy":"galerie_stadt","embeddable":true,"href":"https:\/\/contemporary-arts.de\/index.php\/wp-json\/wp\/v2\/galerie_stadt?post=40305"},{"taxonomy":"galerie_typ","embeddable":true,"href":"https:\/\/contemporary-arts.de\/index.php\/wp-json\/wp\/v2\/galerie_typ?post=40305"},{"taxonomy":"galerie_land","embeddable":true,"href":"https:\/\/contemporary-arts.de\/index.php\/wp-json\/wp\/v2\/galerie_land?post=40305"}],"curies":[{"name":"wp","href":"https:\/\/api.w.org\/{rel}","templated":true}]}}

<p>Der Schwerpunkt von Galerie Karsten Greve in Cologne liegt auf Fotografie. Vertreten werden 57 Künstlerinnen und Künstler. Der Blick geht dabei eher auf jüngere Positionen als auf etablierte Namen.</p>

Köln
