{"id":40261,"date":"2026-09-06T10:56:03","date_gmt":"2026-09-06T10:56:03","guid":{"rendered":"https:\/\/contemporary-arts.de\/?post_type=galerie&#038;p=40261"},"modified":"2026-09-06T12:34:00","modified_gmt":"2026-09-06T12:34:00","slug":"galerie-firla","status":"publish","type":"galerie","link":"https:\/\/contemporary-arts.de\/index.php\/galerie\/galerie-firla\/","title":{"rendered":"Galerie Firla"},"content":{"rendered":"<p>Galerie Firla arbeitet als Galerie in Bonn. Das Programm umfasst 49 Positionen.<\/p>\n","protected":false},"excerpt":{"rendered":"<p>Galerie Firla arbeitet als Galerie in Bonn. Das Programm umfasst 49 Positionen.<\/p>\n","protected":false},"author":1,"featured_media":0,"template":"","meta":{"_acf_changed":false,"galerie_place_id":"ChIJgUCUOaLhvkcR_fw-J3jqd04","galerie_address":"R\u00f6merstr. 247 K\u00fcnstlersackgasse, gg\u00fc, Gallierweg 45","galerie_city":"Bonn","galerie_zip":"53117","galerie_country":"DE","galerie_latitude":"50.7518962","galerie_longitude":"7.0946277","galerie_phone":"+49228676195","galerie_url":"https:\/\/www.galerie-firla.de\/","galerie_domain":"www.galerie-firla.de","galerie_rating_value":"4.1","galerie_rating_count":"44","galerie_galerist":"","galerie_gruendung":"","galerie_artists_url":"https:\/\/www.galerie-firla.de\/kuenstler\/","galerie_about_url":"https:\/\/www.galerie-firla.de\/ueber-uns\/","galerie_quelle_stadt":"K\u00f6ln","galerie_werk_typ":"","galerie_online_shop":"","galerie_werk_signale":"","galerie_ranking_score":"0","galerie_ranking_rang":"8226","galerie_claimed_by":""},"kuenstler":[33322,4008,33311,33305,33303,9164,15813,33308,12009,1909,33318,1903,33304,15440,3519,1642,5605,15824,16978,33315,33312,1612,7820,9165,33313,3838,33301,33307,33317,33309,15842,1906,1497,33319,33302,33306,33321,3130,19647,33310,33300,9159,17871,6734,9151,33320,33316,8187,33314],"galerie_stadt":[136],"galerie_typ":[],"galerie_land":[49],"class_list":["post-40261","galerie","type-galerie","status-publish","hentry","kuenstler-a-maro","kuenstler-a-r-penck","kuenstler-burgen-und-rhein","kuenstler-dietlinde-adruchowicz","kuenstler-eliot-markus-henning","kuenstler-elvira-bach","kuenstler-francisco-bartus","kuenstler-giovanni-vetere","kuenstler-go-to-top","kuenstler-guenther-uecker","kuenstler-h-mack","kuenstler-heinz-mack","kuenstler-horacio-sapere","kuenstler-james-coignard","kuenstler-james-rizzi","kuenstler-joan-miro","kuenstler-juergen-goerg","kuenstler-jutta-votteler","kuenstler-kaepten-nobbi","kuenstler-keine-produkte-im-einkaufswagen","kuenstler-konstruierte-abstraktionen","kuenstler-marc-chagall","kuenstler-mein-konto","kuenstler-micha-baker","kuenstler-mieten-statt-kaufen","kuenstler-new-york","kuenstler-nikki-de-saint-phalle","kuenstler-norbert-bogusch","kuenstler-o-piene","kuenstler-objekte-siegfried-firla","kuenstler-ottmar-alt","kuenstler-otto-piene","kuenstler-pablo-picasso","kuenstler-r-ball","kuenstler-r-levine","kuenstler-ralf-majewska","kuenstler-s-helenon","kuenstler-salvador-dali","kuenstler-shoichi-hasegawa","kuenstler-siegfried-firla","kuenstler-siegfried-firla-staedteimpressionen","kuenstler-tanja-kiesewalter","kuenstler-thomas-baumgaertel","kuenstler-thomas-jankowski","kuenstler-udo-lindenberg","kuenstler-v-vasarely","kuenstler-verschiedene-kuenstler","kuenstler-vertrag-widerrufen","kuenstler-zeige-einkaufswagen","galerie_stadt-bonn","galerie_land-de"],"acf":[],"_links":{"self":[{"href":"https:\/\/contemporary-arts.de\/index.php\/wp-json\/wp\/v2\/galerie\/40261","targetHints":{"allow":["GET"]}}],"collection":[{"href":"https:\/\/contemporary-arts.de\/index.php\/wp-json\/wp\/v2\/galerie"}],"about":[{"href":"https:\/\/contemporary-arts.de\/index.php\/wp-json\/wp\/v2\/types\/galerie"}],"author":[{"embeddable":true,"href":"https:\/\/contemporary-arts.de\/index.php\/wp-json\/wp\/v2\/users\/1"}],"wp:attachment":[{"href":"https:\/\/contemporary-arts.de\/index.php\/wp-json\/wp\/v2\/media?parent=40261"}],"wp:term":[{"taxonomy":"kuenstler","embeddable":true,"href":"https:\/\/contemporary-arts.de\/index.php\/wp-json\/wp\/v2\/kuenstler?post=40261"},{"taxonomy":"galerie_stadt","embeddable":true,"href":"https:\/\/contemporary-arts.de\/index.php\/wp-json\/wp\/v2\/galerie_stadt?post=40261"},{"taxonomy":"galerie_typ","embeddable":true,"href":"https:\/\/contemporary-arts.de\/index.php\/wp-json\/wp\/v2\/galerie_typ?post=40261"},{"taxonomy":"galerie_land","embeddable":true,"href":"https:\/\/contemporary-arts.de\/index.php\/wp-json\/wp\/v2\/galerie_land?post=40261"}],"curies":[{"name":"wp","href":"https:\/\/api.w.org\/{rel}","templated":true}]}}

Römerstr. 247 Künstlersackgasse, ggü, Gallierweg 45

Köln
