{"id":40234,"date":"2026-09-06T10:56:06","date_gmt":"2026-09-06T10:56:06","guid":{"rendered":"https:\/\/contemporary-arts.de\/?post_type=galerie&#038;p=40234"},"modified":"2026-09-06T12:34:27","modified_gmt":"2026-09-06T12:34:27","slug":"van-der-grinten-galerie","status":"publish","type":"galerie","link":"https:\/\/contemporary-arts.de\/index.php\/galerie\/van-der-grinten-galerie\/","title":{"rendered":"Van der Grinten Galerie"},"content":{"rendered":"<p>Van der Grinten Galerie arbeitet in Cologne mit Positionen aus Malerei, Fotografie und Skulptur. Zum Programm geh\u00f6ren 36 K\u00fcnstlerinnen und K\u00fcnstler.<\/p>\n","protected":false},"excerpt":{"rendered":"<p>Van der Grinten Galerie arbeitet in Cologne mit Positionen aus Malerei, Fotografie und Skulptur. Zum Programm geh\u00f6ren 36 K\u00fcnstlerinnen und K\u00fcnstler.<\/p>\n","protected":false},"author":1,"featured_media":0,"template":"","meta":{"_acf_changed":false,"galerie_place_id":"ChIJGzQbNKglv0cRU4_8JqaL_UI","galerie_address":"Gertrudenstra\u00dfe 29\/1. Floor","galerie_city":"Cologne","galerie_zip":"50667","galerie_country":"DE","galerie_latitude":"50.9380234","galerie_longitude":"6.9454825","galerie_phone":"+4922129859175","galerie_url":"https:\/\/vandergrintengalerie.com\/","galerie_domain":"vandergrintengalerie.com","galerie_rating_value":"4.7","galerie_rating_count":"12","galerie_galerist":"","galerie_gruendung":"","galerie_artists_url":"https:\/\/vandergrintengalerie.com\/artists","galerie_about_url":"https:\/\/vandergrintengalerie.com\/about","galerie_quelle_stadt":"K\u00f6ln","galerie_werk_typ":"","galerie_online_shop":"","galerie_werk_signale":"","galerie_ranking_score":"0","galerie_ranking_rang":"8321","galerie_claimed_by":""},"kuenstler":[10945,33626,8033,33607,32064,33623,2103,33621,33625,33613,33617,33622,4150,33618,33615,6400,33610,33619,33624,33629,24356,33627,33628,33616,33611,33614,33608,33609,5882,1413,33606,33612,33630,33620,7444,17139],"galerie_stadt":[130],"galerie_typ":[],"galerie_land":[49],"class_list":["post-40234","galerie","type-galerie","status-publish","hentry","kuenstler-alles-anzeigen","kuenstler-bernd-halbherr","kuenstler-die-galerie","kuenstler-elger-esser","kuenstler-elina-brotherus","kuenstler-fernando-de-brito","kuenstler-folgen-sie-uns","kuenstler-frans-roermond","kuenstler-gabor-oesz","kuenstler-heiner-binding","kuenstler-hugo-schmoelz","kuenstler-izima-kaoru","kuenstler-joseph-beuys","kuenstler-karl-hugo-schmoelz","kuenstler-leigh-wells","kuenstler-leiko-ikemura","kuenstler-lorenzo-pompa","kuenstler-marcus-neufanger","kuenstler-michael-ackerman","kuenstler-michael-ruetz","kuenstler-peter-nikolaus-heikenwaelder","kuenstler-peter-sevriens","kuenstler-pierre-faure","kuenstler-rebecca-stevenson","kuenstler-rikako-kawauchi","kuenstler-robert-currie","kuenstler-roy-mordechay","kuenstler-ruth-marten","kuenstler-sigmar-polke","kuenstler-ueber-uns","kuenstler-unique-copies","kuenstler-valerie-belin","kuenstler-webseite-gefoerdert-von","kuenstler-werke-von","kuenstler-william-kentridge","kuenstler-wolfgang-flad","galerie_stadt-cologne","galerie_land-de"],"acf":[],"_links":{"self":[{"href":"https:\/\/contemporary-arts.de\/index.php\/wp-json\/wp\/v2\/galerie\/40234","targetHints":{"allow":["GET"]}}],"collection":[{"href":"https:\/\/contemporary-arts.de\/index.php\/wp-json\/wp\/v2\/galerie"}],"about":[{"href":"https:\/\/contemporary-arts.de\/index.php\/wp-json\/wp\/v2\/types\/galerie"}],"author":[{"embeddable":true,"href":"https:\/\/contemporary-arts.de\/index.php\/wp-json\/wp\/v2\/users\/1"}],"wp:attachment":[{"href":"https:\/\/contemporary-arts.de\/index.php\/wp-json\/wp\/v2\/media?parent=40234"}],"wp:term":[{"taxonomy":"kuenstler","embeddable":true,"href":"https:\/\/contemporary-arts.de\/index.php\/wp-json\/wp\/v2\/kuenstler?post=40234"},{"taxonomy":"galerie_stadt","embeddable":true,"href":"https:\/\/contemporary-arts.de\/index.php\/wp-json\/wp\/v2\/galerie_stadt?post=40234"},{"taxonomy":"galerie_typ","embeddable":true,"href":"https:\/\/contemporary-arts.de\/index.php\/wp-json\/wp\/v2\/galerie_typ?post=40234"},{"taxonomy":"galerie_land","embeddable":true,"href":"https:\/\/contemporary-arts.de\/index.php\/wp-json\/wp\/v2\/galerie_land?post=40234"}],"curies":[{"name":"wp","href":"https:\/\/api.w.org\/{rel}","templated":true}]}}

<p>Van der Grinten Galerie arbeitet in Cologne mit Positionen aus Malerei, Fotografie und Skulptur. Zum Programm gehören 36 Künstlerinnen und Künstler.</p>

Gertrudenstraße 29/1. Floor

Köln
