{"id":40187,"date":"2026-09-06T10:56:15","date_gmt":"2026-09-06T10:56:15","guid":{"rendered":"https:\/\/contemporary-arts.de\/?post_type=galerie&#038;p=40187"},"modified":"2026-09-06T12:35:07","modified_gmt":"2026-09-06T12:35:07","slug":"galerie-kunstraum-djoma","status":"publish","type":"galerie","link":"https:\/\/contemporary-arts.de\/index.php\/galerie\/galerie-kunstraum-djoma\/","title":{"rendered":"Galerie Kunstraum-Djoma"},"content":{"rendered":"<p>Die Galerie Galerie Kunstraum-Djoma sitzt in Cologne. Zum Programm geh\u00f6ren 15 K\u00fcnstlerinnen und K\u00fcnstler.<\/p>\n","protected":false},"excerpt":{"rendered":"<p>Die Galerie Galerie Kunstraum-Djoma sitzt in Cologne. Zum Programm geh\u00f6ren 15 K\u00fcnstlerinnen und K\u00fcnstler.<\/p>\n","protected":false},"author":1,"featured_media":0,"template":"","meta":{"_acf_changed":false,"galerie_place_id":"ChIJ417Bi7Qlv0cR8lYaEIhZKQQ","galerie_address":"Sankt-Apern-Stra\u00dfe 44-46","galerie_city":"Cologne","galerie_zip":"50667","galerie_country":"DE","galerie_latitude":"50.9402507","galerie_longitude":"6.9462921","galerie_phone":"+4915757529482","galerie_url":"https:\/\/www.kunstraum-djoma.com\/","galerie_domain":"www.kunstraum-djoma.com","galerie_rating_value":"5","galerie_rating_count":"4","galerie_galerist":"","galerie_gruendung":"","galerie_artists_url":"https:\/\/www.kunstraum-djoma.com\/i\/kuenstler","galerie_about_url":"","galerie_quelle_stadt":"K\u00f6ln","galerie_werk_typ":"","galerie_online_shop":"","galerie_werk_signale":"","galerie_ranking_score":"0","galerie_ranking_rang":"8394","galerie_claimed_by":""},"kuenstler":[33783,7651,33786,33775,33784,33787,33785,16867,33780,33778,33776,33779,33777,33781,33782],"galerie_stadt":[130],"galerie_typ":[],"galerie_land":[49],"class_list":["post-40187","galerie","type-galerie","status-publish","hentry","kuenstler-a-chaplya","kuenstler-allgemeine-geschaeftsbedingungen","kuenstler-asami-kato","kuenstler-dorte-bundesen","kuenstler-fabian-hochscheid","kuenstler-gabriele-heider","kuenstler-galina-davydtchenko","kuenstler-goetz-sambale","kuenstler-helmut-theodor","kuenstler-henrik-heidgen","kuenstler-josephine-ernst","kuenstler-karen-serena","kuenstler-michael-kudinow","kuenstler-oleg-yanushevsky","kuenstler-tatjana-fengler","galerie_stadt-cologne","galerie_land-de"],"acf":[],"_links":{"self":[{"href":"https:\/\/contemporary-arts.de\/index.php\/wp-json\/wp\/v2\/galerie\/40187","targetHints":{"allow":["GET"]}}],"collection":[{"href":"https:\/\/contemporary-arts.de\/index.php\/wp-json\/wp\/v2\/galerie"}],"about":[{"href":"https:\/\/contemporary-arts.de\/index.php\/wp-json\/wp\/v2\/types\/galerie"}],"author":[{"embeddable":true,"href":"https:\/\/contemporary-arts.de\/index.php\/wp-json\/wp\/v2\/users\/1"}],"wp:attachment":[{"href":"https:\/\/contemporary-arts.de\/index.php\/wp-json\/wp\/v2\/media?parent=40187"}],"wp:term":[{"taxonomy":"kuenstler","embeddable":true,"href":"https:\/\/contemporary-arts.de\/index.php\/wp-json\/wp\/v2\/kuenstler?post=40187"},{"taxonomy":"galerie_stadt","embeddable":true,"href":"https:\/\/contemporary-arts.de\/index.php\/wp-json\/wp\/v2\/galerie_stadt?post=40187"},{"taxonomy":"galerie_typ","embeddable":true,"href":"https:\/\/contemporary-arts.de\/index.php\/wp-json\/wp\/v2\/galerie_typ?post=40187"},{"taxonomy":"galerie_land","embeddable":true,"href":"https:\/\/contemporary-arts.de\/index.php\/wp-json\/wp\/v2\/galerie_land?post=40187"}],"curies":[{"name":"wp","href":"https:\/\/api.w.org\/{rel}","templated":true}]}}

<p>Die Galerie Galerie Kunstraum-Djoma sitzt in Cologne. Zum Programm gehören 15 Künstlerinnen und Künstler.</p>

Sankt-Apern-Straße 44-46

Köln
