{"id":40136,"date":"2026-09-06T10:56:07","date_gmt":"2026-09-06T10:56:07","guid":{"rendered":"https:\/\/contemporary-arts.de\/?post_type=galerie&#038;p=40136"},"modified":"2026-09-06T12:36:59","modified_gmt":"2026-09-06T12:36:59","slug":"galerie-koppelmann","status":"publish","type":"galerie","link":"https:\/\/contemporary-arts.de\/index.php\/galerie\/galerie-koppelmann\/","title":{"rendered":"Galerie Koppelmann"},"content":{"rendered":"<p>Galerie Koppelmann arbeitet als Galerie in K\u00f6ln. Zum Programm geh\u00f6ren 29 K\u00fcnstlerinnen und K\u00fcnstler.<\/p>\n","protected":false},"excerpt":{"rendered":"<p>Galerie Koppelmann arbeitet als Galerie in K\u00f6ln. Zum Programm geh\u00f6ren 29 K\u00fcnstlerinnen und K\u00fcnstler.<\/p>\n","protected":false},"author":1,"featured_media":0,"template":"","meta":{"_acf_changed":false,"galerie_place_id":"ChIJbe7U7YIlv0cRMXepLIQsue4","galerie_address":"Baudri Str. 5","galerie_city":"","galerie_zip":"50733","galerie_country":"DE","galerie_latitude":"50.9642869","galerie_longitude":"6.952846","galerie_phone":"+492217328497","galerie_url":"http:\/\/galeriekoppelmann.com\/","galerie_domain":"galeriekoppelmann.com","galerie_rating_value":"4.8","galerie_rating_count":"13","galerie_galerist":"","galerie_gruendung":"","galerie_artists_url":"https:\/\/galeriekoppelmann.com\/artists\/","galerie_about_url":"","galerie_quelle_stadt":"K\u00f6ln","galerie_werk_typ":"","galerie_online_shop":"","galerie_werk_signale":"","galerie_ranking_score":"0","galerie_ranking_rang":"8343","galerie_claimed_by":""},"kuenstler":[33677,33688,33687,16137,26558,14706,33686,33691,17284,33692,33693,30467,33689,33680,33694,8649,33695,33388,33678,33683,33696,4596,33679,33690,8820,33685,33684,33682,33681],"galerie_stadt":[131],"galerie_typ":[],"galerie_land":[49],"class_list":["post-40136","galerie","type-galerie","status-publish","hentry","kuenstler-christa-bartesch","kuenstler-georg-edmund-pielmann","kuenstler-hans-petri","kuenstler-helge-hommes","kuenstler-herbert-falken","kuenstler-horst-kistner","kuenstler-jan-kuck","kuenstler-jan-peter-van-opheusden","kuenstler-jean-miotte","kuenstler-julia-vegh","kuenstler-juergen-vogdt","kuenstler-juergen-wassmuth","kuenstler-karin-richert","kuenstler-laszlo-bornemisza","kuenstler-lili-voigt","kuenstler-manfred-bockelmann","kuenstler-marlini-wickramasinha","kuenstler-miron-zownir","kuenstler-peter-bernd","kuenstler-peter-gilles","kuenstler-reinhard-tischler","kuenstler-robert-brandy","kuenstler-sara-berti","kuenstler-saxana-n-schoetschel","kuenstler-sevda-chkoutova","kuenstler-tamas-konok","kuenstler-teona-gogichaishvili","kuenstler-thomas-gatzemeier","kuenstler-verena-bretschneider","galerie_stadt-koeln","galerie_land-de"],"acf":[],"_links":{"self":[{"href":"https:\/\/contemporary-arts.de\/index.php\/wp-json\/wp\/v2\/galerie\/40136","targetHints":{"allow":["GET"]}}],"collection":[{"href":"https:\/\/contemporary-arts.de\/index.php\/wp-json\/wp\/v2\/galerie"}],"about":[{"href":"https:\/\/contemporary-arts.de\/index.php\/wp-json\/wp\/v2\/types\/galerie"}],"author":[{"embeddable":true,"href":"https:\/\/contemporary-arts.de\/index.php\/wp-json\/wp\/v2\/users\/1"}],"wp:attachment":[{"href":"https:\/\/contemporary-arts.de\/index.php\/wp-json\/wp\/v2\/media?parent=40136"}],"wp:term":[{"taxonomy":"kuenstler","embeddable":true,"href":"https:\/\/contemporary-arts.de\/index.php\/wp-json\/wp\/v2\/kuenstler?post=40136"},{"taxonomy":"galerie_stadt","embeddable":true,"href":"https:\/\/contemporary-arts.de\/index.php\/wp-json\/wp\/v2\/galerie_stadt?post=40136"},{"taxonomy":"galerie_typ","embeddable":true,"href":"https:\/\/contemporary-arts.de\/index.php\/wp-json\/wp\/v2\/galerie_typ?post=40136"},{"taxonomy":"galerie_land","embeddable":true,"href":"https:\/\/contemporary-arts.de\/index.php\/wp-json\/wp\/v2\/galerie_land?post=40136"}],"curies":[{"name":"wp","href":"https:\/\/api.w.org\/{rel}","templated":true}]}}

<p>Galerie Koppelmann arbeitet als Galerie in Köln. Zum Programm gehören 29 Künstlerinnen und Künstler.</p>

Köln
