{"id":40106,"date":"2026-09-06T10:56:17","date_gmt":"2026-09-06T10:56:17","guid":{"rendered":"https:\/\/contemporary-arts.de\/?post_type=galerie&#038;p=40106"},"modified":"2026-09-06T12:34:06","modified_gmt":"2026-09-06T12:34:06","slug":"galerie-rudolf-g-smend-e-k","status":"publish","type":"galerie","link":"https:\/\/contemporary-arts.de\/index.php\/galerie\/galerie-rudolf-g-smend-e-k\/","title":{"rendered":"Galerie Rudolf G. Smend E. K."},"content":{"rendered":"<p>Galerie Rudolf G. Smend E. K. arbeitet in Cologne mit Positionen aus Malerei. Zum Programm geh\u00f6ren 14 K\u00fcnstlerinnen und K\u00fcnstler.<\/p>\n","protected":false},"excerpt":{"rendered":"<p>Galerie Rudolf G. Smend E. K. arbeitet in Cologne mit Positionen aus Malerei. Zum Programm geh\u00f6ren 14 K\u00fcnstlerinnen und K\u00fcnstler.<\/p>\n","protected":false},"author":1,"featured_media":0,"template":"","meta":{"_acf_changed":false,"galerie_place_id":"ChIJJ1YQCUgkv0cRdylcIK_b-Nc","galerie_address":"Mainzer Str. 31","galerie_city":"Cologne","galerie_zip":"50678","galerie_country":"DE","galerie_latitude":"50.9199285","galerie_longitude":"6.9645807","galerie_phone":"+49221312047","galerie_url":"http:\/\/www.smend.de\/","galerie_domain":"www.smend.de","galerie_rating_value":"4.6","galerie_rating_count":"26","galerie_galerist":"","galerie_gruendung":"","galerie_artists_url":"http:\/\/www.smend.de\/.\/links\/kuenstler\/index.html","galerie_about_url":"http:\/\/www.smend.de\/.\/die-galerie\/geschichte\/index.html","galerie_quelle_stadt":"K\u00f6ln","galerie_werk_typ":"","galerie_online_shop":"","galerie_werk_signale":"","galerie_ranking_score":"0","galerie_ranking_rang":"8429","galerie_claimed_by":""},"kuenstler":[8033,33819,25840,33818],"galerie_stadt":[130],"galerie_typ":[],"galerie_land":[49],"class_list":["post-40106","galerie","type-galerie","status-publish","hentry","kuenstler-die-galerie","kuenstler-double-ikat","kuenstler-joachim-blank","kuenstler-publikationen-der-galerie","galerie_stadt-cologne","galerie_land-de"],"acf":[],"_links":{"self":[{"href":"https:\/\/contemporary-arts.de\/index.php\/wp-json\/wp\/v2\/galerie\/40106","targetHints":{"allow":["GET"]}}],"collection":[{"href":"https:\/\/contemporary-arts.de\/index.php\/wp-json\/wp\/v2\/galerie"}],"about":[{"href":"https:\/\/contemporary-arts.de\/index.php\/wp-json\/wp\/v2\/types\/galerie"}],"author":[{"embeddable":true,"href":"https:\/\/contemporary-arts.de\/index.php\/wp-json\/wp\/v2\/users\/1"}],"wp:attachment":[{"href":"https:\/\/contemporary-arts.de\/index.php\/wp-json\/wp\/v2\/media?parent=40106"}],"wp:term":[{"taxonomy":"kuenstler","embeddable":true,"href":"https:\/\/contemporary-arts.de\/index.php\/wp-json\/wp\/v2\/kuenstler?post=40106"},{"taxonomy":"galerie_stadt","embeddable":true,"href":"https:\/\/contemporary-arts.de\/index.php\/wp-json\/wp\/v2\/galerie_stadt?post=40106"},{"taxonomy":"galerie_typ","embeddable":true,"href":"https:\/\/contemporary-arts.de\/index.php\/wp-json\/wp\/v2\/galerie_typ?post=40106"},{"taxonomy":"galerie_land","embeddable":true,"href":"https:\/\/contemporary-arts.de\/index.php\/wp-json\/wp\/v2\/galerie_land?post=40106"}],"curies":[{"name":"wp","href":"https:\/\/api.w.org\/{rel}","templated":true}]}}

<p>Galerie Rudolf G. Smend E. K. arbeitet in Cologne mit Positionen aus Malerei. Zum Programm gehören 14 Künstlerinnen und Künstler.</p>

Köln
