{"id":40029,"date":"2026-09-06T10:56:18","date_gmt":"2026-09-06T10:56:18","guid":{"rendered":"https:\/\/contemporary-arts.de\/?post_type=galerie&#038;p=40029"},"modified":"2026-09-06T12:34:27","modified_gmt":"2026-09-06T12:34:27","slug":"kunstraum-ba-cologne","status":"publish","type":"galerie","link":"https:\/\/contemporary-arts.de\/index.php\/galerie\/kunstraum-ba-cologne\/","title":{"rendered":"Kunstraum Ba Cologne"},"content":{"rendered":"<p>Gezeigt wird bei Kunstraum Ba Cologne in K\u00f6ln \u00fcberwiegend Malerei, Fotografie und Skulptur. Gezeigt werden Arbeiten von 7 K\u00fcnstlerinnen und K\u00fcnstlern.<\/p>\n","protected":false},"excerpt":{"rendered":"<p>Gezeigt wird bei Kunstraum Ba Cologne in K\u00f6ln \u00fcberwiegend Malerei, Fotografie und Skulptur. Gezeigt werden Arbeiten von 7 K\u00fcnstlerinnen und K\u00fcnstlern.<\/p>\n","protected":false},"author":1,"featured_media":0,"template":"","meta":{"_acf_changed":false,"galerie_place_id":"ChIJOfpR7D0lv0cR2x3ZqYWX3rA","galerie_address":"Rothehausstra\u00dfe 21","galerie_city":"","galerie_zip":"50823","galerie_country":"DE","galerie_latitude":"50.94765","galerie_longitude":"6.9185041","galerie_phone":"+491602716262","galerie_url":"https:\/\/www.kirches-ban.de\/kunstraum-ba-cologne\/","galerie_domain":"www.kirches-ban.de","galerie_rating_value":"4.7","galerie_rating_count":"12","galerie_galerist":"","galerie_gruendung":"","galerie_artists_url":"https:\/\/www.kirches-ban.de\/kunstraum-ba-cologne\/createpeace\/","galerie_about_url":"","galerie_quelle_stadt":"K\u00f6ln","galerie_werk_typ":"","galerie_online_shop":"","galerie_werk_signale":"","galerie_ranking_score":"0","galerie_ranking_rang":"8458","galerie_claimed_by":""},"kuenstler":[33860,9655,33861,2217,7776,2927,2060],"galerie_stadt":[131],"galerie_typ":[],"galerie_land":[49],"class_list":["post-40029","galerie","type-galerie","status-publish","hentry","kuenstler-ba-cologne","kuenstler-inhalt-entsperren","kuenstler-kunstraum-ba-cologne","kuenstler-mehr-informationen","kuenstler-nach-oben","kuenstler-page-load-link","kuenstler-zum-inhalt-springen","galerie_stadt-koeln","galerie_land-de"],"acf":[],"_links":{"self":[{"href":"https:\/\/contemporary-arts.de\/index.php\/wp-json\/wp\/v2\/galerie\/40029","targetHints":{"allow":["GET"]}}],"collection":[{"href":"https:\/\/contemporary-arts.de\/index.php\/wp-json\/wp\/v2\/galerie"}],"about":[{"href":"https:\/\/contemporary-arts.de\/index.php\/wp-json\/wp\/v2\/types\/galerie"}],"author":[{"embeddable":true,"href":"https:\/\/contemporary-arts.de\/index.php\/wp-json\/wp\/v2\/users\/1"}],"wp:attachment":[{"href":"https:\/\/contemporary-arts.de\/index.php\/wp-json\/wp\/v2\/media?parent=40029"}],"wp:term":[{"taxonomy":"kuenstler","embeddable":true,"href":"https:\/\/contemporary-arts.de\/index.php\/wp-json\/wp\/v2\/kuenstler?post=40029"},{"taxonomy":"galerie_stadt","embeddable":true,"href":"https:\/\/contemporary-arts.de\/index.php\/wp-json\/wp\/v2\/galerie_stadt?post=40029"},{"taxonomy":"galerie_typ","embeddable":true,"href":"https:\/\/contemporary-arts.de\/index.php\/wp-json\/wp\/v2\/galerie_typ?post=40029"},{"taxonomy":"galerie_land","embeddable":true,"href":"https:\/\/contemporary-arts.de\/index.php\/wp-json\/wp\/v2\/galerie_land?post=40029"}],"curies":[{"name":"wp","href":"https:\/\/api.w.org\/{rel}","templated":true}]}}

<p>Gezeigt wird bei Kunstraum Ba Cologne in Köln überwiegend Malerei, Fotografie und Skulptur. Gezeigt werden Arbeiten von 7 Künstlerinnen und Künstlern.</p>

Rothehausstraße 21

Köln
