{"id":40027,"date":"2026-09-06T10:56:18","date_gmt":"2026-09-06T10:56:18","guid":{"rendered":"https:\/\/contemporary-arts.de\/?post_type=galerie&#038;p=40027"},"modified":"2026-09-06T12:34:38","modified_gmt":"2026-09-06T12:34:38","slug":"galerie-reitz-3","status":"publish","type":"galerie","link":"https:\/\/contemporary-arts.de\/index.php\/galerie\/galerie-reitz-3\/","title":{"rendered":"Galerie Reitz"},"content":{"rendered":"<p>In Cologne zeigt Galerie Reitz \u00fcberwiegend Malerei, Fotografie und Skulptur. Zum Programm geh\u00f6ren 68 K\u00fcnstlerinnen und K\u00fcnstler. Neben dem Programm vor Ort ist das Haus auf Kunstmessen vertreten.<\/p>\n","protected":false},"excerpt":{"rendered":"<p>In Cologne zeigt Galerie Reitz \u00fcberwiegend Malerei, Fotografie und Skulptur. Zum Programm geh\u00f6ren 68 K\u00fcnstlerinnen und K\u00fcnstler. Neben dem Programm vor Ort ist das Haus auf Kunstmessen vertreten.<\/p>\n","protected":false},"author":1,"featured_media":0,"template":"","meta":{"_acf_changed":false,"galerie_place_id":"ChIJqTcSB0okv0cRdl1BXpqxLa4","galerie_address":"Anna-Schneider-Steig 15","galerie_city":"Cologne","galerie_zip":"50678","galerie_country":"DE","galerie_latitude":"50.9234047","galerie_longitude":"6.9678027","galerie_phone":"+4917620076939","galerie_url":"http:\/\/www.galerie-reitz.ch\/","galerie_domain":"www.galerie-reitz.ch","galerie_rating_value":"5","galerie_rating_count":"9","galerie_galerist":"","galerie_gruendung":"","galerie_artists_url":"http:\/\/www.galerie-reitz.ch\/de\/artists","galerie_about_url":"http:\/\/www.galerie-reitz.ch\/de\/about-us","galerie_quelle_stadt":"K\u00f6ln","galerie_werk_typ":"","galerie_online_shop":"","galerie_werk_signale":"","galerie_ranking_score":"0","galerie_ranking_rang":"8456","galerie_claimed_by":""},"kuenstler":[5741,5742,5743,5275,5744,5745,5746,5747,5748,5749,5750,5751,5752,5753,5754,5755,5756,5740,5757,5804,5758,5759,5760,5761,5762,5763,5764,5765,5766,5767,5768,5769,5770,5771,5772,5773,5774,5775,5776,5777,5778,5779,5780,5781,5782,1767,5783,5784,5785,5786,5787,5788,5789,5790,5802,5803,5791,5792,5793,5794,1413,5795,5796,5797,5798,5799,5800,5801],"galerie_stadt":[130],"galerie_typ":[],"galerie_land":[49],"class_list":["post-40027","galerie","type-galerie","status-publish","hentry","kuenstler-aguilar-ildefonso","kuenstler-albanese-roland-s","kuenstler-askari-mahssa","kuenstler-ausgewaehlte-kuenstler","kuenstler-bach-elvira","kuenstler-becker-sabine","kuenstler-beier-guenter","kuenstler-bolt-christian","kuenstler-burges-michael","kuenstler-cragg-tony","kuenstler-dadiani-maka","kuenstler-dahl-isa","kuenstler-decastro-eric","kuenstler-digon-egon","kuenstler-durrer-andreas","kuenstler-eggli-daniel","kuenstler-ehrnsperger-petra","kuenstler-event-location","kuenstler-fluri-reinhard","kuenstler-galerie-reitz-gmbh","kuenstler-goehringer-armin","kuenstler-goschin-anna","kuenstler-grinberga-edite","kuenstler-gross-stefan","kuenstler-hamrik-martina","kuenstler-hesse-margareta","kuenstler-higgs-mongi","kuenstler-hirthe-rasmus","kuenstler-hohler-christophe","kuenstler-hohmeister-carla","kuenstler-immendorff-joerg","kuenstler-indermaur-robert","kuenstler-jantzen-nemo","kuenstler-jetzig-helle","kuenstler-koch-christoph","kuenstler-kurz-bruno","kuenstler-lerner-titus","kuenstler-luepertz-markus","kuenstler-luethi-andreas","kuenstler-luethi-steff","kuenstler-marra-antonio","kuenstler-mehler-herbert","kuenstler-paas-juergen","kuenstler-park-kejoo","kuenstler-prior-klaus","kuenstler-privacy-policy","kuenstler-radhoff-troll-monika","kuenstler-reifferscheid-thomas","kuenstler-ricciardi-arnaldo","kuenstler-rubenstein-bruce","kuenstler-rudolph-christian","kuenstler-rusic-zeljko","kuenstler-schaub-fritz","kuenstler-schemel-franziska","kuenstler-sichere-lieferung-weltweit","kuenstler-sichere-zahlung","kuenstler-stuessi-rudolf","kuenstler-stutz-tobias","kuenstler-szczesny-stefan","kuenstler-tumarova-renata","kuenstler-ueber-uns","kuenstler-varzandeh-alireza","kuenstler-villard-jean","kuenstler-wagenblast-daniel","kuenstler-wohlfart-anke","kuenstler-wolf-georg-friedrich","kuenstler-ziermann-luzius","kuenstler-zimmer-bernhard","galerie_stadt-cologne","galerie_land-de"],"acf":[],"_links":{"self":[{"href":"https:\/\/contemporary-arts.de\/index.php\/wp-json\/wp\/v2\/galerie\/40027","targetHints":{"allow":["GET"]}}],"collection":[{"href":"https:\/\/contemporary-arts.de\/index.php\/wp-json\/wp\/v2\/galerie"}],"about":[{"href":"https:\/\/contemporary-arts.de\/index.php\/wp-json\/wp\/v2\/types\/galerie"}],"author":[{"embeddable":true,"href":"https:\/\/contemporary-arts.de\/index.php\/wp-json\/wp\/v2\/users\/1"}],"wp:attachment":[{"href":"https:\/\/contemporary-arts.de\/index.php\/wp-json\/wp\/v2\/media?parent=40027"}],"wp:term":[{"taxonomy":"kuenstler","embeddable":true,"href":"https:\/\/contemporary-arts.de\/index.php\/wp-json\/wp\/v2\/kuenstler?post=40027"},{"taxonomy":"galerie_stadt","embeddable":true,"href":"https:\/\/contemporary-arts.de\/index.php\/wp-json\/wp\/v2\/galerie_stadt?post=40027"},{"taxonomy":"galerie_typ","embeddable":true,"href":"https:\/\/contemporary-arts.de\/index.php\/wp-json\/wp\/v2\/galerie_typ?post=40027"},{"taxonomy":"galerie_land","embeddable":true,"href":"https:\/\/contemporary-arts.de\/index.php\/wp-json\/wp\/v2\/galerie_land?post=40027"}],"curies":[{"name":"wp","href":"https:\/\/api.w.org\/{rel}","templated":true}]}}

<p>In Cologne zeigt Galerie Reitz überwiegend Malerei, Fotografie und Skulptur. Zum Programm gehören 68 Künstlerinnen und Künstler. Neben dem Programm vor Ort ist das Haus auf Kunstmessen vertreten.</p>

Köln
