{"id":40025,"date":"2026-09-06T10:56:22","date_gmt":"2026-09-06T10:56:22","guid":{"rendered":"https:\/\/contemporary-arts.de\/?post_type=galerie&#038;p=40025"},"modified":"2026-09-06T12:37:03","modified_gmt":"2026-09-06T12:37:03","slug":"iliev-galerie-art-in-cologne","status":"publish","type":"galerie","link":"https:\/\/contemporary-arts.de\/index.php\/galerie\/iliev-galerie-art-in-cologne\/","title":{"rendered":"Iliev Galerie-ART IN COLOGNE"},"content":{"rendered":"<p>Der Schwerpunkt von Iliev Galerie-ART IN COLOGNE in Cologne liegt auf Malerei, Druckgrafik und Skulptur. Zum Programm geh\u00f6ren 12 K\u00fcnstlerinnen und K\u00fcnstler.<\/p>\n","protected":false},"excerpt":{"rendered":"<p>Der Schwerpunkt von Iliev Galerie-ART IN COLOGNE in Cologne liegt auf Malerei, Druckgrafik und Skulptur. Zum Programm geh\u00f6ren 12 K\u00fcnstlerinnen und K\u00fcnstler.<\/p>\n","protected":false},"author":1,"featured_media":0,"template":"","meta":{"_acf_changed":false,"galerie_place_id":"ChIJ7Ry2gLIlv0cRVrBsoSUW6a0","galerie_address":"Herzogstra\u00dfe 26-28","galerie_city":"Cologne","galerie_zip":"50667","galerie_country":"DE","galerie_latitude":"50.9375196","galerie_longitude":"6.9540024","galerie_phone":"+4922125899720","galerie_url":"http:\/\/www.iliev.de\/","galerie_domain":"www.iliev.de","galerie_rating_value":"5","galerie_rating_count":"11","galerie_galerist":"","galerie_gruendung":"","galerie_artists_url":"http:\/\/www.iliev.de\/kuenstler\/","galerie_about_url":"http:\/\/www.iliev.de\/ueber-uns\/","galerie_quelle_stadt":"K\u00f6ln","galerie_werk_typ":"","galerie_online_shop":"","galerie_werk_signale":"","galerie_ranking_score":"0","galerie_ranking_rang":"8562","galerie_claimed_by":""},"kuenstler":[33884,33885,1491,21204,1413,2060],"galerie_stadt":[130],"galerie_typ":[],"galerie_land":[49],"class_list":["post-40025","galerie","type-galerie","status-publish","hentry","kuenstler-galerie-iliev-art-in-cologne","kuenstler-luepertz-bronzen-und-unikate","kuenstler-marino-marini","kuenstler-penck-a-r","kuenstler-ueber-uns","kuenstler-zum-inhalt-springen","galerie_stadt-cologne","galerie_land-de"],"acf":[],"_links":{"self":[{"href":"https:\/\/contemporary-arts.de\/index.php\/wp-json\/wp\/v2\/galerie\/40025","targetHints":{"allow":["GET"]}}],"collection":[{"href":"https:\/\/contemporary-arts.de\/index.php\/wp-json\/wp\/v2\/galerie"}],"about":[{"href":"https:\/\/contemporary-arts.de\/index.php\/wp-json\/wp\/v2\/types\/galerie"}],"author":[{"embeddable":true,"href":"https:\/\/contemporary-arts.de\/index.php\/wp-json\/wp\/v2\/users\/1"}],"wp:attachment":[{"href":"https:\/\/contemporary-arts.de\/index.php\/wp-json\/wp\/v2\/media?parent=40025"}],"wp:term":[{"taxonomy":"kuenstler","embeddable":true,"href":"https:\/\/contemporary-arts.de\/index.php\/wp-json\/wp\/v2\/kuenstler?post=40025"},{"taxonomy":"galerie_stadt","embeddable":true,"href":"https:\/\/contemporary-arts.de\/index.php\/wp-json\/wp\/v2\/galerie_stadt?post=40025"},{"taxonomy":"galerie_typ","embeddable":true,"href":"https:\/\/contemporary-arts.de\/index.php\/wp-json\/wp\/v2\/galerie_typ?post=40025"},{"taxonomy":"galerie_land","embeddable":true,"href":"https:\/\/contemporary-arts.de\/index.php\/wp-json\/wp\/v2\/galerie_land?post=40025"}],"curies":[{"name":"wp","href":"https:\/\/api.w.org\/{rel}","templated":true}]}}

<p>Der Schwerpunkt von Iliev Galerie-ART IN COLOGNE in Cologne liegt auf Malerei, Druckgrafik und Skulptur. Zum Programm gehören 12 Künstlerinnen und Künstler.</p>

Herzogstraße 26-28

Köln
