{"id":39945,"date":"2026-09-06T10:56:23","date_gmt":"2026-09-06T10:56:23","guid":{"rendered":"https:\/\/contemporary-arts.de\/?post_type=galerie&#038;p=39945"},"modified":"2026-09-06T12:35:39","modified_gmt":"2026-09-06T12:35:39","slug":"snapshot-archive-gallery-in-der-galerie-stephen-hoffman","status":"publish","type":"galerie","link":"https:\/\/contemporary-arts.de\/index.php\/galerie\/snapshot-archive-gallery-in-der-galerie-stephen-hoffman\/","title":{"rendered":"&#8222;SNAPShot archive gallery&#8220; in der GALERIE STEPHEN HOFFMAN"},"content":{"rendered":"<p>Der Schwerpunkt von &#8222;SNAPShot archive gallery&#8220; in der GALERIE STEPHEN HOFFMAN in Munich liegt auf Fotografie. Zum Programm geh\u00f6ren 33 K\u00fcnstlerinnen und K\u00fcnstler. Neben dem Programm vor Ort ist das Haus auf Kunstmessen vertreten.<\/p>\n","protected":false},"excerpt":{"rendered":"<p>Der Schwerpunkt von &#8222;SNAPShot archive gallery&#8220; in der GALERIE STEPHEN HOFFMAN in Munich liegt auf Fotografie. Zum Programm geh\u00f6ren 33 K\u00fcnstlerinnen und K\u00fcnstler. Neben dem Programm vor Ort ist das Haus auf Kunstmessen vertreten.<\/p>\n","protected":false},"author":1,"featured_media":0,"template":"","meta":{"_acf_changed":false,"galerie_place_id":"ChIJzzy4CvN1nkcR44YUG6snyoE","galerie_address":"Prannerstra\u00dfe 5","galerie_city":"Munich","galerie_zip":"80333","galerie_country":"DE","galerie_latitude":"48.1410151","galerie_longitude":"11.5734516","galerie_phone":"+498925540844","galerie_url":"http:\/\/snapshot-gallery.com\/","galerie_domain":"snapshot-gallery.com","galerie_rating_value":"5","galerie_rating_count":"1","galerie_galerist":"","galerie_gruendung":"","galerie_artists_url":"https:\/\/snapshot-gallery.com\/motive\/kuenstler\/","galerie_about_url":"https:\/\/snapshot-gallery.com\/about-us\/","galerie_quelle_stadt":"M\u00fcnchen","galerie_werk_typ":"","galerie_online_shop":"","galerie_werk_signale":"","galerie_ranking_score":"0","galerie_ranking_rang":"8629","galerie_claimed_by":""},"kuenstler":[11711,15794,11716,33930,33931],"galerie_stadt":[88],"galerie_typ":[],"galerie_land":[49],"class_list":["post-39945","galerie","type-galerie","status-publish","hentry","kuenstler-alfred-eisenstaedt","kuenstler-allan-grant","kuenstler-andreas-feininger","kuenstler-ihre-anfrage","kuenstler-snapshot-archive-gallery","galerie_stadt-munich","galerie_land-de"],"acf":[],"_links":{"self":[{"href":"https:\/\/contemporary-arts.de\/index.php\/wp-json\/wp\/v2\/galerie\/39945","targetHints":{"allow":["GET"]}}],"collection":[{"href":"https:\/\/contemporary-arts.de\/index.php\/wp-json\/wp\/v2\/galerie"}],"about":[{"href":"https:\/\/contemporary-arts.de\/index.php\/wp-json\/wp\/v2\/types\/galerie"}],"author":[{"embeddable":true,"href":"https:\/\/contemporary-arts.de\/index.php\/wp-json\/wp\/v2\/users\/1"}],"wp:attachment":[{"href":"https:\/\/contemporary-arts.de\/index.php\/wp-json\/wp\/v2\/media?parent=39945"}],"wp:term":[{"taxonomy":"kuenstler","embeddable":true,"href":"https:\/\/contemporary-arts.de\/index.php\/wp-json\/wp\/v2\/kuenstler?post=39945"},{"taxonomy":"galerie_stadt","embeddable":true,"href":"https:\/\/contemporary-arts.de\/index.php\/wp-json\/wp\/v2\/galerie_stadt?post=39945"},{"taxonomy":"galerie_typ","embeddable":true,"href":"https:\/\/contemporary-arts.de\/index.php\/wp-json\/wp\/v2\/galerie_typ?post=39945"},{"taxonomy":"galerie_land","embeddable":true,"href":"https:\/\/contemporary-arts.de\/index.php\/wp-json\/wp\/v2\/galerie_land?post=39945"}],"curies":[{"name":"wp","href":"https:\/\/api.w.org\/{rel}","templated":true}]}}

<p>Der Schwerpunkt von &#8222;SNAPShot archive gallery&#8220; in der GALERIE STEPHEN HOFFMAN in Munich liegt auf Fotografie. Zum Programm gehören 33 Künstlerinnen und Künstler. Neben dem Programm vor Ort ist das Haus auf Kunstmessen vertreten.</p>

Prannerstraße 5

München
