{"id":39723,"date":"2026-09-06T10:56:31","date_gmt":"2026-09-06T10:56:31","guid":{"rendered":"https:\/\/contemporary-arts.de\/?post_type=galerie&#038;p=39723"},"modified":"2026-09-06T12:34:48","modified_gmt":"2026-09-06T12:34:48","slug":"galerie-francoise-heitsch","status":"publish","type":"galerie","link":"https:\/\/contemporary-arts.de\/index.php\/galerie\/galerie-francoise-heitsch\/","title":{"rendered":"Galerie Francoise Heitsch"},"content":{"rendered":"<p>In Munich findet sich mit Galerie Francoise Heitsch eine Galerie. Zum Programm geh\u00f6ren 29 K\u00fcnstlerinnen und K\u00fcnstler.<\/p>\n","protected":false},"excerpt":{"rendered":"<p>In Munich findet sich mit Galerie Francoise Heitsch eine Galerie. Zum Programm geh\u00f6ren 29 K\u00fcnstlerinnen und K\u00fcnstler.<\/p>\n","protected":false},"author":1,"featured_media":0,"template":"","meta":{"_acf_changed":false,"galerie_place_id":"ChIJ4Ww-Au11nkcRQ5JB9d-XRRw","galerie_address":"Amalienstra\u00dfe 19","galerie_city":"Munich","galerie_zip":"80333","galerie_country":"DE","galerie_latitude":"48.1471014","galerie_longitude":"11.5761502","galerie_phone":"+4989481200","galerie_url":"http:\/\/francoiseheitsch.de\/","galerie_domain":"francoiseheitsch.de","galerie_rating_value":"5","galerie_rating_count":"7","galerie_galerist":"","galerie_gruendung":"","galerie_artists_url":"http:\/\/francoiseheitsch.de\/artists","galerie_about_url":"","galerie_quelle_stadt":"M\u00fcnchen","galerie_werk_typ":"","galerie_online_shop":"","galerie_werk_signale":"","galerie_ranking_score":"0","galerie_ranking_rang":"8791","galerie_claimed_by":""},"kuenstler":[18463,34081,34080],"galerie_stadt":[88],"galerie_typ":[],"galerie_land":[49],"class_list":["post-39723","galerie","type-galerie","status-publish","hentry","kuenstler-klaus-vom-bruch","kuenstler-moritz-altmann","kuenstler-nikos-alexiou","galerie_stadt-munich","galerie_land-de"],"acf":[],"_links":{"self":[{"href":"https:\/\/contemporary-arts.de\/index.php\/wp-json\/wp\/v2\/galerie\/39723","targetHints":{"allow":["GET"]}}],"collection":[{"href":"https:\/\/contemporary-arts.de\/index.php\/wp-json\/wp\/v2\/galerie"}],"about":[{"href":"https:\/\/contemporary-arts.de\/index.php\/wp-json\/wp\/v2\/types\/galerie"}],"author":[{"embeddable":true,"href":"https:\/\/contemporary-arts.de\/index.php\/wp-json\/wp\/v2\/users\/1"}],"wp:attachment":[{"href":"https:\/\/contemporary-arts.de\/index.php\/wp-json\/wp\/v2\/media?parent=39723"}],"wp:term":[{"taxonomy":"kuenstler","embeddable":true,"href":"https:\/\/contemporary-arts.de\/index.php\/wp-json\/wp\/v2\/kuenstler?post=39723"},{"taxonomy":"galerie_stadt","embeddable":true,"href":"https:\/\/contemporary-arts.de\/index.php\/wp-json\/wp\/v2\/galerie_stadt?post=39723"},{"taxonomy":"galerie_typ","embeddable":true,"href":"https:\/\/contemporary-arts.de\/index.php\/wp-json\/wp\/v2\/galerie_typ?post=39723"},{"taxonomy":"galerie_land","embeddable":true,"href":"https:\/\/contemporary-arts.de\/index.php\/wp-json\/wp\/v2\/galerie_land?post=39723"}],"curies":[{"name":"wp","href":"https:\/\/api.w.org\/{rel}","templated":true}]}}

<p>In Munich findet sich mit Galerie Francoise Heitsch eine Galerie. Zum Programm gehören 29 Künstlerinnen und Künstler.</p>

Amalienstraße 19

München
