{"id":39687,"date":"2026-09-06T10:56:33","date_gmt":"2026-09-06T10:56:33","guid":{"rendered":"https:\/\/contemporary-arts.de\/?post_type=galerie&#038;p=39687"},"modified":"2026-09-06T12:34:22","modified_gmt":"2026-09-06T12:34:22","slug":"immagis-fine-art-photography","status":"publish","type":"galerie","link":"https:\/\/contemporary-arts.de\/index.php\/galerie\/immagis-fine-art-photography\/","title":{"rendered":"Immagis &#8211; Fine Art Photography"},"content":{"rendered":"<p>Immagis &#8211; Fine Art Photography konzentriert sich in Munich auf Fotografie und Editionen. Seit der Gr\u00fcndung 2009 ist das Programm gewachsen, den Kern bilden aber weiterhin die 38 vertretenen Positionen. Zum Gesch\u00e4ft geh\u00f6rt auch der Handel mit Arbeiten aus zweiter Hand, was den Betrieb vom reinen Ausstellungsbetrieb unterscheidet.<\/p>\n","protected":false},"excerpt":{"rendered":"<p>Immagis &#8211; Fine Art Photography konzentriert sich in Munich auf Fotografie und Editionen. Seit der Gr\u00fcndung 2009 ist das Programm gewachsen, den Kern bilden aber weiterhin die 38 vertretenen Positionen. Zum Gesch\u00e4ft geh\u00f6rt auch der Handel mit Arbeiten aus zweiter Hand, was den Betrieb vom reinen Ausstellungsbetrieb unterscheidet.<\/p>\n","protected":false},"author":1,"featured_media":0,"template":"","meta":{"_acf_changed":false,"galerie_place_id":"ChIJHdh9t5qQokcRTQGMFZULbvM","galerie_address":"Gro\u00dfhesseloher Str. 14","galerie_city":"Munich","galerie_zip":"81479","galerie_country":"DE","galerie_latitude":"48.0818352","galerie_longitude":"11.5323881","galerie_phone":"+4915141935868","galerie_url":"http:\/\/www.immagis.de\/","galerie_domain":"www.immagis.de","galerie_rating_value":"4.8","galerie_rating_count":"16","galerie_galerist":"","galerie_gruendung":"2009","galerie_artists_url":"https:\/\/www.immagis.de\/artist\/overview\/111-marc-lagrange","galerie_about_url":"https:\/\/www.immagis.de\/section\/about-us","galerie_quelle_stadt":"M\u00fcnchen","galerie_werk_typ":"","galerie_online_shop":"","galerie_werk_signale":"","galerie_ranking_score":"0","galerie_ranking_rang":"8886","galerie_claimed_by":""},"kuenstler":[34135,29028,5670,6855,34136,24829],"galerie_stadt":[88],"galerie_typ":[],"galerie_land":[49],"class_list":["post-39687","galerie","type-galerie","status-publish","hentry","kuenstler-immagis-fine-arts","kuenstler-josef-fischnaller","kuenstler-marc-lagrange","kuenstler-mona-kuhn","kuenstler-steve-mccurry","kuenstler-virtual-gallery","galerie_stadt-munich","galerie_land-de"],"acf":[],"_links":{"self":[{"href":"https:\/\/contemporary-arts.de\/index.php\/wp-json\/wp\/v2\/galerie\/39687","targetHints":{"allow":["GET"]}}],"collection":[{"href":"https:\/\/contemporary-arts.de\/index.php\/wp-json\/wp\/v2\/galerie"}],"about":[{"href":"https:\/\/contemporary-arts.de\/index.php\/wp-json\/wp\/v2\/types\/galerie"}],"author":[{"embeddable":true,"href":"https:\/\/contemporary-arts.de\/index.php\/wp-json\/wp\/v2\/users\/1"}],"wp:attachment":[{"href":"https:\/\/contemporary-arts.de\/index.php\/wp-json\/wp\/v2\/media?parent=39687"}],"wp:term":[{"taxonomy":"kuenstler","embeddable":true,"href":"https:\/\/contemporary-arts.de\/index.php\/wp-json\/wp\/v2\/kuenstler?post=39687"},{"taxonomy":"galerie_stadt","embeddable":true,"href":"https:\/\/contemporary-arts.de\/index.php\/wp-json\/wp\/v2\/galerie_stadt?post=39687"},{"taxonomy":"galerie_typ","embeddable":true,"href":"https:\/\/contemporary-arts.de\/index.php\/wp-json\/wp\/v2\/galerie_typ?post=39687"},{"taxonomy":"galerie_land","embeddable":true,"href":"https:\/\/contemporary-arts.de\/index.php\/wp-json\/wp\/v2\/galerie_land?post=39687"}],"curies":[{"name":"wp","href":"https:\/\/api.w.org\/{rel}","templated":true}]}}

<p>Immagis &#8211; Fine Art Photography konzentriert sich in Munich auf Fotografie und Editionen. Seit der Gründung 2009 ist das Programm gewachsen, den Kern bilden aber weiterhin die 38 vertretenen Positionen. Zum Geschäft gehört auch der Handel mit Arbeiten aus zweiter Hand, was den Betrieb vom reinen Ausstellungsbetrieb unterscheidet.</p>

Großhesseloher Str. 14

München
