{"id":39675,"date":"2026-09-06T10:56:35","date_gmt":"2026-09-06T10:56:35","guid":{"rendered":"https:\/\/contemporary-arts.de\/?post_type=galerie&#038;p=39675"},"modified":"2026-09-06T12:37:03","modified_gmt":"2026-09-06T12:37:03","slug":"micheko-galerie-inh-michele-vitucci","status":"publish","type":"galerie","link":"https:\/\/contemporary-arts.de\/index.php\/galerie\/micheko-galerie-inh-michele-vitucci\/","title":{"rendered":"Micheko Galerie, Inh. Michele Vitucci"},"content":{"rendered":"<p>In Munich zeigt Micheko Galerie, Inh. Michele Vitucci \u00fcberwiegend Zeichnung. Zum Programm geh\u00f6ren 35 K\u00fcnstlerinnen und K\u00fcnstler.<\/p>\n","protected":false},"excerpt":{"rendered":"<p>In Munich zeigt Micheko Galerie, Inh. Michele Vitucci \u00fcberwiegend Zeichnung. Zum Programm geh\u00f6ren 35 K\u00fcnstlerinnen und K\u00fcnstler.<\/p>\n","protected":false},"author":1,"featured_media":0,"template":"","meta":{"_acf_changed":false,"galerie_place_id":"ChIJMedm5-x1nkcR6NWW-is7Me4","galerie_address":"Banatstra\u00dfe 13","galerie_city":"Munich","galerie_zip":"81377","galerie_country":"DE","galerie_latitude":"48.1197821","galerie_longitude":"11.5097769","galerie_phone":"+498985683070","galerie_url":"http:\/\/www.micheko.com\/","galerie_domain":"www.micheko.com","galerie_rating_value":"5","galerie_rating_count":"11","galerie_galerist":"","galerie_gruendung":"","galerie_artists_url":"https:\/\/www.micheko.com\/kuenstler\/","galerie_about_url":"https:\/\/www.micheko.com\/ueber-uns\/","galerie_quelle_stadt":"M\u00fcnchen","galerie_werk_typ":"","galerie_online_shop":"","galerie_werk_signale":"","galerie_ranking_score":"0","galerie_ranking_rang":"8874","galerie_claimed_by":""},"kuenstler":[34089,34090,1413,2060],"galerie_stadt":[88],"galerie_typ":[],"galerie_land":[49],"class_list":["post-39675","galerie","type-galerie","status-publish","hentry","kuenstler-hiroyuki-abe","kuenstler-kenichi-asano","kuenstler-ueber-uns","kuenstler-zum-inhalt-springen","galerie_stadt-munich","galerie_land-de"],"acf":[],"_links":{"self":[{"href":"https:\/\/contemporary-arts.de\/index.php\/wp-json\/wp\/v2\/galerie\/39675","targetHints":{"allow":["GET"]}}],"collection":[{"href":"https:\/\/contemporary-arts.de\/index.php\/wp-json\/wp\/v2\/galerie"}],"about":[{"href":"https:\/\/contemporary-arts.de\/index.php\/wp-json\/wp\/v2\/types\/galerie"}],"author":[{"embeddable":true,"href":"https:\/\/contemporary-arts.de\/index.php\/wp-json\/wp\/v2\/users\/1"}],"wp:attachment":[{"href":"https:\/\/contemporary-arts.de\/index.php\/wp-json\/wp\/v2\/media?parent=39675"}],"wp:term":[{"taxonomy":"kuenstler","embeddable":true,"href":"https:\/\/contemporary-arts.de\/index.php\/wp-json\/wp\/v2\/kuenstler?post=39675"},{"taxonomy":"galerie_stadt","embeddable":true,"href":"https:\/\/contemporary-arts.de\/index.php\/wp-json\/wp\/v2\/galerie_stadt?post=39675"},{"taxonomy":"galerie_typ","embeddable":true,"href":"https:\/\/contemporary-arts.de\/index.php\/wp-json\/wp\/v2\/galerie_typ?post=39675"},{"taxonomy":"galerie_land","embeddable":true,"href":"https:\/\/contemporary-arts.de\/index.php\/wp-json\/wp\/v2\/galerie_land?post=39675"}],"curies":[{"name":"wp","href":"https:\/\/api.w.org\/{rel}","templated":true}]}}

<p>In Munich zeigt Micheko Galerie, Inh. Michele Vitucci überwiegend Zeichnung. Zum Programm gehören 35 Künstlerinnen und Künstler.</p>

Banatstraße 13

München
