{"id":39672,"date":"2026-09-06T10:56:35","date_gmt":"2026-09-06T10:56:35","guid":{"rendered":"https:\/\/contemporary-arts.de\/?post_type=galerie&#038;p=39672"},"modified":"2026-09-06T12:34:34","modified_gmt":"2026-09-06T12:34:34","slug":"galerie-andreas-binder","status":"publish","type":"galerie","link":"https:\/\/contemporary-arts.de\/index.php\/galerie\/galerie-andreas-binder\/","title":{"rendered":"Galerie Andreas Binder"},"content":{"rendered":"<p>Galerie Andreas Binder zeigt in Munich vor allem Installation. Zum Programm geh\u00f6ren 57 K\u00fcnstlerinnen und K\u00fcnstler.<\/p>\n","protected":false},"excerpt":{"rendered":"<p>Galerie Andreas Binder zeigt in Munich vor allem Installation. Zum Programm geh\u00f6ren 57 K\u00fcnstlerinnen und K\u00fcnstler.<\/p>\n","protected":false},"author":1,"featured_media":0,"template":"","meta":{"_acf_changed":false,"galerie_place_id":"ChIJ6a59loh1nkcRsSyP9gg_Je0","galerie_address":"Kn\u00f6belstra\u00dfe 27","galerie_city":"Munich","galerie_zip":"80538","galerie_country":"DE","galerie_latitude":"48.1371824","galerie_longitude":"11.5867265","galerie_phone":"+498921939250","galerie_url":"https:\/\/www.galerieandreasbinder.de\/","galerie_domain":"www.galerieandreasbinder.de","galerie_rating_value":"4.9","galerie_rating_count":"11","galerie_galerist":"","galerie_gruendung":"","galerie_artists_url":"https:\/\/www.galerieandreasbinder.de","galerie_about_url":"","galerie_quelle_stadt":"M\u00fcnchen","galerie_werk_typ":"","galerie_online_shop":"","galerie_werk_signale":"","galerie_ranking_score":"0","galerie_ranking_rang":"8871","galerie_claimed_by":""},"kuenstler":[34146,22699,34147,5610],"galerie_stadt":[88],"galerie_typ":[],"galerie_land":[49],"class_list":["post-39672","galerie","type-galerie","status-publish","hentry","kuenstler-dieter-rehm","kuenstler-matthias-meyer","kuenstler-press-release","kuenstler-selected-works","galerie_stadt-munich","galerie_land-de"],"acf":[],"_links":{"self":[{"href":"https:\/\/contemporary-arts.de\/index.php\/wp-json\/wp\/v2\/galerie\/39672","targetHints":{"allow":["GET"]}}],"collection":[{"href":"https:\/\/contemporary-arts.de\/index.php\/wp-json\/wp\/v2\/galerie"}],"about":[{"href":"https:\/\/contemporary-arts.de\/index.php\/wp-json\/wp\/v2\/types\/galerie"}],"author":[{"embeddable":true,"href":"https:\/\/contemporary-arts.de\/index.php\/wp-json\/wp\/v2\/users\/1"}],"wp:attachment":[{"href":"https:\/\/contemporary-arts.de\/index.php\/wp-json\/wp\/v2\/media?parent=39672"}],"wp:term":[{"taxonomy":"kuenstler","embeddable":true,"href":"https:\/\/contemporary-arts.de\/index.php\/wp-json\/wp\/v2\/kuenstler?post=39672"},{"taxonomy":"galerie_stadt","embeddable":true,"href":"https:\/\/contemporary-arts.de\/index.php\/wp-json\/wp\/v2\/galerie_stadt?post=39672"},{"taxonomy":"galerie_typ","embeddable":true,"href":"https:\/\/contemporary-arts.de\/index.php\/wp-json\/wp\/v2\/galerie_typ?post=39672"},{"taxonomy":"galerie_land","embeddable":true,"href":"https:\/\/contemporary-arts.de\/index.php\/wp-json\/wp\/v2\/galerie_land?post=39672"}],"curies":[{"name":"wp","href":"https:\/\/api.w.org\/{rel}","templated":true}]}}

<p>Galerie Andreas Binder zeigt in Munich vor allem Installation. Zum Programm gehören 57 Künstlerinnen und Künstler.</p>

Knöbelstraße 27

München
