{"id":39529,"date":"2026-09-06T10:56:39","date_gmt":"2026-09-06T10:56:39","guid":{"rendered":"https:\/\/contemporary-arts.de\/?post_type=galerie&#038;p=39529"},"modified":"2026-09-06T12:37:59","modified_gmt":"2026-09-06T12:37:59","slug":"galerie-schenk-modern","status":"publish","type":"galerie","link":"https:\/\/contemporary-arts.de\/index.php\/galerie\/galerie-schenk-modern\/","title":{"rendered":"Galerie Schenk.Modern"},"content":{"rendered":"<p>Der Schwerpunkt von Galerie Schenk.Modern in Munich liegt auf Zeichnung. Zum Programm geh\u00f6ren 12 K\u00fcnstlerinnen und K\u00fcnstler.<\/p>\n","protected":false},"excerpt":{"rendered":"<p>Der Schwerpunkt von Galerie Schenk.Modern in Munich liegt auf Zeichnung. Zum Programm geh\u00f6ren 12 K\u00fcnstlerinnen und K\u00fcnstler.<\/p>\n","protected":false},"author":1,"featured_media":0,"template":"","meta":{"_acf_changed":false,"galerie_place_id":"ChIJ15ugsqGPnUcRjNGCTkTMW7M","galerie_address":"Zieblandstra\u00dfe 19","galerie_city":"Munich","galerie_zip":"80799","galerie_country":"DE","galerie_latitude":"48.1527325","galerie_longitude":"11.569268","galerie_phone":"+491705353000","galerie_url":"https:\/\/www.schenkmodern.com\/","galerie_domain":"www.schenkmodern.com","galerie_rating_value":"5","galerie_rating_count":"1","galerie_galerist":"","galerie_gruendung":"","galerie_artists_url":"https:\/\/www.schenkmodern.com\/kuenstler-innen","galerie_about_url":"https:\/\/www.schenkmodern.com\/ueber-uns","galerie_quelle_stadt":"M\u00fcnchen","galerie_werk_typ":"unbestimmt","galerie_online_shop":"nein","galerie_werk_signale":"","galerie_ranking_score":"0","galerie_ranking_rang":"9010","galerie_claimed_by":""},"kuenstler":[1721,34353,34350,34351,20878,34349,34348,1424,6165,34352,1413,24322],"galerie_stadt":[88],"galerie_typ":[],"galerie_land":[49],"class_list":["post-39529","galerie","type-galerie","status-publish","hentry","kuenstler-about-us","kuenstler-anita-oettershagen","kuenstler-camilla-iliefski","kuenstler-doris-hahlweg","kuenstler-get-in-touch","kuenstler-krjst-studio","kuenstler-lea-grebe","kuenstler-lorenz-spring","kuenstler-mirko-baselgia","kuenstler-sabine-finkenauer","kuenstler-ueber-uns","kuenstler-wolfram-scheffel","galerie_stadt-munich","galerie_land-de"],"acf":[],"_links":{"self":[{"href":"https:\/\/contemporary-arts.de\/index.php\/wp-json\/wp\/v2\/galerie\/39529","targetHints":{"allow":["GET"]}}],"collection":[{"href":"https:\/\/contemporary-arts.de\/index.php\/wp-json\/wp\/v2\/galerie"}],"about":[{"href":"https:\/\/contemporary-arts.de\/index.php\/wp-json\/wp\/v2\/types\/galerie"}],"author":[{"embeddable":true,"href":"https:\/\/contemporary-arts.de\/index.php\/wp-json\/wp\/v2\/users\/1"}],"wp:attachment":[{"href":"https:\/\/contemporary-arts.de\/index.php\/wp-json\/wp\/v2\/media?parent=39529"}],"wp:term":[{"taxonomy":"kuenstler","embeddable":true,"href":"https:\/\/contemporary-arts.de\/index.php\/wp-json\/wp\/v2\/kuenstler?post=39529"},{"taxonomy":"galerie_stadt","embeddable":true,"href":"https:\/\/contemporary-arts.de\/index.php\/wp-json\/wp\/v2\/galerie_stadt?post=39529"},{"taxonomy":"galerie_typ","embeddable":true,"href":"https:\/\/contemporary-arts.de\/index.php\/wp-json\/wp\/v2\/galerie_typ?post=39529"},{"taxonomy":"galerie_land","embeddable":true,"href":"https:\/\/contemporary-arts.de\/index.php\/wp-json\/wp\/v2\/galerie_land?post=39529"}],"curies":[{"name":"wp","href":"https:\/\/api.w.org\/{rel}","templated":true}]}}

<p>Der Schwerpunkt von Galerie Schenk.Modern in Munich liegt auf Zeichnung. Zum Programm gehören 12 Künstlerinnen und Künstler.</p>

Zieblandstraße 19

München
