{"id":39051,"date":"2026-09-06T10:57:13","date_gmt":"2026-09-06T10:57:13","guid":{"rendered":"https:\/\/contemporary-arts.de\/?post_type=galerie&#038;p=39051"},"modified":"2026-09-06T12:37:23","modified_gmt":"2026-09-06T12:37:23","slug":"galerie-ladekop","status":"publish","type":"galerie","link":"https:\/\/contemporary-arts.de\/index.php\/galerie\/galerie-ladekop\/","title":{"rendered":"Galerie Ladekop"},"content":{"rendered":"<p>In Jork zeigt Galerie Ladekop \u00fcberwiegend Zeichnung. Zum Programm geh\u00f6ren 3 K\u00fcnstlerinnen und K\u00fcnstler.<\/p>\n","protected":false},"excerpt":{"rendered":"<p>In Jork zeigt Galerie Ladekop \u00fcberwiegend Zeichnung. Zum Programm geh\u00f6ren 3 K\u00fcnstlerinnen und K\u00fcnstler.<\/p>\n","protected":false},"author":1,"featured_media":0,"template":"","meta":{"_acf_changed":false,"galerie_place_id":"ChIJ745SKiZ4sUcRhldQe4ixXME","galerie_address":"Westerladekop 137","galerie_city":"Jork","galerie_zip":"21635","galerie_country":"DE","galerie_latitude":"53.5245384","galerie_longitude":"9.6449148","galerie_phone":"+4941627712","galerie_url":"https:\/\/www.galerie-ladekop.de\/","galerie_domain":"www.galerie-ladekop.de","galerie_rating_value":"4.4","galerie_rating_count":"5","galerie_galerist":"","galerie_gruendung":"","galerie_artists_url":"https:\/\/www.galerie-ladekop.de\/kuenstler","galerie_about_url":"https:\/\/www.galerie-ladekop.de\/bildergalerie","galerie_quelle_stadt":"Hamburg","galerie_werk_typ":"","galerie_online_shop":"","galerie_werk_signale":"","galerie_ranking_score":"0","galerie_ranking_rang":"9525","galerie_claimed_by":""},"kuenstler":[7776,37061,2517],"galerie_stadt":[75],"galerie_typ":[],"galerie_land":[49],"class_list":["post-39051","galerie","type-galerie","status-publish","hentry","kuenstler-nach-oben","kuenstler-wege-zur-galerie","kuenstler-weitere-informationen","galerie_stadt-jork","galerie_land-de"],"acf":[],"_links":{"self":[{"href":"https:\/\/contemporary-arts.de\/index.php\/wp-json\/wp\/v2\/galerie\/39051","targetHints":{"allow":["GET"]}}],"collection":[{"href":"https:\/\/contemporary-arts.de\/index.php\/wp-json\/wp\/v2\/galerie"}],"about":[{"href":"https:\/\/contemporary-arts.de\/index.php\/wp-json\/wp\/v2\/types\/galerie"}],"author":[{"embeddable":true,"href":"https:\/\/contemporary-arts.de\/index.php\/wp-json\/wp\/v2\/users\/1"}],"wp:attachment":[{"href":"https:\/\/contemporary-arts.de\/index.php\/wp-json\/wp\/v2\/media?parent=39051"}],"wp:term":[{"taxonomy":"kuenstler","embeddable":true,"href":"https:\/\/contemporary-arts.de\/index.php\/wp-json\/wp\/v2\/kuenstler?post=39051"},{"taxonomy":"galerie_stadt","embeddable":true,"href":"https:\/\/contemporary-arts.de\/index.php\/wp-json\/wp\/v2\/galerie_stadt?post=39051"},{"taxonomy":"galerie_typ","embeddable":true,"href":"https:\/\/contemporary-arts.de\/index.php\/wp-json\/wp\/v2\/galerie_typ?post=39051"},{"taxonomy":"galerie_land","embeddable":true,"href":"https:\/\/contemporary-arts.de\/index.php\/wp-json\/wp\/v2\/galerie_land?post=39051"}],"curies":[{"name":"wp","href":"https:\/\/api.w.org\/{rel}","templated":true}]}}

<p>In Jork zeigt Galerie Ladekop überwiegend Zeichnung. Zum Programm gehören 3 Künstlerinnen und Künstler.</p>
