{"id":38929,"date":"2026-09-06T10:57:15","date_gmt":"2026-09-06T10:57:15","guid":{"rendered":"https:\/\/contemporary-arts.de\/?post_type=galerie&#038;p=38929"},"modified":"2026-09-06T12:34:52","modified_gmt":"2026-09-06T12:34:52","slug":"graefe-art-concept","status":"publish","type":"galerie","link":"https:\/\/contemporary-arts.de\/index.php\/galerie\/graefe-art-concept\/","title":{"rendered":"gr\u00e4fe art.concept"},"content":{"rendered":"<p>Der Schwerpunkt von gr\u00e4fe art.concept in Berlin liegt auf Fotografie. Vertreten werden 13 K\u00fcnstlerinnen und K\u00fcnstler. Neben dem Programm vor Ort ist das Haus auf Kunstmessen vertreten.<\/p>\n","protected":false},"excerpt":{"rendered":"<p>Der Schwerpunkt von gr\u00e4fe art.concept in Berlin liegt auf Fotografie. Vertreten werden 13 K\u00fcnstlerinnen und K\u00fcnstler. Neben dem Programm vor Ort ist das Haus auf Kunstmessen vertreten.<\/p>\n","protected":false},"author":1,"featured_media":0,"template":"","meta":{"_acf_changed":false,"galerie_place_id":"ChIJhSHSdgFOqEcRMrlj8xpAnEY","galerie_address":"Knesebeckstra\u00dfe 89","galerie_city":"Berlin","galerie_zip":"10623","galerie_country":"DE","galerie_latitude":"52.5079414","galerie_longitude":"13.3231027","galerie_phone":"+491728660833","galerie_url":"http:\/\/www.graefe-art.de\/","galerie_domain":"www.graefe-art.de","galerie_rating_value":"4.8","galerie_rating_count":"6","galerie_galerist":"","galerie_gruendung":"","galerie_artists_url":"http:\/\/www.graefe-art.de\/artists","galerie_about_url":"","galerie_quelle_stadt":"Berlin","galerie_werk_typ":"","galerie_online_shop":"","galerie_werk_signale":"","galerie_ranking_score":"0","galerie_ranking_rang":"9635","galerie_claimed_by":""},"kuenstler":[37239,37244,37245,31895,37242,37249,37248,37240,37247,37243,37241,15769,37246],"galerie_stadt":[48],"galerie_typ":[],"galerie_land":[49],"class_list":["post-38929","galerie","type-galerie","status-publish","hentry","kuenstler-angelika-adam","kuenstler-enam-bosokah","kuenstler-florian-flierl","kuenstler-gregor-kalus","kuenstler-hans-bohlmann","kuenstler-karina-laru-nau","kuenstler-norbert-kiby","kuenstler-petra-benndorf","kuenstler-rasmus-hirthe","kuenstler-solveig-bolduan","kuenstler-stefan-berg","kuenstler-ulrike-hansen","kuenstler-verena-hann","galerie_stadt-berlin","galerie_land-de"],"acf":[],"_links":{"self":[{"href":"https:\/\/contemporary-arts.de\/index.php\/wp-json\/wp\/v2\/galerie\/38929","targetHints":{"allow":["GET"]}}],"collection":[{"href":"https:\/\/contemporary-arts.de\/index.php\/wp-json\/wp\/v2\/galerie"}],"about":[{"href":"https:\/\/contemporary-arts.de\/index.php\/wp-json\/wp\/v2\/types\/galerie"}],"author":[{"embeddable":true,"href":"https:\/\/contemporary-arts.de\/index.php\/wp-json\/wp\/v2\/users\/1"}],"wp:attachment":[{"href":"https:\/\/contemporary-arts.de\/index.php\/wp-json\/wp\/v2\/media?parent=38929"}],"wp:term":[{"taxonomy":"kuenstler","embeddable":true,"href":"https:\/\/contemporary-arts.de\/index.php\/wp-json\/wp\/v2\/kuenstler?post=38929"},{"taxonomy":"galerie_stadt","embeddable":true,"href":"https:\/\/contemporary-arts.de\/index.php\/wp-json\/wp\/v2\/galerie_stadt?post=38929"},{"taxonomy":"galerie_typ","embeddable":true,"href":"https:\/\/contemporary-arts.de\/index.php\/wp-json\/wp\/v2\/galerie_typ?post=38929"},{"taxonomy":"galerie_land","embeddable":true,"href":"https:\/\/contemporary-arts.de\/index.php\/wp-json\/wp\/v2\/galerie_land?post=38929"}],"curies":[{"name":"wp","href":"https:\/\/api.w.org\/{rel}","templated":true}]}}

gräfe art.concept

<p>Der Schwerpunkt von gräfe art.concept in Berlin liegt auf Fotografie. Vertreten werden 13 Künstlerinnen und Künstler. Neben dem Programm vor Ort ist das Haus auf Kunstmessen vertreten.</p>

Knesebeckstraße 89
