{"id":38843,"date":"2026-09-06T10:57:19","date_gmt":"2026-09-06T10:57:19","guid":{"rendered":"https:\/\/contemporary-arts.de\/?post_type=galerie&#038;p=38843"},"modified":"2026-09-06T12:34:13","modified_gmt":"2026-09-06T12:34:13","slug":"galerie-met","status":"publish","type":"galerie","link":"https:\/\/contemporary-arts.de\/index.php\/galerie\/galerie-met\/","title":{"rendered":"Galerie Met"},"content":{"rendered":"<p>In Berlin zeigt Galerie Met \u00fcberwiegend Fotografie, Editionen und Installation. Gegr\u00fcndet 2023, geh\u00f6ren heute 38 Positionen zum Programm. Editionen und Druckgrafik halten dabei einen festen Platz neben den Unikaten.<\/p>\n","protected":false},"excerpt":{"rendered":"<p>In Berlin zeigt Galerie Met \u00fcberwiegend Fotografie, Editionen und Installation. Gegr\u00fcndet 2023, geh\u00f6ren heute 38 Positionen zum Programm. Editionen und Druckgrafik halten dabei einen festen Platz neben den Unikaten.<\/p>\n","protected":false},"author":1,"featured_media":0,"template":"","meta":{"_acf_changed":false,"galerie_place_id":"ChIJ9-BdSodPqEcR5Set0YdM7DY","galerie_address":"Mariannenstra\u00dfe 33","galerie_city":"Berlin","galerie_zip":"10999","galerie_country":"DE","galerie_latitude":"52.4974088","galerie_longitude":"13.4211178","galerie_phone":"+493029350138","galerie_url":"https:\/\/galeriemet.com\/","galerie_domain":"galeriemet.com","galerie_rating_value":"4.8","galerie_rating_count":"23","galerie_galerist":"","galerie_gruendung":"2023","galerie_artists_url":"https:\/\/galeriemet.com\/artists","galerie_about_url":"https:\/\/galeriemet.com\/about","galerie_quelle_stadt":"Berlin","galerie_werk_typ":"","galerie_online_shop":"","galerie_werk_signale":"","galerie_ranking_score":"0","galerie_ranking_rang":"9682","galerie_claimed_by":""},"kuenstler":[37493,37494,37489,37495,28405,6167,7369,32595,37496,37497,37487,37498,25849,37499,6504,37500,37501,37502,37503,37504,34364,37513,37505,6497,37488,37506,37507,1767,37508,37509,4398,37490,25772,37491,37492,37510,37511,37512],"galerie_stadt":[48],"galerie_typ":[],"galerie_land":[49],"class_list":["post-38843","galerie","type-galerie","status-publish","hentry","kuenstler-aiko-shimotsuma","kuenstler-angelika-puff","kuenstler-anna-fraire","kuenstler-anna-lucia","kuenstler-aurel-dahlgruen","kuenstler-cai-dongdong","kuenstler-collaboration-artists","kuenstler-fee-kleiss","kuenstler-friedrich-andreoni","kuenstler-fu-xiaotong","kuenstler-galerie-met","kuenstler-guiselt-thaiz","kuenstler-hanna-kaminski","kuenstler-isu-donggeon-kim","kuenstler-ivona-tau","kuenstler-jan-robert-leegte","kuenstler-kaitong-zhang","kuenstler-kallirroi-ioannidou","kuenstler-linhan-yu","kuenstler-linou-meyer","kuenstler-lukas-liese","kuenstler-magic-electronic-tape","kuenstler-manuel-tozzi","kuenstler-marcel-schwittlick","kuenstler-met-digital","kuenstler-monica-piloni","kuenstler-norman-mayn","kuenstler-privacy-policy","kuenstler-qing-lu","kuenstler-ren-han","kuenstler-represented-artists","kuenstler-shulan-wang","kuenstler-skip-to-the-content","kuenstler-uta-guan-hye","kuenstler-vasil-berela","kuenstler-yiy-zhang","kuenstler-you-hyeonkyeong","kuenstler-yun-kima","galerie_stadt-berlin","galerie_land-de"],"acf":[],"_links":{"self":[{"href":"https:\/\/contemporary-arts.de\/index.php\/wp-json\/wp\/v2\/galerie\/38843","targetHints":{"allow":["GET"]}}],"collection":[{"href":"https:\/\/contemporary-arts.de\/index.php\/wp-json\/wp\/v2\/galerie"}],"about":[{"href":"https:\/\/contemporary-arts.de\/index.php\/wp-json\/wp\/v2\/types\/galerie"}],"author":[{"embeddable":true,"href":"https:\/\/contemporary-arts.de\/index.php\/wp-json\/wp\/v2\/users\/1"}],"wp:attachment":[{"href":"https:\/\/contemporary-arts.de\/index.php\/wp-json\/wp\/v2\/media?parent=38843"}],"wp:term":[{"taxonomy":"kuenstler","embeddable":true,"href":"https:\/\/contemporary-arts.de\/index.php\/wp-json\/wp\/v2\/kuenstler?post=38843"},{"taxonomy":"galerie_stadt","embeddable":true,"href":"https:\/\/contemporary-arts.de\/index.php\/wp-json\/wp\/v2\/galerie_stadt?post=38843"},{"taxonomy":"galerie_typ","embeddable":true,"href":"https:\/\/contemporary-arts.de\/index.php\/wp-json\/wp\/v2\/galerie_typ?post=38843"},{"taxonomy":"galerie_land","embeddable":true,"href":"https:\/\/contemporary-arts.de\/index.php\/wp-json\/wp\/v2\/galerie_land?post=38843"}],"curies":[{"name":"wp","href":"https:\/\/api.w.org\/{rel}","templated":true}]}}

<p>In Berlin zeigt Galerie Met überwiegend Fotografie, Editionen und Installation. Gegründet 2023, gehören heute 38 Positionen zum Programm. Editionen und Druckgrafik halten dabei einen festen Platz neben den Unikaten.</p>

Mariannenstraße 33
