{"id":38842,"date":"2026-09-06T10:57:19","date_gmt":"2026-09-06T10:57:19","guid":{"rendered":"https:\/\/contemporary-arts.de\/?post_type=galerie&#038;p=38842"},"modified":"2026-09-06T12:34:52","modified_gmt":"2026-09-06T12:34:52","slug":"galerie-burster","status":"publish","type":"galerie","link":"https:\/\/contemporary-arts.de\/index.php\/galerie\/galerie-burster\/","title":{"rendered":"galerie burster"},"content":{"rendered":"<p>Die Galerie galerie burster sitzt in Berlin. Zum Programm geh\u00f6ren 16 K\u00fcnstlerinnen und K\u00fcnstler.<\/p>\n","protected":false},"excerpt":{"rendered":"<p>Die Galerie galerie burster sitzt in Berlin. Zum Programm geh\u00f6ren 16 K\u00fcnstlerinnen und K\u00fcnstler.<\/p>\n","protected":false},"author":1,"featured_media":0,"template":"","meta":{"_acf_changed":false,"galerie_place_id":"ChIJ2apGkftQqEcRBPBWQUq5qTY","galerie_address":"Markgrafenstra\u00dfe 68","galerie_city":"Berlin","galerie_zip":"10969","galerie_country":"DE","galerie_latitude":"52.5053162","galerie_longitude":"13.3939676","galerie_phone":"+493024334983","galerie_url":"http:\/\/www.galerieburster.com\/","galerie_domain":"www.galerieburster.com","galerie_rating_value":"5","galerie_rating_count":"6","galerie_galerist":"","galerie_gruendung":"","galerie_artists_url":"http:\/\/www.galerieburster.com\/artists\/","galerie_about_url":"","galerie_quelle_stadt":"Berlin","galerie_werk_typ":"","galerie_online_shop":"","galerie_werk_signale":"","galerie_ranking_score":"0","galerie_ranking_rang":"9681","galerie_claimed_by":""},"kuenstler":[37466,37465,37463,37464,37469,37470,25349,35639,37462,2676,37471,8135,37467,15591,1767,37468],"galerie_stadt":[48],"galerie_typ":[],"galerie_land":[49],"class_list":["post-38842","galerie","type-galerie","status-publish","hentry","kuenstler-alex-feuerstein","kuenstler-bram-braam","kuenstler-christian-august","kuenstler-enrico-bach","kuenstler-evelina-reiter","kuenstler-gary-schlingheider","kuenstler-guest-artists","kuenstler-hirofumi-fujiwara","kuenstler-laura-mercedes-arndt","kuenstler-legal-notice","kuenstler-maria-schumacher","kuenstler-markus-f-strieder","kuenstler-nina-laaf","kuenstler-nina-roeder","kuenstler-privacy-policy","kuenstler-simon-pfeffel","galerie_stadt-berlin","galerie_land-de"],"acf":[],"_links":{"self":[{"href":"https:\/\/contemporary-arts.de\/index.php\/wp-json\/wp\/v2\/galerie\/38842","targetHints":{"allow":["GET"]}}],"collection":[{"href":"https:\/\/contemporary-arts.de\/index.php\/wp-json\/wp\/v2\/galerie"}],"about":[{"href":"https:\/\/contemporary-arts.de\/index.php\/wp-json\/wp\/v2\/types\/galerie"}],"author":[{"embeddable":true,"href":"https:\/\/contemporary-arts.de\/index.php\/wp-json\/wp\/v2\/users\/1"}],"wp:attachment":[{"href":"https:\/\/contemporary-arts.de\/index.php\/wp-json\/wp\/v2\/media?parent=38842"}],"wp:term":[{"taxonomy":"kuenstler","embeddable":true,"href":"https:\/\/contemporary-arts.de\/index.php\/wp-json\/wp\/v2\/kuenstler?post=38842"},{"taxonomy":"galerie_stadt","embeddable":true,"href":"https:\/\/contemporary-arts.de\/index.php\/wp-json\/wp\/v2\/galerie_stadt?post=38842"},{"taxonomy":"galerie_typ","embeddable":true,"href":"https:\/\/contemporary-arts.de\/index.php\/wp-json\/wp\/v2\/galerie_typ?post=38842"},{"taxonomy":"galerie_land","embeddable":true,"href":"https:\/\/contemporary-arts.de\/index.php\/wp-json\/wp\/v2\/galerie_land?post=38842"}],"curies":[{"name":"wp","href":"https:\/\/api.w.org\/{rel}","templated":true}]}}

<p>Die Galerie galerie burster sitzt in Berlin. Zum Programm gehören 16 Künstlerinnen und Künstler.</p>

Markgrafenstraße 68
