{"id":38793,"date":"2026-09-06T10:57:24","date_gmt":"2026-09-06T10:57:24","guid":{"rendered":"https:\/\/contemporary-arts.de\/?post_type=galerie&#038;p=38793"},"modified":"2026-09-06T12:35:48","modified_gmt":"2026-09-06T12:35:48","slug":"showroom-galerie-georg-nothelfer","status":"publish","type":"galerie","link":"https:\/\/contemporary-arts.de\/index.php\/galerie\/showroom-galerie-georg-nothelfer\/","title":{"rendered":"Showroom Galerie Georg Nothelfer"},"content":{"rendered":"<p>Der Schwerpunkt von Showroom Galerie Georg Nothelfer in Berlin liegt auf Malerei. Zum Programm geh\u00f6ren 42 K\u00fcnstlerinnen und K\u00fcnstler.<\/p>\n","protected":false},"excerpt":{"rendered":"<p>Der Schwerpunkt von Showroom Galerie Georg Nothelfer in Berlin liegt auf Malerei. Zum Programm geh\u00f6ren 42 K\u00fcnstlerinnen und K\u00fcnstler.<\/p>\n","protected":false},"author":1,"featured_media":0,"template":"","meta":{"_acf_changed":false,"galerie_place_id":"ChIJ7yTCvfxQqEcRN-1RXxEXfQQ","galerie_address":"Grolmanstra\u00dfe 28","galerie_city":"Berlin","galerie_zip":"10623","galerie_country":"DE","galerie_latitude":"52.5045231","galerie_longitude":"13.3231629","galerie_phone":"+493088728598","galerie_url":"http:\/\/www.galerie-nothelfer.de\/","galerie_domain":"www.galerie-nothelfer.de","galerie_rating_value":"5","galerie_rating_count":"1","galerie_galerist":"","galerie_gruendung":"","galerie_artists_url":"https:\/\/www.galerie-nothelfer.de\/de\/artists","galerie_about_url":"https:\/\/www.galerie-nothelfer.de\/de\/page\/3-about-us","galerie_quelle_stadt":"Berlin","galerie_werk_typ":"","galerie_online_shop":"","galerie_werk_signale":"","galerie_ranking_score":"0","galerie_ranking_rang":"9796","galerie_claimed_by":""},"kuenstler":[1669,8664,32201,24884,37703,3819,37707,22346,1614,37706,22354,21807,37701,37712,21594,21591,4163,6424,37710,12140,28380,20951,17253,4010,20113,18519,37702,37705,18440,26325,37711,24866,1664,6404,17878,3813,37704,11562,37708,1413,37709,21805],"galerie_stadt":[48],"galerie_typ":[],"galerie_land":[49],"class_list":["post-38793","galerie","type-galerie","status-publish","hentry","kuenstler-antoni-tapies","kuenstler-arnulf-rainer","kuenstler-britta-lumer","kuenstler-christoph-m-gais","kuenstler-damien-daufresne","kuenstler-daniel-spoerri","kuenstler-delia-juergens","kuenstler-edgar-hofschen","kuenstler-eduardo-chillida","kuenstler-elmira-iravanizad","kuenstler-emil-schumacher","kuenstler-fred-thieler","kuenstler-galerie-georg-nothelfer-en","kuenstler-geerten-verheus","kuenstler-georges-noel","kuenstler-gerhard-hoehme","kuenstler-henri-michaux","kuenstler-jan-voss","kuenstler-jenny-michel","kuenstler-juergen-messensee","kuenstler-k-o-goetz","kuenstler-k-r-h-sonderborg","kuenstler-karl-fred-dahmen","kuenstler-kazuo-shiraga","kuenstler-laszlo-lakner","kuenstler-madeleine-dietz","kuenstler-mahdad-alizadeh","kuenstler-manfred-hamm","kuenstler-max-neumann","kuenstler-michael-buthe","kuenstler-oliver-thie","kuenstler-peter-bruening","kuenstler-richard-serra","kuenstler-robert-motherwell","kuenstler-robert-schad","kuenstler-rolf-iseli","kuenstler-stella-geppert","kuenstler-thomas-hartmann","kuenstler-toni-mauersberg","kuenstler-ueber-uns","kuenstler-walter-menne","kuenstler-walter-stoehrer","galerie_stadt-berlin","galerie_land-de"],"acf":[],"_links":{"self":[{"href":"https:\/\/contemporary-arts.de\/index.php\/wp-json\/wp\/v2\/galerie\/38793","targetHints":{"allow":["GET"]}}],"collection":[{"href":"https:\/\/contemporary-arts.de\/index.php\/wp-json\/wp\/v2\/galerie"}],"about":[{"href":"https:\/\/contemporary-arts.de\/index.php\/wp-json\/wp\/v2\/types\/galerie"}],"author":[{"embeddable":true,"href":"https:\/\/contemporary-arts.de\/index.php\/wp-json\/wp\/v2\/users\/1"}],"wp:attachment":[{"href":"https:\/\/contemporary-arts.de\/index.php\/wp-json\/wp\/v2\/media?parent=38793"}],"wp:term":[{"taxonomy":"kuenstler","embeddable":true,"href":"https:\/\/contemporary-arts.de\/index.php\/wp-json\/wp\/v2\/kuenstler?post=38793"},{"taxonomy":"galerie_stadt","embeddable":true,"href":"https:\/\/contemporary-arts.de\/index.php\/wp-json\/wp\/v2\/galerie_stadt?post=38793"},{"taxonomy":"galerie_typ","embeddable":true,"href":"https:\/\/contemporary-arts.de\/index.php\/wp-json\/wp\/v2\/galerie_typ?post=38793"},{"taxonomy":"galerie_land","embeddable":true,"href":"https:\/\/contemporary-arts.de\/index.php\/wp-json\/wp\/v2\/galerie_land?post=38793"}],"curies":[{"name":"wp","href":"https:\/\/api.w.org\/{rel}","templated":true}]}}

<p>Der Schwerpunkt von Showroom Galerie Georg Nothelfer in Berlin liegt auf Malerei. Zum Programm gehören 42 Künstlerinnen und Künstler.</p>

Grolmanstraße 28
