{"id":38771,"date":"2026-09-06T10:57:23","date_gmt":"2026-09-06T10:57:23","guid":{"rendered":"https:\/\/contemporary-arts.de\/?post_type=galerie&#038;p=38771"},"modified":"2026-09-06T12:37:26","modified_gmt":"2026-09-06T12:37:26","slug":"erguen-oezdemir-karsch-galerie-nierendorf","status":"publish","type":"galerie","link":"https:\/\/contemporary-arts.de\/index.php\/galerie\/erguen-oezdemir-karsch-galerie-nierendorf\/","title":{"rendered":"Erg\u00fcn \u00d6zdemir-Karsch Galerie Nierendorf"},"content":{"rendered":"<p>Erg\u00fcn \u00d6zdemir-Karsch Galerie Nierendorf arbeitet als Galerie in Berlin. Vertreten werden 150 K\u00fcnstlerinnen und K\u00fcnstler.<\/p>\n","protected":false},"excerpt":{"rendered":"<p>Erg\u00fcn \u00d6zdemir-Karsch Galerie Nierendorf arbeitet als Galerie in Berlin. Vertreten werden 150 K\u00fcnstlerinnen und K\u00fcnstler.<\/p>\n","protected":false},"author":1,"featured_media":0,"template":"","meta":{"_acf_changed":false,"galerie_place_id":"ChIJh2JV6P1QqEcRJTeE4jagJQQ","galerie_address":"Hardenbergstra\u00dfe 19","galerie_city":"Berlin","galerie_zip":"10623","galerie_country":"DE","galerie_latitude":"52.5072231","galerie_longitude":"13.3294121","galerie_phone":"+49308325013","galerie_url":"https:\/\/nierendorf.com\/","galerie_domain":"nierendorf.com","galerie_rating_value":"5","galerie_rating_count":"4","galerie_galerist":"","galerie_gruendung":"","galerie_artists_url":"https:\/\/nierendorf.com\/de\/kuenstler","galerie_about_url":"https:\/\/nierendorf.com\/de\/ueber-galerie-nierendorf","galerie_quelle_stadt":"Berlin","galerie_werk_typ":"","galerie_online_shop":"","galerie_werk_signale":"","galerie_ranking_score":"0","galerie_ranking_rang":"9774","galerie_claimed_by":""},"kuenstler":[13651,25126,10204,25201,2382,26438,37597,11548,37598,37601,37599,37600,23314,37602,37371,37604,37603,37605,25171,37606,37607,10217,15867,23311,37608,15892,19874,20932,37609,4933,25194,37610,10199,37611,37612,37613,14841,37614,12175,4928,37615,19886,37616,37617,37618,8579,20949,32888,37619,29815,37620,37621,37622,32889,37623,4927,3551,19885,1482,37668,37667,37365,12863,37625,37624,17270,18287,25216,37626,2362,2466,25040,25053,25187,20945,19887,27956,37627,26822,12557,37628,1624,37629,27719,21835,37630,37631,19880,5883,19884,27410,37632,37633,13684,37634,18285,37635,37636,37637,37638,4924,37639,18403,27568,1612,37640,1491,37641,37642,37643,37644,20457,4918,37645,20455,2337,4934,37646,9589,17337,37647,25083,37648,37649,37650,10209,1497,37651,37652,37653,26859,1488,8613,8567,37654,29818,37655,26724,37656,37657,37658,37659,37660,9595,35026,37661,37662,8561,37663,37664,21788,26661,37665,37666,7976],"galerie_stadt":[48],"galerie_typ":[],"galerie_land":[49],"class_list":["post-38771","galerie","type-galerie","status-publish","hentry","kuenstler-alexander-archipenko","kuenstler-alexander-kanoldt","kuenstler-alfred-kubin","kuenstler-alfred-partikel","kuenstler-anders-zorn","kuenstler-arthur-degner","kuenstler-arwed-d-gorella","kuenstler-august-wilhelm-dressler","kuenstler-augusta-von-zitzewitz","kuenstler-bela-czobel","kuenstler-bernd-krueerke","kuenstler-bernhard-klein","kuenstler-bernhard-kretzschmar","kuenstler-camille-pissaro","kuenstler-carl-grossberg","kuenstler-carl-lorenz","kuenstler-carl-heinz-kliemann","kuenstler-carla-pohle","kuenstler-carlo-mense","kuenstler-charlotte-berend-corinth","kuenstler-christa-duell","kuenstler-christian-rohlfs","kuenstler-christian-schad","kuenstler-conrad-felixmueller","kuenstler-dorothea-hahn","kuenstler-edouard-manet","kuenstler-eduard-bargheer","kuenstler-eduard-braun","kuenstler-ehrhard-gross","kuenstler-emil-nolde","kuenstler-emil-orlik","kuenstler-emil-rudolf-weiss","kuenstler-erich-heckel","kuenstler-erich-heinsheim","kuenstler-erich-stephani","kuenstler-erna-frank","kuenstler-ernst-barlach","kuenstler-ernst-fritsch","kuenstler-ernst-fuchs","kuenstler-ernst-ludwig-kirchner","kuenstler-ernst-oppler","kuenstler-ewald-matare","kuenstler-florian-karsch","kuenstler-francisco-jose-de-goya","kuenstler-franz-lenk","kuenstler-franz-marc","kuenstler-franz-theodor-schuett","kuenstler-franz-xaver-fuhr","kuenstler-fritz-bleyl","kuenstler-georg-kolbe","kuenstler-georg-lippmann","kuenstler-georg-quenzel","kuenstler-georg-schrimpf","kuenstler-georg-tappert","kuenstler-georg-weise","kuenstler-george-grosz","kuenstler-georges-braque","kuenstler-gerhard-marcks","kuenstler-giorgio-de-chirico","kuenstler-google-advertising","kuenstler-google-analytics","kuenstler-gottfried-brockmann","kuenstler-guenter-grass","kuenstler-guenter-r-kokott","kuenstler-gustav-heinrich","kuenstler-hannah-hoech","kuenstler-hans-meid","kuenstler-hans-purrmann","kuenstler-hans-stein","kuenstler-hans-thoma","kuenstler-hap-grieshaber","kuenstler-heinrich-campendonk","kuenstler-heinrich-maria-davringhausen","kuenstler-heinrich-nauen","kuenstler-heinrich-richter-berlin","kuenstler-heinrich-zille","kuenstler-hermann-struck","kuenstler-herta-neumann","kuenstler-horst-heinen","kuenstler-horst-janssen","kuenstler-inge-karsch","kuenstler-jean-dubuffet","kuenstler-joachim-karsch","kuenstler-joachim-ragoczy","kuenstler-josef-scharl","kuenstler-karin-heller-engel","kuenstler-karl-hermann-haupt","kuenstler-karl-hofer","kuenstler-karl-schmidt-rottluff","kuenstler-kaethe-kollwitz","kuenstler-kurt-muehlenhaupt","kuenstler-kurt-scheele","kuenstler-lenore-brennert","kuenstler-lesser-ury","kuenstler-loulou-albert-lazard","kuenstler-lovis-corinth","kuenstler-ludwig-meidner","kuenstler-ludwig-peter-kowalski","kuenstler-ludwig-scharl","kuenstler-lux-feininger","kuenstler-lyonel-feininger","kuenstler-manfred-bluth","kuenstler-manfred-butzmann","kuenstler-manfred-pietsch","kuenstler-marc-chagall","kuenstler-marcel-breuer","kuenstler-marino-marini","kuenstler-marion-ehrsam","kuenstler-marta-worringer","kuenstler-martel-schwichtenberg","kuenstler-martin-paatz","kuenstler-matthias-koeppel","kuenstler-max-beckmann","kuenstler-max-burchartz","kuenstler-max-kaus","kuenstler-max-liebermann","kuenstler-max-pechstein","kuenstler-michel-kikoine","kuenstler-oskar-kokoschka","kuenstler-otto-dix","kuenstler-otto-eglau","kuenstler-otto-gleichmann","kuenstler-otto-herbig","kuenstler-otto-lange","kuenstler-otto-moeller","kuenstler-otto-mueller","kuenstler-pablo-picasso","kuenstler-paul-edouard-crebassa","kuenstler-paul-ehrlich","kuenstler-paul-gangolf","kuenstler-paul-herrmann","kuenstler-paul-klee","kuenstler-paula-modersohn-becker","kuenstler-pierre-auguste-renoir","kuenstler-r-kuhlmann","kuenstler-renee-sintenis","kuenstler-richard-janthur","kuenstler-rudolf-grossmann","kuenstler-rudolf-moeller","kuenstler-rudolf-schlichter","kuenstler-siegfried-kuehl","kuenstler-sigurd-kuschnerus","kuenstler-ulrich-neujahr","kuenstler-ursula-strozynski","kuenstler-walter-gramatte","kuenstler-walter-krzywicki","kuenstler-walther-kohlhoff","kuenstler-wassily-kandinsky","kuenstler-werner-drewes","kuenstler-wilhelm-oesterle","kuenstler-willi-baumeister","kuenstler-willi-geiger","kuenstler-willi-hempel","kuenstler-willi-jaeckel","kuenstler-zum-hauptinhalt-springen","galerie_stadt-berlin","galerie_land-de"],"acf":[],"_links":{"self":[{"href":"https:\/\/contemporary-arts.de\/index.php\/wp-json\/wp\/v2\/galerie\/38771","targetHints":{"allow":["GET"]}}],"collection":[{"href":"https:\/\/contemporary-arts.de\/index.php\/wp-json\/wp\/v2\/galerie"}],"about":[{"href":"https:\/\/contemporary-arts.de\/index.php\/wp-json\/wp\/v2\/types\/galerie"}],"author":[{"embeddable":true,"href":"https:\/\/contemporary-arts.de\/index.php\/wp-json\/wp\/v2\/users\/1"}],"wp:attachment":[{"href":"https:\/\/contemporary-arts.de\/index.php\/wp-json\/wp\/v2\/media?parent=38771"}],"wp:term":[{"taxonomy":"kuenstler","embeddable":true,"href":"https:\/\/contemporary-arts.de\/index.php\/wp-json\/wp\/v2\/kuenstler?post=38771"},{"taxonomy":"galerie_stadt","embeddable":true,"href":"https:\/\/contemporary-arts.de\/index.php\/wp-json\/wp\/v2\/galerie_stadt?post=38771"},{"taxonomy":"galerie_typ","embeddable":true,"href":"https:\/\/contemporary-arts.de\/index.php\/wp-json\/wp\/v2\/galerie_typ?post=38771"},{"taxonomy":"galerie_land","embeddable":true,"href":"https:\/\/contemporary-arts.de\/index.php\/wp-json\/wp\/v2\/galerie_land?post=38771"}],"curies":[{"name":"wp","href":"https:\/\/api.w.org\/{rel}","templated":true}]}}

Ergün Özdemir-Karsch Galerie Nierendorf

<p>Ergün Özdemir-Karsch Galerie Nierendorf arbeitet als Galerie in Berlin. Vertreten werden 150 Künstlerinnen und Künstler.</p>

Hardenbergstraße 19
