{"id":38667,"date":"2026-09-06T10:57:25","date_gmt":"2026-09-06T10:57:25","guid":{"rendered":"https:\/\/contemporary-arts.de\/?post_type=galerie&#038;p=38667"},"modified":"2026-09-06T12:35:07","modified_gmt":"2026-09-06T12:35:07","slug":"galerie-luzan-berlin","status":"publish","type":"galerie","link":"https:\/\/contemporary-arts.de\/index.php\/galerie\/galerie-luzan-berlin\/","title":{"rendered":"Galerie Luz\u00e1n Berlin"},"content":{"rendered":"<p>Die Galerie Galerie Luz\u00e1n Berlin sitzt in Berlin. Seit der Gr\u00fcndung 1994 ist das Programm gewachsen, den Kern bilden aber weiterhin die 10 vertretenen Positionen. Neben dem Programm vor Ort ist das Haus auf Kunstmessen vertreten.<\/p>\n","protected":false},"excerpt":{"rendered":"<p>Die Galerie Galerie Luz\u00e1n Berlin sitzt in Berlin. Seit der Gr\u00fcndung 1994 ist das Programm gewachsen, den Kern bilden aber weiterhin die 10 vertretenen Positionen. Neben dem Programm vor Ort ist das Haus auf Kunstmessen vertreten.<\/p>\n","protected":false},"author":1,"featured_media":0,"template":"","meta":{"_acf_changed":false,"galerie_place_id":"ChIJSco3fPlQqEcRVndIw0Z2iwI","galerie_address":"Fasanenstra\u00dfe 68","galerie_city":"Berlin","galerie_zip":"10719","galerie_country":"DE","galerie_latitude":"52.5008393","galerie_longitude":"13.3273463","galerie_phone":"+493053678150","galerie_url":"http:\/\/www.luzan-berlin.de\/","galerie_domain":"www.luzan-berlin.de","galerie_rating_value":"5","galerie_rating_count":"4","galerie_galerist":"","galerie_gruendung":"1994","galerie_artists_url":"http:\/\/www.luzan-berlin.de\/pages\/kunstler","galerie_about_url":"http:\/\/www.luzan-berlin.de\/pages\/ueber-uns","galerie_quelle_stadt":"Berlin","galerie_werk_typ":"","galerie_online_shop":"","galerie_werk_signale":"","galerie_ranking_score":"0","galerie_ranking_rang":"9837","galerie_claimed_by":""},"kuenstler":[9778,16414,5881,37951,16658,11626,1413,21805,4552,21788],"galerie_stadt":[48],"galerie_typ":[],"galerie_land":[49],"class_list":["post-38667","galerie","type-galerie","status-publish","hentry","kuenstler-back-to-top","kuenstler-dein-warenkorb-ist-leer","kuenstler-ernst-wilhelm-nay","kuenstler-galerie-luzan","kuenstler-georg-karl-pfahler","kuenstler-mehr-lesen","kuenstler-ueber-uns","kuenstler-walter-stoehrer","kuenstler-weiter-einkaufen","kuenstler-willi-baumeister","galerie_stadt-berlin","galerie_land-de"],"acf":[],"_links":{"self":[{"href":"https:\/\/contemporary-arts.de\/index.php\/wp-json\/wp\/v2\/galerie\/38667","targetHints":{"allow":["GET"]}}],"collection":[{"href":"https:\/\/contemporary-arts.de\/index.php\/wp-json\/wp\/v2\/galerie"}],"about":[{"href":"https:\/\/contemporary-arts.de\/index.php\/wp-json\/wp\/v2\/types\/galerie"}],"author":[{"embeddable":true,"href":"https:\/\/contemporary-arts.de\/index.php\/wp-json\/wp\/v2\/users\/1"}],"wp:attachment":[{"href":"https:\/\/contemporary-arts.de\/index.php\/wp-json\/wp\/v2\/media?parent=38667"}],"wp:term":[{"taxonomy":"kuenstler","embeddable":true,"href":"https:\/\/contemporary-arts.de\/index.php\/wp-json\/wp\/v2\/kuenstler?post=38667"},{"taxonomy":"galerie_stadt","embeddable":true,"href":"https:\/\/contemporary-arts.de\/index.php\/wp-json\/wp\/v2\/galerie_stadt?post=38667"},{"taxonomy":"galerie_typ","embeddable":true,"href":"https:\/\/contemporary-arts.de\/index.php\/wp-json\/wp\/v2\/galerie_typ?post=38667"},{"taxonomy":"galerie_land","embeddable":true,"href":"https:\/\/contemporary-arts.de\/index.php\/wp-json\/wp\/v2\/galerie_land?post=38667"}],"curies":[{"name":"wp","href":"https:\/\/api.w.org\/{rel}","templated":true}]}}

Galerie Luzán Berlin

<p>Die Galerie Galerie Luzán Berlin sitzt in Berlin. Seit der Gründung 1994 ist das Programm gewachsen, den Kern bilden aber weiterhin die 10 vertretenen Positionen. Neben dem Programm vor Ort ist das Haus auf Kunstmessen vertreten.</p>

Fasanenstraße 68
