{"id":38659,"date":"2026-09-06T10:57:25","date_gmt":"2026-09-06T10:57:25","guid":{"rendered":"https:\/\/contemporary-arts.de\/?post_type=galerie&#038;p=38659"},"modified":"2026-09-06T12:35:48","modified_gmt":"2026-09-06T12:35:48","slug":"ww-gallery","status":"publish","type":"galerie","link":"https:\/\/contemporary-arts.de\/index.php\/galerie\/ww-gallery\/","title":{"rendered":"W&amp;W-Gallery"},"content":{"rendered":"<p>In Blankenfelde-Mahlow zeigt W&#038;W-Gallery \u00fcberwiegend Editionen. Vertreten werden 11 K\u00fcnstlerinnen und K\u00fcnstler.<\/p>\n","protected":false},"excerpt":{"rendered":"<p>In Blankenfelde-Mahlow zeigt W&#038;W-Gallery \u00fcberwiegend Editionen. Vertreten werden 11 K\u00fcnstlerinnen und K\u00fcnstler.<\/p>\n","protected":false},"author":1,"featured_media":0,"template":"","meta":{"_acf_changed":false,"galerie_place_id":"ChIJg27HqhhDqEcRHZ8KW1J9svw","galerie_address":"auf Anfrage","galerie_city":"Blankenfelde-Mahlow","galerie_zip":"15831","galerie_country":"DE","galerie_latitude":"52.3551077","galerie_longitude":"13.3966541","galerie_phone":"","galerie_url":"https:\/\/www.kunst-wierzoch.gallery\/","galerie_domain":"www.kunst-wierzoch.gallery","galerie_rating_value":"5","galerie_rating_count":"1","galerie_galerist":"","galerie_gruendung":"","galerie_artists_url":"https:\/\/www.kunst-wierzoch.gallery\/kuenstler","galerie_about_url":"https:\/\/www.kunst-wierzoch.gallery\/ueber-uns","galerie_quelle_stadt":"Berlin","galerie_werk_typ":"","galerie_online_shop":"","galerie_werk_signale":"","galerie_ranking_score":"0","galerie_ranking_rang":"9829","galerie_claimed_by":""},"kuenstler":[25980,5598,14706,3519,15824,6783,18533,37866,37865,1413,9151],"galerie_stadt":[56],"galerie_typ":[],"galerie_land":[49],"class_list":["post-38659","galerie","type-galerie","status-publish","hentry","kuenstler-andreas-schiller","kuenstler-devin-miles","kuenstler-horst-kistner","kuenstler-james-rizzi","kuenstler-jutta-votteler","kuenstler-karl-lagerfeld","kuenstler-peter-bauer","kuenstler-sanda-rauch","kuenstler-tim-davis","kuenstler-ueber-uns","kuenstler-udo-lindenberg","galerie_stadt-blankenfelde-mahlow","galerie_land-de"],"acf":[],"_links":{"self":[{"href":"https:\/\/contemporary-arts.de\/index.php\/wp-json\/wp\/v2\/galerie\/38659","targetHints":{"allow":["GET"]}}],"collection":[{"href":"https:\/\/contemporary-arts.de\/index.php\/wp-json\/wp\/v2\/galerie"}],"about":[{"href":"https:\/\/contemporary-arts.de\/index.php\/wp-json\/wp\/v2\/types\/galerie"}],"author":[{"embeddable":true,"href":"https:\/\/contemporary-arts.de\/index.php\/wp-json\/wp\/v2\/users\/1"}],"wp:attachment":[{"href":"https:\/\/contemporary-arts.de\/index.php\/wp-json\/wp\/v2\/media?parent=38659"}],"wp:term":[{"taxonomy":"kuenstler","embeddable":true,"href":"https:\/\/contemporary-arts.de\/index.php\/wp-json\/wp\/v2\/kuenstler?post=38659"},{"taxonomy":"galerie_stadt","embeddable":true,"href":"https:\/\/contemporary-arts.de\/index.php\/wp-json\/wp\/v2\/galerie_stadt?post=38659"},{"taxonomy":"galerie_typ","embeddable":true,"href":"https:\/\/contemporary-arts.de\/index.php\/wp-json\/wp\/v2\/galerie_typ?post=38659"},{"taxonomy":"galerie_land","embeddable":true,"href":"https:\/\/contemporary-arts.de\/index.php\/wp-json\/wp\/v2\/galerie_land?post=38659"}],"curies":[{"name":"wp","href":"https:\/\/api.w.org\/{rel}","templated":true}]}}

<p>In Blankenfelde-Mahlow zeigt W&#038;W-Gallery überwiegend Editionen. Vertreten werden 11 Künstlerinnen und Künstler.</p>
