{"id":38637,"date":"2026-09-06T10:57:32","date_gmt":"2026-09-06T10:57:32","guid":{"rendered":"https:\/\/contemporary-arts.de\/?post_type=galerie&#038;p=38637"},"modified":"2026-09-06T12:33:54","modified_gmt":"2026-09-06T12:33:54","slug":"galerie-mensing-9","status":"publish","type":"galerie","link":"https:\/\/contemporary-arts.de\/index.php\/galerie\/galerie-mensing-9\/","title":{"rendered":"Galerie Mensing"},"content":{"rendered":"<p>Gezeigt wird bei Galerie Mensing in Berlin \u00fcberwiegend Skulptur. Gezeigt werden Arbeiten von 45 K\u00fcnstlerinnen und K\u00fcnstlern.<\/p>\n","protected":false},"excerpt":{"rendered":"<p>Gezeigt wird bei Galerie Mensing in Berlin \u00fcberwiegend Skulptur. Gezeigt werden Arbeiten von 45 K\u00fcnstlerinnen und K\u00fcnstlern.<\/p>\n","protected":false},"author":1,"featured_media":0,"template":"","meta":{"_acf_changed":false,"galerie_place_id":"ChIJK9lw6tpRqEcR3BCaoW_RGPo","galerie_address":"Friedrichstra\u00dfe 169-171","galerie_city":"Berlin","galerie_zip":"10117","galerie_country":"DE","galerie_latitude":"52.5148623","galerie_longitude":"13.388907","galerie_phone":"+493020625073","galerie_url":"https:\/\/www.galerie-mensing.de\/galleries\/galerie-mensing-berlin","galerie_domain":"www.galerie-mensing.de","galerie_rating_value":"4.5","galerie_rating_count":"68","galerie_galerist":"","galerie_gruendung":"","galerie_artists_url":"https:\/\/www.galerie-mensing.de\/artists","galerie_about_url":"https:\/\/www.galerie-mensing.de\/about-us","galerie_quelle_stadt":"Berlin","galerie_werk_typ":"","galerie_online_shop":"","galerie_werk_signale":"","galerie_ranking_score":"0","galerie_ranking_rang":"9967","galerie_claimed_by":""},"kuenstler":[16554,16576,16565,2050,16571,16561,2049,2051,16556,16569,3182,6255,16563,16574,16555,3162,16552,16570,16568,16562,16566,16572,3151,16558,1642,3163,3181,3548,16567,1612,16573,4648,3180,1497,3205,16560,16564,8909,3130,16557,16553,16559,2048,1413,3175],"galerie_stadt":[48],"galerie_typ":[],"galerie_land":[49],"class_list":["post-38637","galerie","type-galerie","status-publish","hentry","kuenstler-art-finder","kuenstler-art-for-help","kuenstler-atelier-lieverse","kuenstler-bram-reijnders","kuenstler-burton-morris","kuenstler-carl-jaunay","kuenstler-charles-fazzino","kuenstler-craig-alan","kuenstler-del-maro","kuenstler-detlef-rahn","kuenstler-diana-korn","kuenstler-diverse-kuenstler","kuenstler-elena-lobanowa","kuenstler-erik-salin","kuenstler-felix-blume","kuenstler-fred-allard","kuenstler-galerie-mensing","kuenstler-geraldine-morin","kuenstler-giorgio-rocca","kuenstler-guy-boudro","kuenstler-hans-jochem-bakker","kuenstler-iliya-zhelev","kuenstler-isabelle-scheltjens","kuenstler-james-chiew","kuenstler-joan-miro","kuenstler-joel-amit","kuenstler-laurence-jenkell","kuenstler-lis-sam","kuenstler-luigi-rocca","kuenstler-marc-chagall","kuenstler-marnali-art","kuenstler-mr-brainwash","kuenstler-nemo-jantzen","kuenstler-pablo-picasso","kuenstler-patrick-rubinstein","kuenstler-paul-thierry","kuenstler-robert-euwe","kuenstler-romero-britto","kuenstler-salvador-dali","kuenstler-sergej-chursyn","kuenstler-special-sale","kuenstler-timothy-banks","kuenstler-tom-boston","kuenstler-ueber-uns","kuenstler-uri-dushy","galerie_stadt-berlin","galerie_land-de"],"acf":[],"_links":{"self":[{"href":"https:\/\/contemporary-arts.de\/index.php\/wp-json\/wp\/v2\/galerie\/38637","targetHints":{"allow":["GET"]}}],"collection":[{"href":"https:\/\/contemporary-arts.de\/index.php\/wp-json\/wp\/v2\/galerie"}],"about":[{"href":"https:\/\/contemporary-arts.de\/index.php\/wp-json\/wp\/v2\/types\/galerie"}],"author":[{"embeddable":true,"href":"https:\/\/contemporary-arts.de\/index.php\/wp-json\/wp\/v2\/users\/1"}],"wp:attachment":[{"href":"https:\/\/contemporary-arts.de\/index.php\/wp-json\/wp\/v2\/media?parent=38637"}],"wp:term":[{"taxonomy":"kuenstler","embeddable":true,"href":"https:\/\/contemporary-arts.de\/index.php\/wp-json\/wp\/v2\/kuenstler?post=38637"},{"taxonomy":"galerie_stadt","embeddable":true,"href":"https:\/\/contemporary-arts.de\/index.php\/wp-json\/wp\/v2\/galerie_stadt?post=38637"},{"taxonomy":"galerie_typ","embeddable":true,"href":"https:\/\/contemporary-arts.de\/index.php\/wp-json\/wp\/v2\/galerie_typ?post=38637"},{"taxonomy":"galerie_land","embeddable":true,"href":"https:\/\/contemporary-arts.de\/index.php\/wp-json\/wp\/v2\/galerie_land?post=38637"}],"curies":[{"name":"wp","href":"https:\/\/api.w.org\/{rel}","templated":true}]}}

<p>Gezeigt wird bei Galerie Mensing in Berlin überwiegend Skulptur. Gezeigt werden Arbeiten von 45 Künstlerinnen und Künstlern.</p>

Friedrichstraße 169-171
