{"id":38635,"date":"2026-09-06T10:57:32","date_gmt":"2026-09-06T10:57:32","guid":{"rendered":"https:\/\/contemporary-arts.de\/?post_type=galerie&#038;p=38635"},"modified":"2026-09-06T12:34:22","modified_gmt":"2026-09-06T12:34:22","slug":"galerie-neukoelln","status":"publish","type":"galerie","link":"https:\/\/contemporary-arts.de\/index.php\/galerie\/galerie-neukoelln\/","title":{"rendered":"Galerie Neuk\u00f6lln"},"content":{"rendered":"<p>Galerie Neuk\u00f6lln ist eine Galerie in Berlin. Bestehend seit 2024, umfasst das Programm inzwischen 9 K\u00fcnstlerinnen und K\u00fcnstler.<\/p>\n","protected":false},"excerpt":{"rendered":"<p>Galerie Neuk\u00f6lln ist eine Galerie in Berlin. Bestehend seit 2024, umfasst das Programm inzwischen 9 K\u00fcnstlerinnen und K\u00fcnstler.<\/p>\n","protected":false},"author":1,"featured_media":0,"template":"","meta":{"_acf_changed":false,"galerie_place_id":"ChIJnV8RO31PqEcRAO7izALDCfo","galerie_address":"Karl-Marx-Stra\u00dfe 107","galerie_city":"Berlin","galerie_zip":"12043","galerie_country":"DE","galerie_latitude":"52.4791704","galerie_longitude":"13.4379131","galerie_phone":"","galerie_url":"https:\/\/www.galerie-neukoelln.de\/","galerie_domain":"www.galerie-neukoelln.de","galerie_rating_value":"5","galerie_rating_count":"16","galerie_galerist":"","galerie_gruendung":"2024","galerie_artists_url":"https:\/\/www.galerie-neukoelln.de\/blog\/ode-an-die-freude---meet-the-artists","galerie_about_url":"https:\/\/www.galerie-neukoelln.de\/blog\/about","galerie_quelle_stadt":"Berlin","galerie_werk_typ":"","galerie_online_shop":"","galerie_werk_signale":"","galerie_ranking_score":"0","galerie_ranking_rang":"9965","galerie_claimed_by":""},"kuenstler":[14457,11674,20878,38412,38415,38413,38414,38416],"galerie_stadt":[48],"galerie_typ":[],"galerie_land":[49],"class_list":["post-38635","galerie","type-galerie","status-publish","hentry","kuenstler-aaron-rahe","kuenstler-follow-us-on-instagram","kuenstler-get-in-touch","kuenstler-laurence-ermacova","kuenstler-phillip-staffa","kuenstler-rachael-jablo","kuenstler-siena-powers","kuenstler-subscribe-to-our-newletter","galerie_stadt-berlin","galerie_land-de"],"acf":[],"_links":{"self":[{"href":"https:\/\/contemporary-arts.de\/index.php\/wp-json\/wp\/v2\/galerie\/38635","targetHints":{"allow":["GET"]}}],"collection":[{"href":"https:\/\/contemporary-arts.de\/index.php\/wp-json\/wp\/v2\/galerie"}],"about":[{"href":"https:\/\/contemporary-arts.de\/index.php\/wp-json\/wp\/v2\/types\/galerie"}],"author":[{"embeddable":true,"href":"https:\/\/contemporary-arts.de\/index.php\/wp-json\/wp\/v2\/users\/1"}],"wp:attachment":[{"href":"https:\/\/contemporary-arts.de\/index.php\/wp-json\/wp\/v2\/media?parent=38635"}],"wp:term":[{"taxonomy":"kuenstler","embeddable":true,"href":"https:\/\/contemporary-arts.de\/index.php\/wp-json\/wp\/v2\/kuenstler?post=38635"},{"taxonomy":"galerie_stadt","embeddable":true,"href":"https:\/\/contemporary-arts.de\/index.php\/wp-json\/wp\/v2\/galerie_stadt?post=38635"},{"taxonomy":"galerie_typ","embeddable":true,"href":"https:\/\/contemporary-arts.de\/index.php\/wp-json\/wp\/v2\/galerie_typ?post=38635"},{"taxonomy":"galerie_land","embeddable":true,"href":"https:\/\/contemporary-arts.de\/index.php\/wp-json\/wp\/v2\/galerie_land?post=38635"}],"curies":[{"name":"wp","href":"https:\/\/api.w.org\/{rel}","templated":true}]}}

Galerie Neukölln

<p>Galerie Neukölln ist eine Galerie in Berlin. Bestehend seit 2024, umfasst das Programm inzwischen 9 Künstlerinnen und Künstler.</p>

Karl-Marx-Straße 107
