{"id":38411,"date":"2026-09-06T10:57:36","date_gmt":"2026-09-06T10:57:36","guid":{"rendered":"https:\/\/contemporary-arts.de\/?post_type=galerie&#038;p=38411"},"modified":"2026-09-06T12:36:01","modified_gmt":"2026-09-06T12:36:01","slug":"galerie-max-hetzler-2","status":"publish","type":"galerie","link":"https:\/\/contemporary-arts.de\/index.php\/galerie\/galerie-max-hetzler-2\/","title":{"rendered":"Galerie Max Hetzler"},"content":{"rendered":"<p>Galerie Max Hetzler arbeitet als Galerie in Berlin. Zum Programm geh\u00f6ren 4 K\u00fcnstlerinnen und K\u00fcnstler.<\/p>\n","protected":false},"excerpt":{"rendered":"<p>Galerie Max Hetzler arbeitet als Galerie in Berlin. Zum Programm geh\u00f6ren 4 K\u00fcnstlerinnen und K\u00fcnstler.<\/p>\n","protected":false},"author":1,"featured_media":0,"template":"","meta":{"_acf_changed":false,"galerie_place_id":"ChIJ8xCn9K5RqEcRxvz-1HhQs9U","galerie_address":"Bleibtreustra\u00dfe 15\/16","galerie_city":"Berlin","galerie_zip":"10623","galerie_country":"DE","galerie_latitude":"52.50361","galerie_longitude":"13.31931","galerie_phone":"+4930346497850","galerie_url":"http:\/\/maxhetzler.com\/","galerie_domain":"maxhetzler.com","galerie_rating_value":"5","galerie_rating_count":"1","galerie_galerist":"","galerie_gruendung":"","galerie_artists_url":"http:\/\/maxhetzler.com\/news\/2026-08-05-thomas-struth-le-7-9-de-chanel-artist-talk-jeu-de-paume-paris-monday-21-september-2026-7-9pm","galerie_about_url":"","galerie_quelle_stadt":"Berlin","galerie_werk_typ":"","galerie_online_shop":"","galerie_werk_signale":"","galerie_ranking_score":"0","galerie_ranking_rang":"10081","galerie_claimed_by":""},"kuenstler":[10194,37520,2200,39112],"galerie_stadt":[48],"galerie_typ":[],"galerie_land":[49],"class_list":["post-38411","galerie","type-galerie","status-publish","hentry","kuenstler-data-protection","kuenstler-galerie-max-hetzler","kuenstler-learn-more","kuenstler-updated-data","galerie_stadt-berlin","galerie_land-de"],"acf":[],"_links":{"self":[{"href":"https:\/\/contemporary-arts.de\/index.php\/wp-json\/wp\/v2\/galerie\/38411","targetHints":{"allow":["GET"]}}],"collection":[{"href":"https:\/\/contemporary-arts.de\/index.php\/wp-json\/wp\/v2\/galerie"}],"about":[{"href":"https:\/\/contemporary-arts.de\/index.php\/wp-json\/wp\/v2\/types\/galerie"}],"author":[{"embeddable":true,"href":"https:\/\/contemporary-arts.de\/index.php\/wp-json\/wp\/v2\/users\/1"}],"wp:attachment":[{"href":"https:\/\/contemporary-arts.de\/index.php\/wp-json\/wp\/v2\/media?parent=38411"}],"wp:term":[{"taxonomy":"kuenstler","embeddable":true,"href":"https:\/\/contemporary-arts.de\/index.php\/wp-json\/wp\/v2\/kuenstler?post=38411"},{"taxonomy":"galerie_stadt","embeddable":true,"href":"https:\/\/contemporary-arts.de\/index.php\/wp-json\/wp\/v2\/galerie_stadt?post=38411"},{"taxonomy":"galerie_typ","embeddable":true,"href":"https:\/\/contemporary-arts.de\/index.php\/wp-json\/wp\/v2\/galerie_typ?post=38411"},{"taxonomy":"galerie_land","embeddable":true,"href":"https:\/\/contemporary-arts.de\/index.php\/wp-json\/wp\/v2\/galerie_land?post=38411"}],"curies":[{"name":"wp","href":"https:\/\/api.w.org\/{rel}","templated":true}]}}

<p>Galerie Max Hetzler arbeitet als Galerie in Berlin. Zum Programm gehören 4 Künstlerinnen und Künstler.</p>

Bleibtreustraße 15/16
