{"id":38297,"date":"2026-09-06T10:57:53","date_gmt":"2026-09-06T10:57:53","guid":{"rendered":"https:\/\/contemporary-arts.de\/?post_type=galerie&#038;p=38297"},"modified":"2026-09-06T12:36:34","modified_gmt":"2026-09-06T12:36:34","slug":"galerie-bastian","status":"publish","type":"galerie","link":"https:\/\/contemporary-arts.de\/index.php\/galerie\/galerie-bastian\/","title":{"rendered":"Galerie Bastian"},"content":{"rendered":"<p>Der Schwerpunkt von Galerie Bastian in Berlin liegt auf Zeichnung. Zum Programm geh\u00f6ren 26 K\u00fcnstlerinnen und K\u00fcnstler. Neben dem Programm vor Ort ist das Haus auf Kunstmessen vertreten.<\/p>\n","protected":false},"excerpt":{"rendered":"<p>Der Schwerpunkt von Galerie Bastian in Berlin liegt auf Zeichnung. Zum Programm geh\u00f6ren 26 K\u00fcnstlerinnen und K\u00fcnstler. Neben dem Programm vor Ort ist das Haus auf Kunstmessen vertreten.<\/p>\n","protected":false},"author":1,"featured_media":0,"template":"","meta":{"_acf_changed":false,"galerie_place_id":"ChIJYWKRS2JbqEcRPyM2F2cr98I","galerie_address":"Taylorstra\u00dfe 1","galerie_city":"Berlin","galerie_zip":"14195","galerie_country":"DE","galerie_latitude":"52.4539092","galerie_longitude":"13.2716992","galerie_phone":"+493080909220","galerie_url":"http:\/\/www.bastian-gallery.com\/","galerie_domain":"www.bastian-gallery.com","galerie_rating_value":"4.5","galerie_rating_count":"25","galerie_galerist":"","galerie_gruendung":"","galerie_artists_url":"https:\/\/www.bastian-gallery.com\/kuenstler\/","galerie_about_url":"https:\/\/www.bastian-gallery.com\/publikationen\/heiner-bastian-das-licht-ueber-der-see-bildlos\/","galerie_quelle_stadt":"Berlin","galerie_werk_typ":"","galerie_online_shop":"","galerie_werk_signale":"","galerie_ranking_score":"0","galerie_ranking_rang":"10296","galerie_claimed_by":""},"kuenstler":[1677,4159,40359,1672,3485,5221,8033,4933,29283,10199,5880,9655,1624,3140,40360,4150,2337,2217,1497,40361,8567,2080,2075,3812,18412,10940],"galerie_stadt":[48],"galerie_typ":[],"galerie_land":[49],"class_list":["post-38297","galerie","type-galerie","status-publish","hentry","kuenstler-andy-warhol","kuenstler-anselm-kiefer","kuenstler-cui-ruzhuo","kuenstler-cy-twombly","kuenstler-damien-hirst","kuenstler-dan-flavin","kuenstler-die-galerie","kuenstler-emil-nolde","kuenstler-emma-stibbon","kuenstler-erich-heckel","kuenstler-gabriele-muenter","kuenstler-inhalt-entsperren","kuenstler-jean-dubuffet","kuenstler-jeff-koons","kuenstler-john-pawson","kuenstler-joseph-beuys","kuenstler-max-liebermann","kuenstler-mehr-informationen","kuenstler-pablo-picasso","kuenstler-paul-wallach","kuenstler-pierre-auguste-renoir","kuenstler-robert-rauschenberg","kuenstler-roy-lichtenstein","kuenstler-sonia-delaunay","kuenstler-ulrich-erben","kuenstler-wim-wenders","galerie_stadt-berlin","galerie_land-de"],"acf":[],"_links":{"self":[{"href":"https:\/\/contemporary-arts.de\/index.php\/wp-json\/wp\/v2\/galerie\/38297","targetHints":{"allow":["GET"]}}],"collection":[{"href":"https:\/\/contemporary-arts.de\/index.php\/wp-json\/wp\/v2\/galerie"}],"about":[{"href":"https:\/\/contemporary-arts.de\/index.php\/wp-json\/wp\/v2\/types\/galerie"}],"author":[{"embeddable":true,"href":"https:\/\/contemporary-arts.de\/index.php\/wp-json\/wp\/v2\/users\/1"}],"wp:attachment":[{"href":"https:\/\/contemporary-arts.de\/index.php\/wp-json\/wp\/v2\/media?parent=38297"}],"wp:term":[{"taxonomy":"kuenstler","embeddable":true,"href":"https:\/\/contemporary-arts.de\/index.php\/wp-json\/wp\/v2\/kuenstler?post=38297"},{"taxonomy":"galerie_stadt","embeddable":true,"href":"https:\/\/contemporary-arts.de\/index.php\/wp-json\/wp\/v2\/galerie_stadt?post=38297"},{"taxonomy":"galerie_typ","embeddable":true,"href":"https:\/\/contemporary-arts.de\/index.php\/wp-json\/wp\/v2\/galerie_typ?post=38297"},{"taxonomy":"galerie_land","embeddable":true,"href":"https:\/\/contemporary-arts.de\/index.php\/wp-json\/wp\/v2\/galerie_land?post=38297"}],"curies":[{"name":"wp","href":"https:\/\/api.w.org\/{rel}","templated":true}]}}

<p>Der Schwerpunkt von Galerie Bastian in Berlin liegt auf Zeichnung. Zum Programm gehören 26 Künstlerinnen und Künstler. Neben dem Programm vor Ort ist das Haus auf Kunstmessen vertreten.</p>

Taylorstraße 1
